000
CXUS51 KRLX 011224
CF6PKB
PRELIMINARY LOCAL CLIMATOLOGICAL DATA (WS FORM: F-6)
STATION: PARKERSBURG WV
MONTH: NOVEMBER
YEAR: 2021
LATITUDE: 39 20 N
LONGITUDE: 81 26 W
TEMPERATURE IN F: :PCPN: SNOW: WIND :SUNSHINE: SKY :PK WND
================================================================================
1 2 3 4 5 6A 6B 7 8 9 10 11 12 13 14 15 16 17 18
12Z AVG MX 2MIN
DY MAX MIN AVG DEP HDD CDD WTR SNW DPTH SPD SPD DIR MIN PSBL S-S WX SPD DR
================================================================================
1 57 41 49 -1 16 0 0.00 M M 3.5 13 240 M M 5 17 240
2 50 32 41 -8 24 0 0.02 M M 4.6 14 300 M M 8 18 280
3 51 27 39 -10 26 0 0.00 M M 1.3 9 10 M M 1 1 16 50
4 52 25 39 -9 26 0 0.00 M M 1.4 10 310 M M 1 12 14 310
5 51 24 38 -10 27 0 0.00 M M 1.6 8 40 M M 0 1 13 110
6 59 26 43 -5 22 0 0.00 M M 1.0 8 300 M M 3 128 10 310
7 61 26 44 -4 21 0 0.00 M M 0.7 8 270 M M 0 18 11 270
8 67 30 49 2 16 0 0.00 M M 2.2 9 190 M M 0 13 190
9 71 34 53 6 12 0 T M M 4.4 14 210 M M 1 1 19 210
10 68 47 58 12 7 0 T M M 1.3 8 170 M M 3 1 12 100
11 74 41 58 12 7 0 0.61 M M 6.6 26 280 M M 3 18 40 270
12 59 42 51 5 14 0 0.01 M M 8.0 22 210 M M 6 33 210
13 46 34 40 -5 25 0 0.10 M M 8.5 18 290 M M 10 1 24 270
14 41 34 38 -7 27 0 0.24 M M 8.6 25 270 M M 10 1 35 270
15 42 34 38 -7 27 0 T M M 7.7 16 250 M M 9 1 25 270
16 56 37 47 3 18 0 0.00 M M 1.9 8 80 M M 4 11 50
17 71 40 56 12 9 0 0.00 M M 8.1 22 210 M M 5 31 210
18 64 37 51 7 14 0 0.11 M M 8.2 25 300 M M 7 18 36 300
19 43 26 35 -9 30 0 0.00 M M 4.9 20 280 M M 2 29 280
20 52 24 38 -5 27 0 T M M 3.4 12 160 M M 2 8 15 160
21 52 33 43 0 22 0 0.32 M M 4.5 13 280 M M 7 1 18 290
22 46 29 38 -4 27 0 0.00 M M 7.8 17 300 M M 4 25 290
23 41 23 32 -10 33 0 0.00 M M 3.9 14 270 M M 1 21 240
24 49 21 35 -7 30 0 0.00 M M 3.2 12 190 M M 0 8 14 200
25 50 43 47 5 18 0 0.12 M M 8.1 17 210 M M 10 1 24 210
26 43 29 36 -5 29 0 0.01 M M 10.2 21 280 M M 10 1 34 270
27 40 25 33 -8 32 0 0.00 M M 4.5 10 190 M M 9 13 150
28 45 31 38 -3 27 0 T M M 8.9 20 290 M M 7 25 320
29 43 27 35 -5 30 0 0.00 M M 4.8 13 280 M M 3 17 250
30 53 35 44 4 21 0 T M M 8.1 17 270 M M 3 25 270
================================================================================
SM 1597 957 664 0 1.54 M 151.9 M 134
================================================================================
AV 53.2 31.9 5.1 FASTST M M 4 MAX(MPH)
MISC ----> 26 280 40 270
================================================================================
NOTES:
# LAST OF SEVERAL OCCURRENCES
COLUMN 17 PEAK WIND IN M.P.H.
PRELIMINARY LOCAL CLIMATOLOGICAL DATA (WS FORM: F-6) , PAGE 2
STATION: PARKERSBURG WV
MONTH: NOVEMBER
YEAR: 2021
LATITUDE: 39 20 N
LONGITUDE: 81 26 W
[TEMPERATURE DATA] [PRECIPITATION DATA] SYMBOLS USED IN COLUMN 16
AVERAGE MONTHLY: 42.6 TOTAL FOR MONTH: 1.54 1 = FOG OR MIST
DPTR FM NORMAL: -2.1 DPTR FM NORMAL: -1.34 2 = FOG REDUCING VISIBILITY
HIGHEST: 74 ON 11 GRTST 24HR 0.62 ON 11-12 TO 1/4 MILE OR LESS
LOWEST: 21 ON 24 3 = THUNDER
SNOW, ICE PELLETS, HAIL 4 = ICE PELLETS
TOTAL MONTH: M 5 = HAIL
GRTST 24HR M ON M 6 = FREEZING RAIN OR DRIZZLE
GRTST DEPTH: M ON M 7 = DUSTSTORM OR SANDSTORM:
VSBY 1/2 MILE OR LESS
8 = SMOKE OR HAZE
[NO. OF DAYS WITH] [WEATHER - DAYS WITH] 9 = BLOWING SNOW
X = TORNADO
MAX 32 OR BELOW: 0 0.01 INCH OR MORE: 9
MAX 90 OR ABOVE: 0 0.10 INCH OR MORE: 6
MIN 32 OR BELOW: 16 0.50 INCH OR MORE: 1
MIN 0 OR BELOW: 0 1.00 INCH OR MORE: 0
[HDD (BASE 65) ]
TOTAL THIS MO. 664 CLEAR (SCALE 0-3) 13
DPTR FM NORMAL 54 PTCLDY (SCALE 4-7) 11
TOTAL FM JUL 1 849 CLOUDY (SCALE 8-10) 6
DPTR FM NORMAL -145
[CDD (BASE 65) ]
TOTAL THIS MO. 0
DPTR FM NORMAL -1 [PRESSURE DATA]
TOTAL FM JAN 1 1180 HIGHEST SLP 30.56 ON 19
DPTR FM NORMAL 182 LOWEST SLP 29.75 ON 11
[REMARKS]
#FINAL-11-21#