000
CXUS51 KRLX 011845
CF6PKB
PRELIMINARY LOCAL CLIMATOLOGICAL DATA (WS FORM: F-6)
STATION: PARKERSBURG WV
MONTH: NOVEMBER
YEAR: 2023
LATITUDE: 39 20 N
LONGITUDE: 81 26 W
TEMPERATURE IN F: :PCPN: SNOW: WIND :SUNSHINE: SKY :PK WND
================================================================================
1 2 3 4 5 6A 6B 7 8 9 10 11 12 13 14 15 16 17 18
12Z AVG MX 2MIN
DY MAX MIN AVG DEP HDD CDD WTR SNW DPTH SPD SPD DIR MIN PSBL S-S WX SPD DR
================================================================================
1 46 26 36 -14 29 0 0.00 M M 5.6 15 290 M M 4 23 290
2 51 23 37 -12 28 0 0.00 M M 3.5 13 190 M M 0 18 200
3 62 29 46 -3 19 0 0.00 M M 4.9 16 180 M M 0 20 190
4 68 37 53 5 12 0 0.00 M M 5.2 16 190 M M 1 21 190
5 64 40 52 4 13 0 0.00 M M 2.4 9 320 M M 1 13 330
6 69 33 51 3 14 0 0.00 M M 5.9 17 200 M M 1 12 26 210
7 74 50 62 14 3 0 0.00 M M 7.8 18 290 M M 3 24 280
8 74 39 57 10 8 0 0.00 M M 6.2 13 170 M M 0 18 160
9 69 42 56 9 9 0 0.32 M M 7.1 16 320 M M 4 18 23 320
10 54 39 47 1 18 0 T M M 5.6 14 200 M M 4 19 170
11 55 30 43 -3 22 0 0.00 M M 2.8 9 300 M M 1 13 290
12 57 32 45 -1 20 0 0.00 M M 3.5 12 30 M M 0 16 20
13 64 28 46 1 19 0 0.00 M M 4.2 16 290 M M 0 1 26 290
14 59 28 44 -1 21 0 0.00 M M 0.1 6 40 M M 0 9 310
15 69 29 49 4 16 0 0.00 M M 2.6 15 210 M M 0 19 200
16 70 32 51 7 14 0 0.00 M M 2.8 9 170 M M 0 13 170
17 68 49 59 15 6 0 0.83 M M 7.6 17 290 M M 8 1 23 290
18 51 31 41 -3 24 0 0.00 M M 4.9 17 320 M M 3 24 310
19 56 27 42 -2 23 0 0.00 M M 1.8 10 180 M M 0 13 270
20 53 30 42 -1 23 0 0.00 M M 5.1 12 80 M M 1 16 90
21 51 44 48 5 17 0 0.90 M M 4.6 15 290 M M 9 1 21 280
22 50 36 43 1 22 0 0.01 M M 6.7 18 290 M M 9 1 25 290
23 46 30 38 -4 27 0 0.00 M M 4.1 14 210 M M 4 1 20 180
24 48 26 37 -5 28 0 0.00 M M 4.5 12 320 M M 3 12 22 300
25 47 26 37 -5 28 0 0.00 M M 3.2 10 90 M M 0 14 80
26 52 29 41 0 24 0 0.10 M M 4.6 14 270 M M 6 1 20 250
27 45 32 39 -2 26 0 0.01 M M 10.0 23 290 M M 10 1 33 300
28 33 18 26 -15 39 0 T M M 9.1 23 290 M M 8 34 290
29 42 15 29 -11 36 0 0.00 M M 4.9 15 220 M M 1 20 230
30 59 31 45 5 20 0 0.00 M M 6.9 17 200 M M 2 27 210
================================================================================
SM 1706 961 608 0 2.17 M 148.2 M 83
================================================================================
AV 56.9 32.0 4.9 FASTST M M 3 MAX(MPH)
MISC ----> # 23 290 34 290
================================================================================
NOTES:
# LAST OF SEVERAL OCCURRENCES
COLUMN 17 PEAK WIND IN M.P.H.
PRELIMINARY LOCAL CLIMATOLOGICAL DATA (WS FORM: F-6) , PAGE 2
STATION: PARKERSBURG WV
MONTH: NOVEMBER
YEAR: 2023
LATITUDE: 39 20 N
LONGITUDE: 81 26 W
[TEMPERATURE DATA] [PRECIPITATION DATA] SYMBOLS USED IN COLUMN 16
AVERAGE MONTHLY: 44.4 TOTAL FOR MONTH: 2.17 1 = FOG OR MIST
DPTR FM NORMAL: -0.3 DPTR FM NORMAL: -0.71 2 = FOG REDUCING VISIBILITY
HIGHEST: 74 ON 8, 7 GRTST 24HR 0.90 ON 21-21 TO 1/4 MILE OR LESS
LOWEST: 15 ON 29 3 = THUNDER
SNOW, ICE PELLETS, HAIL 4 = ICE PELLETS
TOTAL MONTH: M 5 = HAIL
GRTST 24HR M ON M 6 = FREEZING RAIN OR DRIZZLE
GRTST DEPTH: M ON M 7 = DUSTSTORM OR SANDSTORM:
VSBY 1/2 MILE OR LESS
8 = SMOKE OR HAZE
[NO. OF DAYS WITH] [WEATHER - DAYS WITH] 9 = BLOWING SNOW
X = TORNADO
MAX 32 OR BELOW: 0 0.01 INCH OR MORE: 6
MAX 90 OR ABOVE: 0 0.10 INCH OR MORE: 4
MIN 32 OR BELOW: 20 0.50 INCH OR MORE: 2
MIN 0 OR BELOW: 0 1.00 INCH OR MORE: 0
[HDD (BASE 65) ]
TOTAL THIS MO. 608 CLEAR (SCALE 0-3) 19
DPTR FM NORMAL -2 PTCLDY (SCALE 4-7) 7
TOTAL FM JUL 1 893 CLOUDY (SCALE 8-10) 4
DPTR FM NORMAL -101
[CDD (BASE 65) ]
TOTAL THIS MO. 0
DPTR FM NORMAL -1 [PRESSURE DATA]
TOTAL FM JAN 1 823 HIGHEST SLP 30.52 ON 2
DPTR FM NORMAL -175 LOWEST SLP 29.75 ON 9
[REMARKS]
#FINAL-11-23#