000
CXUS53 KAPX 180730
CF6PLN
PRELIMINARY LOCAL CLIMATOLOGICAL DATA (WS FORM: F-6)
STATION: PELLSTON
MONTH: APRIL
YEAR: 2024
LATITUDE: 45 34 N
LONGITUDE: 84 48 W
TEMPERATURE IN F: :PCPN: SNOW: WIND :SUNSHINE: SKY :PK WND
================================================================================
1 2 3 4 5 6A 6B 7 8 9 10 11 12 13 14 15 16 17 18
12Z AVG MX 2MIN
DY MAX MIN AVG DEP HDD CDD WTR SNW DPTH SPD SPD DIR MIN PSBL S-S WX SPD DR
================================================================================
1 46 29 38 5 27 0 0.00 M M 7.0 17 90 M M 2 24 90
2 49 32 41 7 24 0 0.54 M M 17.8 35 90 M M 5 1 50 100
3 45 35 40 6 25 0 0.17 M M 12.2 26 70 M M 10 1 38 60
4 41 33 37 2 28 0 0.14 M M 9.7 20 60 M M 10 1 29 40
5 51 28 40 5 25 0 0.00 M M 11.4 23 20 M M 4 36 360
6 57 25 41 6 24 0 0.00 M M 6.5 14 320 M M 1 18 330
7 59 20 40 4 25 0 0.00 M M 7.8 23 70 M M 0 31 80
8 68 40 54 18 11 0 0.04 M M 7.7 22 140 M M 5 31 140
9 64 35 50 13 15 0 0.05 M M 7.8 20 280 M M 4 29 290
10 66 32 49 12 16 0 0.00 M M 5.9 20 240 M M 2 30 240
11 56 36 46 8 19 0 0.11 M M 5.5 17 350 M M 7 24 340
12 47 39 43 5 22 0 0.55 M M 23.9 35 320 M M 8 1 55 330
13 52 38 45 7 20 0 T M M 11.2 23 270 M M 3 35 290
14 63 35 49 10 16 0 0.13 M M 8.2 26 320 M M 3 12 32 330
15 63 27 45 6 20 0 0.00 M M 7.4 21 310 M M 1 29 310
16 62 24 43 3 22 0 0.03 M M 9.3 23 100 M M 0 34 100
17 50 42 46 6 19 0 0.38 M M 13.5 23 130 M M 10 1 39 100
================================================================================
SM 939 550 358 0 2.14 M 172.8 M 75
================================================================================
AV 55.2 32.4 10.2 FASTST M M 4 MAX(MPH)
MISC ----> # 35 90 55 330
================================================================================
NOTES:
# LAST OF SEVERAL OCCURRENCES
COLUMN 17 PEAK WIND IN M.P.H.
PRELIMINARY LOCAL CLIMATOLOGICAL DATA (WS FORM: F-6) , PAGE 2
STATION: PELLSTON
MONTH: APRIL
YEAR: 2024
LATITUDE: 45 34 N
LONGITUDE: 84 48 W
[TEMPERATURE DATA] [PRECIPITATION DATA] SYMBOLS USED IN COLUMN 16
AVERAGE MONTHLY: 43.8 TOTAL FOR MONTH: 2.14 1 = FOG OR MIST
DPTR FM NORMAL: 7.1 DPTR FM NORMAL: 0.83 2 = FOG REDUCING VISIBILITY
HIGHEST: 68 ON 8 GRTST 24HR 0.71 ON 2- 3 TO 1/4 MILE OR LESS
LOWEST: 20 ON 7 3 = THUNDER
SNOW, ICE PELLETS, HAIL 4 = ICE PELLETS
TOTAL MONTH: M 5 = HAIL
GRTST 24HR M ON M 6 = FREEZING RAIN OR DRIZZLE
GRTST DEPTH: M ON M 7 = DUSTSTORM OR SANDSTORM:
VSBY 1/2 MILE OR LESS
8 = SMOKE OR HAZE
[NO. OF DAYS WITH] [WEATHER - DAYS WITH] 9 = BLOWING SNOW
X = TORNADO
MAX 32 OR BELOW: 0 0.01 INCH OR MORE: 10
MAX 90 OR ABOVE: 0 0.10 INCH OR MORE: 7
MIN 32 OR BELOW: 8 0.50 INCH OR MORE: 2
MIN 0 OR BELOW: 0 1.00 INCH OR MORE: 0
[HDD (BASE 65) ]
TOTAL THIS MO. 358 CLEAR (SCALE 0-3) 6
DPTR FM NORMAL -124 PTCLDY (SCALE 4-7) 8
TOTAL FM JUL 1 6206 CLOUDY (SCALE 8-10) 3
DPTR FM NORMAL -1348
[CDD (BASE 65) ]
TOTAL THIS MO. 0
DPTR FM NORMAL 0 [PRESSURE DATA]
TOTAL FM JAN 1 0 HIGHEST SLP M ON M
DPTR FM NORMAL 0 LOWEST SLP 29.22 ON 3
[REMARKS]