000
CXUS54 KOUN 010810
CF6PNC
PRELIMINARY LOCAL CLIMATOLOGICAL DATA (WS FORM: F-6)
STATION: PONCA CITY
MONTH: APRIL
YEAR: 2021
LATITUDE: 36 44 N
LONGITUDE: 97 6 W
TEMPERATURE IN F: :PCPN: SNOW: WIND :SUNSHINE: SKY :PK WND
================================================================================
1 2 3 4 5 6A 6B 7 8 9 10 11 12 13 14 15 16 17 18
12Z AVG MX 2MIN
DY MAX MIN AVG DEP HDD CDD WTR SNW DPTH SPD SPD DIR MIN PSBL S-S WX SPD DR
================================================================================
1 64 29 47 -7 18 0 0.00 M M 8.2 17 140 M M 0 8 23 120
2 72 45 59 5 6 0 0.00 M M 14.5 23 160 M M 1 31 160
3 78 51 65 11 0 0 0.00 M M 11.5 18 210 M M 0 26 150
4 78 53 66 11 0 1 0.00 M M 9.5 18 170 M M 1 25 160
5 82 58 70 15 0 5 0.00 M M 14.3 25 160 M M 1 35 200
6 79 62 71 16 0 6 0.01 M M 20.6 31 160 M M 4 3 39 160
7 71 47 59 3 6 0 0.00 M M 12.0 25 160 M M 7 33 160
8 78 44 61 5 4 0 0.00 M M 9.2 21 270 M M 0 31 300
9 80 45 63 7 2 0 T M M 10.4 38 340 M M 2 38 55 340
10 69 41 55 -2 10 0 0.00 M M 8.5 21 320 M M 3 31 340
11 84 37 61 4 4 0 0.00 M M 8.4 20 210 M M 0 27 210
12 65 43 54 -3 11 0 0.00 M M 14.5 24 40 M M 1 32 20
13 68 37 53 -5 12 0 0.00 M M 12.5 24 30 M M 0 30 50
14 68 39 54 -4 11 0 0.04 M M 7.6 17 50 M M 4 23 70
15 59 46 53 -5 12 0 0.08 M M 8.6 15 60 M M 10 21 70
16 51 44 48 -10 17 0 0.46 M M 11.0 21 360 M M 10 13 26 340
17 55 37 46 -13 19 0 0.00 M M 7.8 17 10 M M 8 24 10
18 65 40 53 -6 12 0 0.03 M M 4.3 14 350 M M 4 1 19 330
19 76 35 56 -4 9 0 T M M 9.2 25 20 M M 0 32 40
20 52 32 42 -18 23 0 T M M 13.8 25 360 M M 5 8 32 350
21 59 29 44 -16 21 0 0.00 M M 5.0 15 330 M M 0 21 320
22 59 41 50 -10 15 0 0.09 M M 10.7 21 150 M M 5 8 27 140
23 65 48 57 -4 8 0 0.58 M M 9.3 24 110 M M 10 138 27 110
24 71 50 61 0 4 0 0.00 M M 9.4 23 10 M M 4 1 27 10
25 80 51 66 5 0 1 0.00 M M 15.5 28 160 M M 0 38 160
26 85 65 75 13 0 10 0.00 0.0 M 16.1 24 170 M M 0 33 170
27 78 67 73 11 0 8 0.00 M M 11.8 24 150 M M 2 28 150
28 80 60 70 8 0 5 0.24 0.0 M 8.7 20 350 M M 7 1 27 340
29 79 53 66 3 0 1 0.00 M M 9.7 21 10 M M 0 26 10
30 80 47 64 1 1 0 0.00 M M 3.0 12 210 M M 0 15 210
================================================================================
SM 2130 1376 225 37 1.53 0.0 315.6 M 89
================================================================================
AV 71.0 45.9 10.5 FASTST M M 3 MAX(MPH)
MISC ----> 38 340 55 340
================================================================================
NOTES:
# LAST OF SEVERAL OCCURRENCES
COLUMN 17 PEAK WIND IN M.P.H.
PRELIMINARY LOCAL CLIMATOLOGICAL DATA (WS FORM: F-6) , PAGE 2
STATION: PONCA CITY
MONTH: APRIL
YEAR: 2021
LATITUDE: 36 44 N
LONGITUDE: 97 6 W
[TEMPERATURE DATA] [PRECIPITATION DATA] SYMBOLS USED IN COLUMN 16
AVERAGE MONTHLY: 58.4 TOTAL FOR MONTH: 1.53 1 = FOG OR MIST
DPTR FM NORMAL: 0.0 DPTR FM NORMAL: -1.91 2 = FOG REDUCING VISIBILITY
HIGHEST: 85 ON 26 GRTST 24HR 0.58 ON 23-23 TO 1/4 MILE OR LESS
LOWEST: 29 ON 21, 1 3 = THUNDER
SNOW, ICE PELLETS, HAIL 4 = ICE PELLETS
TOTAL MONTH: 0.0 INCH 5 = HAIL
GRTST 24HR 0.0 6 = FREEZING RAIN OR DRIZZLE
GRTST DEPTH: M ON M 7 = DUSTSTORM OR SANDSTORM:
VSBY 1/2 MILE OR LESS
8 = SMOKE OR HAZE
[NO. OF DAYS WITH] [WEATHER - DAYS WITH] 9 = BLOWING SNOW
X = TORNADO
MAX 32 OR BELOW: 0 0.01 INCH OR MORE: 8
MAX 90 OR ABOVE: 0 0.10 INCH OR MORE: 3
MIN 32 OR BELOW: 3 0.50 INCH OR MORE: 1
MIN 0 OR BELOW: 0 1.00 INCH OR MORE: 0
[HDD (BASE 65) ]
TOTAL THIS MO. 225 CLEAR (SCALE 0-3) 17
DPTR FM NORMAL -15 PTCLDY (SCALE 4-7) 10
TOTAL FM JUL 1 3862 CLOUDY (SCALE 8-10) 3
DPTR FM NORMAL -171
[CDD (BASE 65) ]
TOTAL THIS MO. 37
DPTR FM NORMAL -3 [PRESSURE DATA]
TOTAL FM JAN 1 46 HIGHEST SLP M ON M
DPTR FM NORMAL -1 LOWEST SLP 29.51 ON 7
[REMARKS]
#FINAL-04-21#