000
CXUS55 KALY 141409
CF6POU
PRELIMINARY LOCAL CLIMATOLOGICAL DATA (WS FORM: F-6)
STATION: POUGHKEEPSIE NY
MONTH: JANUARY
YEAR: 2022
LATITUDE: 41 37 N
LONGITUDE: 73 53 W
TEMPERATURE IN F: :PCPN: SNOW: WIND :SUNSHINE: SKY :PK WND
================================================================================
1 2 3 4 5 6A 6B 7 8 9 10 11 12 13 14 15 16 17 18
12Z AVG MX 2MIN
DY MAX MIN AVG DEP HDD CDD WTR SNW DPTH SPD SPD DIR MIN PSBL S-S WX SPD DR
================================================================================
1 54 46 50 21 15 0 0.21 M M 1.2 6 160 M M 10 12 9 120
2 50 31 41 13 24 0 0.06 M M 5.9 14 360 M M 8 12 18 360
3 32 17 25 -3 40 0 0.00 M M 10.8 21 20 M M 0 29 10
4 33 12 23 -5 42 0 0.00 M M 2.0 10 250 M M 0 1 12 250
5 38 22 30 2 35 0 0.01 M M 1.5 10 150 M M 6 1268 15 160
6 37 24 31 3 34 0 0.00 M M 4.4 16 290 M M 3 128 22 270
7 34 22 28 0 37 0 0.13 M M 9.3 22 300 M M 7 128 30 300
8 29 6 18 -10 47 0 0.00 M M 2.6 17 310 M M 1 8 22 280
9 37 14 26 -2 39 0 0.20 M M 4.7 13 260 M M 9 168 17 260
10 37 17 27 0 38 0 0.00 M M 9.6 21 250 M M 2 29 290
11 21 7 14 -13 51 0 0.00 M M 6.5 18 310 M M 1 8 26 320
12 35 10 23 -4 42 0 0.00 M M 4.3 13 230 M M 2 8 19 180
13 44 25 35 8 30 0 0.00 M M 0.1 5 250 M M 4 18 6 250
14 38 13 26 -1 39 0 0.00 M M 10.7 26 360 M M 2 18 37 30
15 14 3 9 -18 56 0 0.00 M M 9.7 22 10 M M 0 32 350
16 26 0 13 -14 52 0 0.11 M M 3.4 10 350 M M 3 1 13 350
17 42 26 34 7 31 0 0.40 M M 10.2 23 280 M M 10 18 29 270
18 34 18 26 -1 39 0 0.00 M M 11.3 28 290 M M 5 39 280
19 45 17 31 4 34 0 0.00 M M 3.3 13 220 M M 2 18 22 170
20 40 14 27 0 38 0 0.09 M M 7.6 18 30 M M 5 128 22 30
21 18 6 12 -14 53 0 0.00 M M 8.5 16 20 M M 0 21 20
22 23 1 12 -14 53 0 0.00 M M 1.0 8 30 M M 0 18 10 20
23 33 12 23 -3 42 0 T M M 4.3 14 230 M M 5 18 19 230
24 31 22 27 1 38 0 0.01 M M 4.0 15 20 M M 8 18 19 30
25 39 22 31 5 34 0 0.00 M M 4.6 16 270 M M 6 18 21 300
26 26 8 17 -9 48 0 0.00 M M 4.6 15 320 M M 1 20 320
27 30 1 16 -10 49 0 0.00 M M 2.4 15 160 M M 1 8 22 220
28 32 20 26 -1 39 0 0.06 M M 2.8 20 10 M M 10 18 30 350
29 20 9 15 -12 50 0 0.19 M M 12.6 24 10 M M 8 18 33 360
30 25 -3 11 -16 54 0 0.00 M M 2.9 14 270 M M 0 8 16 270
31 31 -2 15 -12 50 0 0.00 M M 0.3 6 290 M M 0 18 7 240
================================================================================
SM 1028 440 1273 0 1.47 M 167.1 M 119
================================================================================
AV 33.2 14.2 5.4 FASTST M M 4 MAX(MPH)
MISC ----> 28 290 39 280
================================================================================
NOTES:
# LAST OF SEVERAL OCCURRENCES
COLUMN 17 PEAK WIND IN M.P.H.
PRELIMINARY LOCAL CLIMATOLOGICAL DATA (WS FORM: F-6) , PAGE 2
STATION: POUGHKEEPSIE NY
MONTH: JANUARY
YEAR: 2022
LATITUDE: 41 37 N
LONGITUDE: 73 53 W
[TEMPERATURE DATA] [PRECIPITATION DATA] SYMBOLS USED IN COLUMN 16
AVERAGE MONTHLY: 23.7 TOTAL FOR MONTH: 1.47 1 = FOG OR MIST
DPTR FM NORMAL: -3.4 DPTR FM NORMAL: -1.35 2 = FOG REDUCING VISIBILITY
HIGHEST: 54 ON 1 GRTST 24HR 0.40 ON 17-17 TO 1/4 MILE OR LESS
LOWEST: -3 ON 30 3 = THUNDER
SNOW, ICE PELLETS, HAIL 4 = ICE PELLETS
TOTAL MONTH: M 5 = HAIL
GRTST 24HR M ON M 6 = FREEZING RAIN OR DRIZZLE
GRTST DEPTH: M ON M 7 = DUSTSTORM OR SANDSTORM:
VSBY 1/2 MILE OR LESS
8 = SMOKE OR HAZE
[NO. OF DAYS WITH] [WEATHER - DAYS WITH] 9 = BLOWING SNOW
X = TORNADO
MAX 32 OR BELOW: 14 0.01 INCH OR MORE: 11
MAX 90 OR ABOVE: 0 0.10 INCH OR MORE: 6
MIN 32 OR BELOW: 30 0.50 INCH OR MORE: 0
MIN 0 OR BELOW: 3 1.00 INCH OR MORE: 0
[HDD (BASE 65) ]
TOTAL THIS MO. 1273 CLEAR (SCALE 0-3) 15
DPTR FM NORMAL 98 PTCLDY (SCALE 4-7) 11
TOTAL FM JUL 1 3107 CLOUDY (SCALE 8-10) 5
DPTR FM NORMAL -305
[CDD (BASE 65) ]
TOTAL THIS MO. 0
DPTR FM NORMAL 0 [PRESSURE DATA]
TOTAL FM JAN 1 0 HIGHEST SLP 30.62 ON 21
DPTR FM NORMAL 0 LOWEST SLP 29.01 ON 17
[REMARKS]
#FINAL-01-22#