000
CXUS55 KALY 010810
CF6POU
PRELIMINARY LOCAL CLIMATOLOGICAL DATA (WS FORM: F-6)
STATION: POUGHKEEPSIE NY
MONTH: JANUARY
YEAR: 2024
LATITUDE: 41 37 N
LONGITUDE: 73 53 W
TEMPERATURE IN F: :PCPN: SNOW: WIND :SUNSHINE: SKY :PK WND
================================================================================
1 2 3 4 5 6A 6B 7 8 9 10 11 12 13 14 15 16 17 18
12Z AVG MX 2MIN
DY MAX MIN AVG DEP HDD CDD WTR SNW DPTH SPD SPD DIR MIN PSBL S-S WX SPD DR
================================================================================
1 42 26 34 5 31 0 0.00 M M 1.9 9 310 M M 7 1 12 320
2 41 20 31 3 34 0 0.00 M M 0.6 8 250 M M 0 10 330
3 39 21 30 2 35 0 0.00 M M 2.0 9 240 M M 5 12 240
4 44 21 33 5 32 0 T M M 6.0 18 330 M M 7 29 310
5 38 16 27 -1 38 0 0.00 M M 1.8 12 270 M M 3 16 250
6 33 18 26 -2 39 0 0.41 M M 3.5 10 60 M M 5 12 19 110
7 34 22 28 0 37 0 0.33 M M 6.5 12 360 M M 10 12 18 330
8 41 17 29 1 36 0 0.00 M M 1.9 12 290 M M 3 18 16 280
9 51 14 33 5 32 0 1.72 M M 5.7 21 120 M M 5 18 32 120
10 56 42 49 22 16 0 0.33 M M 11.8 25 240 M M 9 1 40 260
11 43 34 39 12 26 0 0.00 M M 5.8 16 240 M M 9 24 250
12 49 27 38 11 27 0 0.03 M M 5.5 22 110 M M 3 32 110
13 59 34 47 20 18 0 0.34 M M 14.5 31 120 M M 9 18 47 110
14 39 23 31 4 34 0 T M M 12.0 31 260 M M 4 55 240
15 29 17 23 -4 42 0 T M M 4.6 12 210 M M 3 1 18 250
16 25 18 22 -5 43 0 0.12 M M 5.4 15 320 M M 9 129 22 340
17 23 9 16 -11 49 0 0.00 M M 8.3 20 260 M M 0 28 250
18 27 14 21 -6 44 0 T M M 4.6 14 260 M M 3 8 19 210
19 26 15 21 -6 44 0 0.02 M M 3.8 14 350 M M 7 18 19 350
20 22 11 17 -10 48 0 0.00 M M 6.8 17 290 M M 5 8 27 290
21 29 1 15 -11 50 0 0.00 M M 3.2 14 330 M M 0 1 22 340
22 36 4 20 -6 45 0 0.00 M M 4.1 13 230 M M 3 19 240
23 38 32 35 9 30 0 0.05 M M 2.0 14 220 M M 8 18 22 220
24 37 33 35 9 30 0 0.52 M M 0.2 6 160 M M 10 12 11 170
25 52 35 44 18 21 0 0.11 M M 1.8 9 230 M M 8 1 14 220
26 43 39 41 15 24 0 0.38 M M 1.8 13 110 M M 10 12 18 120
27 44 37 41 15 24 0 0.00 M M 2.4 10 10 M M 10 1 14 10
28 40 33 37 10 28 0 0.92 M M 6.0 13 10 M M 10 1 19 350
29 36 32 34 7 31 0 T M M 9.1 16 360 M M 10 1 25 360
30 36 31 34 7 31 0 0.00 M M 2.0 8 160 M M 10 12 140
31 36 32 34 7 31 0 0.00 M M 3.1 8 190 M M 10 8 12 190
================================================================================
SM 1188 728 1050 0 5.28 M 148.7 M 195
================================================================================
AV 38.3 23.5 4.8 FASTST M M 6 MAX(MPH)
MISC ----> # 31 120 55 240
================================================================================
NOTES:
# LAST OF SEVERAL OCCURRENCES
COLUMN 17 PEAK WIND IN M.P.H.
PRELIMINARY LOCAL CLIMATOLOGICAL DATA (WS FORM: F-6) , PAGE 2
STATION: POUGHKEEPSIE NY
MONTH: JANUARY
YEAR: 2024
LATITUDE: 41 37 N
LONGITUDE: 73 53 W
[TEMPERATURE DATA] [PRECIPITATION DATA] SYMBOLS USED IN COLUMN 16
AVERAGE MONTHLY: 30.9 TOTAL FOR MONTH: 5.28 1 = FOG OR MIST
DPTR FM NORMAL: 3.8 DPTR FM NORMAL: 2.46 2 = FOG REDUCING VISIBILITY
HIGHEST: 59 ON 13 GRTST 24HR 1.72 ON 9- 9 TO 1/4 MILE OR LESS
LOWEST: 1 ON 21 3 = THUNDER
SNOW, ICE PELLETS, HAIL 4 = ICE PELLETS
TOTAL MONTH: M 5 = HAIL
GRTST 24HR M ON M 6 = FREEZING RAIN OR DRIZZLE
GRTST DEPTH: M ON M 7 = DUSTSTORM OR SANDSTORM:
VSBY 1/2 MILE OR LESS
8 = SMOKE OR HAZE
[NO. OF DAYS WITH] [WEATHER - DAYS WITH] 9 = BLOWING SNOW
X = TORNADO
MAX 32 OR BELOW: 7 0.01 INCH OR MORE: 13
MAX 90 OR ABOVE: 0 0.10 INCH OR MORE: 10
MIN 32 OR BELOW: 23 0.50 INCH OR MORE: 3
MIN 0 OR BELOW: 0 1.00 INCH OR MORE: 1
[HDD (BASE 65) ]
TOTAL THIS MO. 1050 CLEAR (SCALE 0-3) 7
DPTR FM NORMAL -125 PTCLDY (SCALE 4-7) 12
TOTAL FM JUL 1 2975 CLOUDY (SCALE 8-10) 12
DPTR FM NORMAL -437
[CDD (BASE 65) ]
TOTAL THIS MO. 0
DPTR FM NORMAL 0 [PRESSURE DATA]
TOTAL FM JAN 1 0 HIGHEST SLP 30.55 ON 22
DPTR FM NORMAL 0 LOWEST SLP 28.93 ON 10
[REMARKS]
#FINAL-01-24#