000
CXUS51 KALY 011748
CLAPOU
CLIMATE REPORT
NATIONAL WEATHER SERVICE ALBANY NY
1248 PM EST MON JAN 01 2024
...................................
...THE POUGHKEEPSIE NY CLIMATE SUMMARY FOR THE YEAR OF 2023...
CLIMATE NORMAL PERIOD: 1991 TO 2020
CLIMATE RECORD PERIOD: 1931 TO 2023
WEATHER OBSERVED NORMAL DEPART LAST YEAR`S
VALUE DATE(S) VALUE FROM VALUE DATE(S)
NORMAL
................................................................
TEMPERATURE (F)
RECORD
HIGH 104 08/01/1933
LOW -30 01/21/1961
HIGHEST 95 06/02 99 08/04
LOWEST -7 02/04 -3 01/30
AVG. MAXIMUM 63.4 61.0 2.4 62.9
AVG. MINIMUM 42.3 40.0 2.3 40.5
MEAN 52.9 50.5 2.4 51.7
DAYS MAX >= 90 13 18.6 -5.6 34
DAYS MAX <= 32 2 26.5 -24.5 25
DAYS MIN <= 32 114 135.4 -21.4 134
DAYS MIN <= 0 2 4.2 -2.2 3
PRECIPITATION (INCHES)
RECORD
MAXIMUM 62.01 2011
MINIMUM 24.52 1964
TOTALS 50.04 41.90 8.14 35.24
DAILY AVG. 0.14 0.10
DAYS >= .01 136 132.3 3.7 124
DAYS >= .10 92 77.2 14.8 81
DAYS >= .50 32 26.8 5.2 22
DAYS >= 1.00 13 9.2 3.8 6
GREATEST
24 HR. TOTAL 2.48
DEGREE DAYS
HEATING TOTAL 5094 5995 -901 5675
SINCE 7/1 1933 2245 -312 MM
COOLING TOTAL 775 745 30 1001
SINCE 1/1 785 744 41 MM
................................................................
WIND (MPH)
AVERAGE WIND SPEED 4.2
HIGHEST WIND SPEED/DIRECTION 36/290 DATE 09/07
HIGHEST GUST SPEED/DIRECTION 46/250 DATE 04/01
WEATHER CONDITIONS. NUMBER OF DAYS WITH
THUNDERSTORM 34 MIXED PRECIP 0
HEAVY RAIN 42 RAIN 67
LIGHT RAIN 131 FREEZING RAIN 0
LT FREEZING RAIN 1 HAIL 0
HEAVY SNOW 0 SNOW 6
LIGHT SNOW 21 SLEET 0
FOG 203 FOG W/VIS <= 1/4 MILE 39
HAZE 53
- INDICATES NEGATIVE NUMBERS.
R INDICATES RECORD WAS SET OR TIED.
MM INDICATES DATA IS MISSING.
T INDICATES TRACE AMOUNT.
$$