000
CXUS51 KALY 042151
CLSPOU
CLIMATE REPORT...CORRECTED MEAN TEMPERATURE FOR THE SEASON
NATIONAL WEATHER SERVICE ALBANY NY
451 PM EST SUN DEC 04 2022
...................................
...THE POUGHKEEPSIE NY CLIMATE SUMMARY FOR THE SEASON, FROM
9/1/2022 TO 11/30/2022...
CLIMATE NORMAL PERIOD: 1991 TO 2020
CLIMATE RECORD PERIOD: 1931 TO 2022
WEATHER OBSERVED NORMAL DEPART LAST YEAR`S
VALUE DATE(S) VALUE FROM VALUE DATE(S)
NORMAL
................................................................
TEMPERATURE (F)
RECORD
HIGH 101 09/02/1953
LOW 3 11/24/1989
HIGHEST 90 09/04 87 09/15
LOWEST 18 11/21 18 11/24
AVG. MAXIMUM 65.1 63.3 1.8 65.4
AVG. MINIMUM 42.2 41.8 0.4 44.2
MEAN 53.8 52.5 1.3 54.8
DAYS MAX >= 90 1 1.2 -0.2 0
DAYS MAX <= 32 0 0.2 -0.2 0
DAYS MIN <= 32 22 23.4 -1.4 22
DAYS MIN <= 0 0 0.0 0.0 0
PRECIPITATION (INCHES)
RECORD
MAXIMUM 22.90 2005
MINIMUM 3.86 1964
TOTALS 10.45 11.33 -0.88 16.44
DAILY AVG. 0.12 0.18
DAYS >= .01 31 31.0 0.0 33
DAYS >= .10 18 17.6 0.4 16
DAYS >= .50 8 7.1 0.9 9
DAYS >= 1.00 3 3.0 0.0 3
GREATEST
24 HR. TOTAL 2.38
DEGREE DAYS
HEATING TOTAL 1058 1215 -157 987
SINCE 7/1 1036 1225 -189
COOLING TOTAL 96 80 16 85
SINCE 1/1 997 744 253
................................................................
WIND (MPH)
AVERAGE WIND SPEED 4.1
HIGHEST WIND SPEED/DIRECTION 30/250 DATE 09/19
HIGHEST GUST SPEED/DIRECTION 39/250 DATE 09/19
WEATHER CONDITIONS. NUMBER OF DAYS WITH
THUNDERSTORM 5 MIXED PRECIP 0
HEAVY RAIN 9 RAIN 17
LIGHT RAIN 32 FREEZING RAIN 0
LT FREEZING RAIN 0 HAIL 0
HEAVY SNOW 0 SNOW 0
LIGHT SNOW 1 SLEET 0
FOG 43 FOG W/VIS <= 1/4 MILE 7
HAZE 8
- INDICATES NEGATIVE NUMBERS.
R INDICATES RECORD WAS SET OR TIED.
MM INDICATES DATA IS MISSING.
T INDICATES TRACE AMOUNT.
$$