000
CXUS56 KLOX 011300
CF6PRB
PRELIMINARY LOCAL CLIMATOLOGICAL DATA (WS FORM: F-6)
STATION: PASO ROBLES AIRPORT CA
MONTH: DECEMBER
YEAR: 2023
LATITUDE: 35 40 N
LONGITUDE: 120 38 W
TEMPERATURE IN F: :PCPN: SNOW: WIND :SUNSHINE: SKY :PK WND
================================================================================
1 2 3 4 5 6A 6B 7 8 9 10 11 12 13 14 15 16 17 18
12Z AVG MX 2MIN
DY MAX MIN AVG DEP HDD CDD WTR SNW DPTH SPD SPD DIR MIN PSBL S-S WX SPD DR
================================================================================
1 61 37 49 1 16 0 0.00 M M 6.2 20 310 M M 0 25 310
2 63 31 47 -1 18 0 0.00 M M 2.3 8 130 M M 0 9 110
3 62 37 50 2 15 0 0.00 M M 4.6 10 100 M M 3 8 12 100
4 67 40 54 6 11 0 0.00 M M 4.9 16 110 M M 0 20 100
5 74 36 55 7 10 0 0.00 M M 3.5 12 90 M M 0 1 13 80
6 64 36 50 3 15 0 0.00 M M 5.3 21 210 M M 2 25 220
7 64 41 53 6 12 0 0.00 M M 6.9 17 310 M M 3 12 21 310
8 61 33 47 0 18 0 0.00 M M 6.7 18 90 M M 2 22 90
9 63 28 46 -1 19 0 0.00 M M 4.4 16 90 M M 0 19 70
10 68 30 49 2 16 0 0.00 M M 6.9 18 80 M M 0 8 21 80
11 68 32 50 3 15 0 0.00 M M 3.6 14 100 M M 0 17 90
12 66 28 47 0 18 0 0.00 M M 4.1 14 90 M M 0 16 90
13 67 28 48 1 17 0 0.00 M M 1.3 8 120 M M 0 1 10 120
14 69 28 49 3 16 0 0.00 M M 1.2 9 90 M M 0 10 90
15 72 29 51 5 14 0 0.00 M M 1.7 9 100 M M 0 10 100
16 73 28 51 5 14 0 0.00 M M 1.8 10 120 M M 0 11 120
17 70 39 55 9 10 0 0.00 M M 2.5 12 60 M M 1 13 60
18 62 50 56 10 9 0 0.51 M M 5.5 14 160 M M 9 1 19 160
19 63 54 59 13 6 0 0.50 M M 6.4 16 180 M M 9 1 21 190
20 59 51 55 9 10 0 1.37 M M 7.5 24 70 M M 9 1 30 80
21 55 49 52 6 13 0 0.49 M M 6.4 28 90 M M 8 1 33 90
22 65 48 57 11 8 0 0.01 M M 2.8 9 360 M M 6 1 13 320
23 62 43 53 7 12 0 0.00 M M 4.4 13 100 M M 5 1 15 90
24 61 39 50 4 15 0 0.00 M M 2.8 14 90 M M 5 12 17 90
25 60 37 49 3 16 0 0.00 M M 1.9 9 300 M M 3 12 10 300
26 61 40 51 4 14 0 0.00 M M 2.0 7 130 M M 3 12 8 110
27 60 43 52 5 13 0 0.00 M M 4.0 14 250 M M 5 1 15 250
28 67 47 57 10 8 0 0.00 M M 2.7 10 80 M M 5 12 90
29 62 48 55 8 10 0 0.36 M M 6.7 17 220 M M 6 12 22 230
30 61 47 54 7 11 0 0.91 M M 4.3 13 120 M M 7 1 14 120
31 56 45 51 4 14 0 0.00 M M 1.5 10 240 M M 8 1 12 240
================================================================================
SM 1986 1202 413 0 4.15 M 126.8 M 99
================================================================================
AV 64.1 38.8 4.1 FASTST M M 3 MAX(MPH)
MISC ----> 28 90 33 90
================================================================================
NOTES:
# LAST OF SEVERAL OCCURRENCES
COLUMN 17 PEAK WIND IN M.P.H.
PRELIMINARY LOCAL CLIMATOLOGICAL DATA (WS FORM: F-6) , PAGE 2
STATION: PASO ROBLES AIRPORT CA
MONTH: DECEMBER
YEAR: 2023
LATITUDE: 35 40 N
LONGITUDE: 120 38 W
[TEMPERATURE DATA] [PRECIPITATION DATA] SYMBOLS USED IN COLUMN 16
AVERAGE MONTHLY: 51.4 TOTAL FOR MONTH: 4.15 1 = FOG OR MIST
DPTR FM NORMAL: 4.6 DPTR FM NORMAL: 2.17 2 = FOG REDUCING VISIBILITY
HIGHEST: 74 ON 5 GRTST 24HR 1.66 ON 20-21 TO 1/4 MILE OR LESS
LOWEST: 28 ON 16,14 3 = THUNDER
SNOW, ICE PELLETS, HAIL 4 = ICE PELLETS
TOTAL MONTH: M 5 = HAIL
GRTST 24HR M ON M 6 = FREEZING RAIN OR DRIZZLE
GRTST DEPTH: M ON M 7 = DUSTSTORM OR SANDSTORM:
VSBY 1/2 MILE OR LESS
8 = SMOKE OR HAZE
[NO. OF DAYS WITH] [WEATHER - DAYS WITH] 9 = BLOWING SNOW
X = TORNADO
MAX 32 OR BELOW: 0 0.01 INCH OR MORE: 7
MAX 90 OR ABOVE: 0 0.10 INCH OR MORE: 6
MIN 32 OR BELOW: 9 0.50 INCH OR MORE: 4
MIN 0 OR BELOW: 0 1.00 INCH OR MORE: 1
[HDD (BASE 65) ]
TOTAL THIS MO. 413 CLEAR (SCALE 0-3) 17
DPTR FM NORMAL -150 PTCLDY (SCALE 4-7) 11
TOTAL FM JUL 1 831 CLOUDY (SCALE 8-10) 3
DPTR FM NORMAL -255
[CDD (BASE 65) ]
TOTAL THIS MO. 0
DPTR FM NORMAL 0 [PRESSURE DATA]
TOTAL FM JAN 1 963 HIGHEST SLP 30.35 ON 9
DPTR FM NORMAL 5 LOWEST SLP 29.74 ON 20
[REMARKS]
#FINAL-12-23#