284
CXUS54 KFWD 010831
CF6PSN
PRELIMINARY LOCAL CLIMATOLOGICAL DATA (WS FORM: F-6)
STATION: PALESTINE
MONTH: JANUARY
YEAR: 2021
LATITUDE: 31 46 N
LONGITUDE: 95 42 W
TEMPERATURE IN F: :PCPN: SNOW: WIND :SUNSHINE: SKY :PK WND
================================================================================
1 2 3 4 5 6A 6B 7 8 9 10 11 12 13 14 15 16 17 18
12Z AVG MX 2MIN
DY MAX MIN AVG DEP HDD CDD WTR SNW DPTH SPD SPD DIR MIN PSBL S-S WX SPD DR
================================================================================
1 42 37 40 -6 25 0 0.00 M M 9.5 18 220 M M 10 27 220
2 53 36 45 -1 20 0 0.00 M M 4.9 12 280 M M 4 17 250
3 66 38 52 6 13 0 0.00 M M 7.5 14 200 M M 0 23 190
4 70 40 55 9 10 0 0.00 M M 2.0 7 170 M M 1 12 M M
5 67 39 53 7 12 0 0.00 M M 5.3 9 110 M M 0 M M
6 59 47 53 7 12 0 1.32 M M 7.5 15 290 M M 10 22 0
7 48 45 47 1 18 0 0.00 M M 10.3 16 310 M M 10 22 310
8 46 32 39 -7 26 0 0.00 M M 5.3 10 360 M M 8 M M
9 49 27 38 -8 27 0 0.00 M M 2.7 6 70 M M 0 1 M M
10 40 32 36 -10 29 0 0.27 M M 3.6 8 30 M M 8 M M
11 36 28 32 -14 33 0 M M M 0.8 5 320 M M 6 1 M M
12 50 26 38 -8 27 0 0.00 M M 0.9 5 170 M M 3 1 M M
13 60 30 45 -1 20 0 M M M 4.7 13 200 M M 1 1 18 180
14 63 41 52 6 13 0 0.00 M M 8.6 17 340 M M 0 25 340
15 54 29 42 -4 23 0 0.00 M M 6.9 22 280 M M 0 32 290
16 55 26 41 -5 24 0 0.00 M M 2.6 10 280 M M 0 16 270
17 62 30 46 0 19 0 0.00 M M 3.2 12 350 M M 0 20 320
18 67 32 50 4 15 0 0.00 M M 6.4 15 170 M M 3 21 170
19 59 50 55 9 10 0 0.44 M M 6.5 12 10 M M 10 17 10
20 56 48 52 6 13 0 0.00 M M 3.6 7 280 M M 10 1 M M
21 61 48 55 9 10 0 0.10 M M 4.0 9 330 M M 10 1 M M
22 57 50 54 8 11 0 0.02 M M 3.6 8 20 M M 9 1 M M
23 55 51 53 7 12 0 0.00 M M 5.3 8 90 M M 10 1 M M
24 69 53 61 15 4 0 0.00 M M 5.7 13 150 M M 10 1 22 150
25 71 46 59 13 6 0 0.29 M M 7.8 16 300 M M 7 28 300
26 45 39 42 -4 23 0 0.00 M M 0.9 4 330 M M 0 M M
27 M M M M M M M M M M M M M M 0 M M
28 54 37 46 -1 19 0 0.00 M M 3.9 8 50 M M 1 M M
29 63 39 51 4 14 0 0.00 M M 7.8 13 200 M M 5 20 200
30 73 54 64 17 1 0 0.00 M M 9.4 20 220 M M 8 18 26 220
31 59 41 50 3 15 0 0.00 M M 10.6 18 330 M M 3 8 25 330
================================================================================
SM 1709 1171 504 0 2.44 M 162.0 M 147
================================================================================
AV 57.0 39.0 5.4 FASTST M M 5 MAX(MPH)
MISC ----> 22 280 32 290
================================================================================
NOTES:
# LAST OF SEVERAL OCCURRENCES
COLUMN 17 PEAK WIND IN M.P.H.
PRELIMINARY LOCAL CLIMATOLOGICAL DATA (WS FORM: F-6) , PAGE 2
STATION: PALESTINE
MONTH: JANUARY
YEAR: 2021
LATITUDE: 31 46 N
LONGITUDE: 95 42 W
[TEMPERATURE DATA] [PRECIPITATION DATA] SYMBOLS USED IN COLUMN 16
AVERAGE MONTHLY: 48.0 TOTAL FOR MONTH: 2.44 1 = FOG OR MIST
DPTR FM NORMAL: 2.0 DPTR FM NORMAL: -1.22 2 = FOG REDUCING VISIBILITY
HIGHEST: 73 ON 30 GRTST 24HR 1.32 ON 6- 6 TO 1/4 MILE OR LESS
LOWEST: 26 ON 16,12 3 = THUNDER
SNOW, ICE PELLETS, HAIL 4 = ICE PELLETS
TOTAL MONTH: M 5 = HAIL
GRTST 24HR M ON M 6 = FREEZING RAIN OR DRIZZLE
GRTST DEPTH: M ON M 7 = DUSTSTORM OR SANDSTORM:
VSBY 1/2 MILE OR LESS
8 = SMOKE OR HAZE
[NO. OF DAYS WITH] [WEATHER - DAYS WITH] 9 = BLOWING SNOW
X = TORNADO
MAX 32 OR BELOW: 0 0.01 INCH OR MORE: 6
MAX 90 OR ABOVE: 0 0.10 INCH OR MORE: 4
MIN 32 OR BELOW: 10 0.50 INCH OR MORE: 1
MIN 0 OR BELOW: 0 1.00 INCH OR MORE: 1
[HDD (BASE 65) ]
TOTAL THIS MO. 504 CLEAR (SCALE 0-3) 14
DPTR FM NORMAL -89 PTCLDY (SCALE 4-7) 7
TOTAL FM JUL 1 1197 CLOUDY (SCALE 8-10) 10
DPTR FM NORMAL -332
[CDD (BASE 65) ]
TOTAL THIS MO. 0
DPTR FM NORMAL -3 [PRESSURE DATA]
TOTAL FM JAN 1 0 HIGHEST SLP M ON M
DPTR FM NORMAL -3 LOWEST SLP M ON M
[REMARKS]
#FINAL-01-21#