000
CXUS56 KSGX 011045
CF6PSP
PRELIMINARY LOCAL CLIMATOLOGICAL DATA (WS FORM: F-6)
STATION: PALM SPRINGS INTL AIRPORT CA
MONTH: OCTOBER
YEAR: 2022
LATITUDE: 33 49 N
LONGITUDE: 116 30 W
TEMPERATURE IN F: :PCPN: SNOW: WIND :SUNSHINE: SKY :PK WND
================================================================================
1 2 3 4 5 6A 6B 7 8 9 10 11 12 13 14 15 16 17 18
12Z AVG MX 2MIN
DY MAX MIN AVG DEP HDD CDD WTR SNW DPTH SPD SPD DIR MIN PSBL S-S WX SPD DR
================================================================================
1 97 71 84 1 0 19 0.00 M M 5.1 16 320 M M 0 20 320
2 96 74 85 2 0 20 0.00 M M 5.5 13 320 M M 0 16 330
3 103 77 90 8 0 25 0.00 M M 5.1 15 330 M M 0 24 330
4 102 80 91 9 0 26 0.00 M M 4.7 14 330 M M 0 17 100
5 100 79 90 8 0 25 0.00 M M 6.4 14 110 M M 0 17 110
6 98 76 87 6 0 22 0.00 M M 6.0 31 100 M M 3 8 39 110
7 97 75 86 5 0 21 0.00 M M 4.0 13 110 M M 5 8 17 120
8 95 77 86 6 0 21 0.00 M M 4.4 13 120 M M 0 17 110
9 96 75 86 6 0 21 0.00 M M 4.5 13 10 M M 0 16 90
10 98 74 86 6 0 21 0.00 M M 6.2 13 340 M M 0 17 110
11 95 74 85 5 0 20 0.00 M M 5.1 24 320 M M 1 3 34 30
12 98 69 84 5 0 19 0.00 M M 5.5 15 110 M M 1 3 18 120
13 99 74 87 8 0 22 0.00 M M 6.9 15 320 M M 0 20 330
14 99 69 84 6 0 19 0.00 M M 7.4 17 120 M M 0 24 120
15 89 68 79 1 0 14 0.11 M M 6.3 33 130 M M 2 38 40 120
16 85 67 76 -2 0 11 0.00 M M 3.7 13 130 M M 0 15 140
17 92 66 79 1 0 14 0.00 M M 5.2 13 90 M M 0 17 140
18 94 68 81 4 0 16 0.00 M M 5.1 9 210 M M 0 12 110
19 93 68 81 4 0 16 0.00 M M 4.2 10 130 M M 0 14 130
20 93 68 81 5 0 16 0.00 M M 5.8 12 120 M M 0 15 320
21 95 68 82 6 0 17 0.00 M M 3.1 12 70 M M 0 14 80
22 85 65 75 -1 0 10 0.00 M M 7.1 22 40 M M 1 32 40
23 80 61 71 -5 0 6 0.00 M M 8.8 25 320 M M 1 36 330
24 79 58 69 -6 0 4 0.00 M M 5.7 15 350 M M 0 20 320
25 80 52 66 -9 0 1 0.00 M M 3.8 10 120 M M 0 14 130
26 82 55 69 -5 0 4 0.00 M M 3.1 10 160 M M 0 13 120
27 83 57 70 -4 0 5 0.00 M M 4.7 12 320 M M 0 13 310
28 82 59 71 -3 0 6 0.00 M M 4.9 12 140 M M 0 15 140
29 87 56 72 -1 0 7 0.00 M M 5.3 12 340 M M 0 17 130
30 90 58 74 1 0 9 0.00 M M 6.3 14 330 M M 0 16 330
31 90 61 76 3 0 11 0.00 M M 6.0 14 120 M M 0 18 90
================================================================================
SM 2852 2099 0 468 0.11 M 165.9 M 14
================================================================================
AV 92.0 67.7 5.4 FASTST M M 0 MAX(MPH)
MISC ----> 33 130 40 120
================================================================================
NOTES:
# LAST OF SEVERAL OCCURRENCES
COLUMN 17 PEAK WIND IN M.P.H.
PRELIMINARY LOCAL CLIMATOLOGICAL DATA (WS FORM: F-6) , PAGE 2
STATION: PALM SPRINGS INTL AIRPORT CA
MONTH: OCTOBER
YEAR: 2022
LATITUDE: 33 49 N
LONGITUDE: 116 30 W
[TEMPERATURE DATA] [PRECIPITATION DATA] SYMBOLS USED IN COLUMN 16
AVERAGE MONTHLY: 79.9 TOTAL FOR MONTH: 0.11 1 = FOG OR MIST
DPTR FM NORMAL: 2.1 DPTR FM NORMAL: -0.09 2 = FOG REDUCING VISIBILITY
HIGHEST: 103 ON 3 GRTST 24HR 0.11 ON 15-15 TO 1/4 MILE OR LESS
LOWEST: 52 ON 25 3 = THUNDER
SNOW, ICE PELLETS, HAIL 4 = ICE PELLETS
TOTAL MONTH: M 5 = HAIL
GRTST 24HR M ON M 6 = FREEZING RAIN OR DRIZZLE
GRTST DEPTH: M ON M 7 = DUSTSTORM OR SANDSTORM:
VSBY 1/2 MILE OR LESS
8 = SMOKE OR HAZE
[NO. OF DAYS WITH] [WEATHER - DAYS WITH] 9 = BLOWING SNOW
X = TORNADO
MAX 32 OR BELOW: 0 0.01 INCH OR MORE: 1
MAX 90 OR ABOVE: 21 0.10 INCH OR MORE: 1
MIN 32 OR BELOW: 0 0.50 INCH OR MORE: 0
MIN 0 OR BELOW: 0 1.00 INCH OR MORE: 0
[HDD (BASE 65) ]
TOTAL THIS MO. 0 CLEAR (SCALE 0-3) 30
DPTR FM NORMAL -2 PTCLDY (SCALE 4-7) 1
TOTAL FM JUL 1 0 CLOUDY (SCALE 8-10) 0
DPTR FM NORMAL 0
[CDD (BASE 65) ]
TOTAL THIS MO. 468
DPTR FM NORMAL 69 [PRESSURE DATA]
TOTAL FM JAN 1 5152 HIGHEST SLP 30.22 ON 24
DPTR FM NORMAL 660 LOWEST SLP 29.57 ON 22
[REMARKS]
#FINAL-10-22#