000
CXUS54 KHGX 011410
CF6PSX
PRELIMINARY LOCAL CLIMATOLOGICAL DATA (WS FORM: F-6)
STATION: PALACIOS
MONTH: MAY
YEAR: 2023
LATITUDE: 28 43 N
LONGITUDE: 96 15 W
TEMPERATURE IN F: :PCPN: SNOW: WIND :SUNSHINE: SKY :PK WND
================================================================================
1 2 3 4 5 6A 6B 7 8 9 10 11 12 13 14 15 16 17 18
12Z AVG MX 2MIN
DY MAX MIN AVG DEP HDD CDD WTR SNW DPTH SPD SPD DIR MIN PSBL S-S WX SPD DR
================================================================================
1 82 71 77 2 0 12 0.00 0.0 0 8.9 16 110 M M 1 22 180
2 80 67 74 -1 0 9 0.00 0.0 0 8.6 17 120 M M 1 23 110
3 81 64 73 -2 0 8 0.00 0.0 0 8.1 17 150 M M 2 1 22 130
4 83 71 77 2 0 12 0.00 0.0 0 10.3 18 120 M M 8 1 23 120
5 86 77 82 6 0 17 0.00 0.0 0 11.0 20 170 M M 5 1 29 170
6 86 76 81 5 0 16 0.00 0.0 0 14.0 26 130 M M 6 18 36 130
7 86 77 82 6 0 17 0.01 0.0 0 12.1 23 130 M M 5 13 31 130
8 85 77 81 5 0 16 T 0.0 0 12.7 21 140 M M 9 18 28 170
9 80 68 74 -2 0 9 0.36 0.0 0 9.3 41 260 M M M 3 53 260
10 80 66 73 -4 0 8 6.21 0.0 0 12.7 22 310 M M 10 13 41 310
11 85 77 81 4 0 16 0.00 0.0 0 M M M M M M M M
12 85 78 82 5 0 17 0.00 0.0 0 M M M M M M M M
13 83 70 77 0 0 12 0.45 0.0 0 11.1 23 260 M M M 3 35 210
14 83 71 77 -1 0 12 3.48 0.0 0 6.5 17 160 M M M 3 24 150
15 86 73 80 2 0 15 T 0.0 0 4.7 12 50 M M 1 15 170
16 84 69 77 -1 0 12 0.78 0.0 0 4.2 18 270 M M 3 13 27 260
17 87 67 77 -1 0 12 0.00 0.0 0 4.3 13 320 M M 1 16 350
18 87 71 79 0 0 14 0.00 0.0 0 5.5 10 200 M M 1 1 15 190
19 87 76 82 3 0 17 0.00 0.0 0 8.3 14 160 M M 1 19 180
20 88 73 81 2 0 16 0.01 0.0 0 6.2 17 360 M M 1 23 10
21 81 72 77 -2 0 12 T 0.0 0 7.4 12 30 M M 4 1 16 350
22 84 70 77 -3 0 12 0.01 0.0 0 6.4 12 120 M M 7 1 16 130
23 87 70 79 -1 0 14 0.00 0.0 0 6.1 14 150 M M 1 18 21 180
24 89 71 80 0 0 15 T 0.0 0 7.7 30 340 M M 1 1 39 350
25 87 70 79 -1 0 14 0.00 0.0 0 7.6 16 130 M M 3 1 22 120
26 88 69 79 -1 0 14 0.00 0.0 0 8.0 15 120 M M 2 18 21 120
27 87 69 78 -3 0 13 0.00 0.0 0 7.3 15 150 M M 1 18 19 150
28 85 69 77 -4 0 12 0.00 0.0 0 6.7 16 120 M M 0 1 21 120
29 87 71 79 -2 0 14 0.00 0.0 0 7.3 20 120 M M 2 138 23 140
30 86 69 78 -3 0 13 0.70 0.0 0 6.7 24 40 M M 2 138 36 90
31 87 70 79 -3 0 14 0.00 0.0 0 9.4 17 120 M M 1 23 140
================================================================================
SM 2632 2209 0 414 12.01 0.0 239.1 M 79
================================================================================
AV 84.9 71.3 8.2 FASTST M M 3 MAX(MPH)
MISC ----> 41 260 53 260
================================================================================
NOTES:
# LAST OF SEVERAL OCCURRENCES
COLUMN 17 PEAK WIND IN M.P.H.
PRELIMINARY LOCAL CLIMATOLOGICAL DATA (WS FORM: F-6) , PAGE 2
STATION: PALACIOS
MONTH: MAY
YEAR: 2023
LATITUDE: 28 43 N
LONGITUDE: 96 15 W
[TEMPERATURE DATA] [PRECIPITATION DATA] SYMBOLS USED IN COLUMN 16
AVERAGE MONTHLY: 78.1 TOTAL FOR MONTH: 12.01 1 = FOG OR MIST
DPTR FM NORMAL: 0.0 DPTR FM NORMAL: 8.15 2 = FOG REDUCING VISIBILITY
HIGHEST: 89 ON 24 GRTST 24HR 6.21 ON 10-10 TO 1/4 MILE OR LESS
LOWEST: 64 ON 3 3 = THUNDER
SNOW, ICE PELLETS, HAIL 4 = ICE PELLETS
TOTAL MONTH: 0.0 INCH 5 = HAIL
GRTST 24HR 0.0 6 = FREEZING RAIN OR DRIZZLE
GRTST DEPTH: 0 7 = DUSTSTORM OR SANDSTORM:
VSBY 1/2 MILE OR LESS
8 = SMOKE OR HAZE
[NO. OF DAYS WITH] [WEATHER - DAYS WITH] 9 = BLOWING SNOW
X = TORNADO
MAX 32 OR BELOW: 0 0.01 INCH OR MORE: 9
MAX 90 OR ABOVE: 0 0.10 INCH OR MORE: 6
MIN 32 OR BELOW: 0 0.50 INCH OR MORE: 4
MIN 0 OR BELOW: 0 1.00 INCH OR MORE: 2
[HDD (BASE 65) ]
TOTAL THIS MO. 0 CLEAR (SCALE 0-3) 18
DPTR FM NORMAL -1 PTCLDY (SCALE 4-7) 6
TOTAL FM JUL 1 923 CLOUDY (SCALE 8-10) 7
DPTR FM NORMAL -78
[CDD (BASE 65) ]
TOTAL THIS MO. 414
DPTR FM NORMAL 7 [PRESSURE DATA]
TOTAL FM JAN 1 902 HIGHEST SLP 30.17 ON 15
DPTR FM NORMAL 138 LOWEST SLP 29.76 ON 10
[REMARKS]
#FINAL-05-23#