000
CXUS51 KBOX 011153
CF6PVD
PRELIMINARY LOCAL CLIMATOLOGICAL DATA (WS FORM: F-6)
STATION: PROVIDENCE RI
MONTH: APRIL
YEAR: 2023
LATITUDE: 41 43 N
LONGITUDE: 71 26 W
TEMPERATURE IN F: :PCPN: SNOW: WIND :SUNSHINE: SKY :PK WND
================================================================================
1 2 3 4 5 6A 6B 7 8 9 10 11 12 13 14 15 16 17 18
12Z AVG MX 2MIN
DY MAX MIN AVG DEP HDD CDD WTR SNW DPTH SPD SPD DIR MIN PSBL S-S WX SPD DR
================================================================================
1 58 44 51 7 14 0 0.47 0.0 0 9.2 25 210 M M 9 1 33 210
2 53 33 43 -1 22 0 0.00 0.0 0 14.3 26 320 M M 4 36 340
3 52 27 40 -5 25 0 0.00 0.0 0 10.4 23 190 M M 2 33 200
4 70 39 55 10 10 0 T 0.0 0 8.2 20 210 M M 6 1 26 200
5 50 40 45 0 20 0 T 0.0 0 11.1 20 50 M M 10 1 26 40
6 59 40 50 4 15 0 0.01 0.0 0 5.7 17 330 M M 9 12 25 310
7 61 39 50 4 15 0 T 0.0 0 12.4 26 300 M M 9 36 300
8 52 33 43 -3 22 0 0.00 0.0 0 7.3 16 20 M M 5 21 360
9 52 31 42 -5 23 0 0.00 0.0 0 7.0 18 170 M M 1 25 110
10 63 31 47 0 18 0 0.00 0.0 0 8.7 18 150 M M 2 22 150
11 75 38 57 9 8 0 0.00 0.0 0 11.2 24 220 M M 6 31 220
12 77 51 64 16 1 0 0.00 0.0 0 11.7 29 310 M M 5 41 290
13 88 49 69 21 0 4 0.00 0.0 0 8.4 21 210 M M 0 26 210
14 87 51 69 20 0 4 0.00 0.0 0 7.0 20 150 M M 6 24 150
15 69 48 59 10 6 0 T 0.0 0 5.7 15 150 M M 8 1 17 150
16 67 51 59 9 6 0 0.15 0.0 0 7.1 14 20 M M 10 13 17 10
17 56 47 52 2 13 0 0.02 0.0 0 6.6 14 250 M M 9 12 17 270
18 57 44 51 1 14 0 T 0.0 0 11.1 29 260 M M 5 36 250
19 52 39 46 -5 19 0 0.00 0.0 0 10.7 23 270 M M 5 30 280
20 58 38 48 -3 17 0 0.00 0.0 0 6.6 18 160 M M 4 22 160
21 60 42 51 0 14 0 0.00 0.0 0 7.8 17 160 M M 4 23 170
22 54 47 51 -1 14 0 0.16 0.0 0 8.3 15 130 M M 10 18 19 120
23 53 45 49 -3 16 0 0.75 0.0 0 9.7 20 120 M M 10 123 27 120
24 61 42 52 0 13 0 0.00 0.0 0 6.1 17 150 M M 7 21 150
25 59 40 50 -3 15 0 T 0.0 0 6.3 15 150 M M 6 12 17 220
26 56 44 50 -3 15 0 0.00 0.0 0 8.0 16 170 M M 7 20 170
27 56 40 48 -5 17 0 0.17 0.0 0 6.7 17 240 M M 7 1 21 250
28 61 41 51 -3 14 0 0.00 0.0 0 5.8 18 180 M M 9 12 24 150
29 56 46 51 -3 14 0 0.96 0.0 0 10.9 21 110 M M 9 1 27 110
30 60 49 55 1 10 0 2.49 0.0 0 11.1 29 150 M M 10 13 41 140
================================================================================
SM 1832 1249 410 8 5.18 0.0 261.1 M 194
================================================================================
AV 61.1 41.6 8.7 FASTST M M 6 MAX(MPH)
MISC ----> # 29 310 # 41 290
================================================================================
NOTES:
# LAST OF SEVERAL OCCURRENCES
COLUMN 17 PEAK WIND IN M.P.H.
PRELIMINARY LOCAL CLIMATOLOGICAL DATA (WS FORM: F-6) , PAGE 2
STATION: PROVIDENCE RI
MONTH: APRIL
YEAR: 2023
LATITUDE: 41 43 N
LONGITUDE: 71 26 W
[TEMPERATURE DATA] [PRECIPITATION DATA] SYMBOLS USED IN COLUMN 16
AVERAGE MONTHLY: 51.4 TOTAL FOR MONTH: 5.18 1 = FOG OR MIST
DPTR FM NORMAL: 2.0 DPTR FM NORMAL: 0.89 2 = FOG REDUCING VISIBILITY
HIGHEST: 88 ON 13 GRTST 24HR 2.56 ON 29-30 TO 1/4 MILE OR LESS
LOWEST: 27 ON 3 3 = THUNDER
SNOW, ICE PELLETS, HAIL 4 = ICE PELLETS
TOTAL MONTH: 0.0 INCH 5 = HAIL
GRTST 24HR 0.0 6 = FREEZING RAIN OR DRIZZLE
GRTST DEPTH: 0 7 = DUSTSTORM OR SANDSTORM:
VSBY 1/2 MILE OR LESS
8 = SMOKE OR HAZE
[NO. OF DAYS WITH] [WEATHER - DAYS WITH] 9 = BLOWING SNOW
X = TORNADO
MAX 32 OR BELOW: 0 0.01 INCH OR MORE: 9
MAX 90 OR ABOVE: 0 0.10 INCH OR MORE: 7
MIN 32 OR BELOW: 3 0.50 INCH OR MORE: 3
MIN 0 OR BELOW: 0 1.00 INCH OR MORE: 1
[HDD (BASE 65) ]
TOTAL THIS MO. 410 CLEAR (SCALE 0-3) 4
DPTR FM NORMAL -65 PTCLDY (SCALE 4-7) 15
TOTAL FM JUL 1 4647 CLOUDY (SCALE 8-10) 11
DPTR FM NORMAL -581
[CDD (BASE 65) ]
TOTAL THIS MO. 8
DPTR FM NORMAL 5 [PRESSURE DATA]
TOTAL FM JAN 1 8 HIGHEST SLP 30.56 ON 9
DPTR FM NORMAL 5 LOWEST SLP 29.11 ON 30
[REMARKS]
#FINAL-04-23#