000
CXUS51 KBOX 051228
CLMPVD
CLIMATE REPORT
NATIONAL WEATHER SERVICE BOSTON/NORTON MA
828 AM EDT WED JUL 05 2023
...................................
...THE PROVIDENCE RI CLIMATE SUMMARY FOR THE MONTH OF JUNE 2023...
CLIMATE NORMAL PERIOD 1991 TO 2020
CLIMATE RECORD PERIOD 1904 TO 2023
WEATHER OBSERVED NORMAL DEPART LAST YEAR`S
VALUE DATE(S) VALUE FROM VALUE
NORMAL
..............................................................
TEMPERATURE (F)
RECORD
HIGH 98 06/30/1945
06/25/1943
LOW 39 06/01/1945
HIGHEST 82 06/16 89
LOWEST 45 06/03 52
06/04
AVG. MAXIMUM 72.1 77.7 -5.6
AVG. MINIMUM 55.0 58.8 -3.8
MEAN 63.5 68.2 -4.7
DAYS MAX >= 90 0 1.9 -1.9
DAYS MAX <= 32 0 0.0 0.0
DAYS MIN <= 32 0 0.0 0.0
DAYS MIN <= 0 0 0.0 0.0
PRECIPITATION (INCHES)
RECORD
MAXIMUM 11.08 1982
MINIMUM 0.05 1949
TOTALS 3.54 3.81 -0.27
DAILY AVG. 0.12 0.13 -0.01
DAYS >= .01 14 10.8 3.2
DAYS >= .10 6 6.4 -0.4
DAYS >= .50 2 2.3 -0.3
DAYS >= 1.00 1 1.0 0.0
GREATEST
24 HR. TOTAL 1.30 06/17 TO 06/17
SNOWFALL (INCHES)
RECORDS
TOTAL 0.0 MM
SNOW DEPTH 0 MM
TOTALS 0.0 0.0 0.0
LIQUID EQUIV 0.00
SINCE 7/1 11.6 36.6 -25.0
SNOWDEPTH AVG. 0
DAYS >= TRACE 0 0.0 0.0
DAYS >= 1.0 0 0.0 0.0
GREATEST
SNOW DEPTH 0
24 HR TOTAL MM
DEGREE DAYS
HEATING TOTAL 93 39 54
SINCE 7/1 4985 5476 -491
COOLING TOTAL 54 136 -82
SINCE 1/1 71 167 -96
..............................................................
WIND (MPH)
AVERAGE WIND SPEED 7.7
RESULTANT WIND SPEED/DIRECTION 2/160
HIGHEST WIND SPEED/DIRECTION 26/040 DATE 06/03
HIGHEST GUST SPEED/DIRECTION 38/290 DATE 06/06
SKY COVER
POSSIBLE SUNSHINE (PERCENT) MM
AVERAGE SKY COVER 0.69
NUMBER OF DAYS FAIR 1
NUMBER OF DAYS PC 17
NUMBER OF DAYS CLOUDY 12
AVERAGE RH (PERCENT) 81
WEATHER CONDITIONS. NUMBER OF DAYS WITH
THUNDERSTORM 7 MIXED PRECIP 0
HEAVY RAIN 5 RAIN 6
LIGHT RAIN 16 FREEZING RAIN 0
LT FREEZING RAIN 0 HAIL 0
HEAVY SNOW 0 SNOW 0
LIGHT SNOW 0 SLEET 0
FOG 21 FOG W/VIS <= 1/4 MILE 4
HAZE 9
- INDICATES NEGATIVE NUMBERS.
R INDICATES RECORD WAS SET OR TIED.
MM INDICATES DATA IS MISSING.
T INDICATES TRACE AMOUNT.
$$