000
CXUS54 KOUN 010910
CF6PWA
PRELIMINARY LOCAL CLIMATOLOGICAL DATA (WS FORM: F-6)
STATION: BETHANY/WILEY POST
MONTH: OCTOBER
YEAR: 2020
LATITUDE: 35 31 N
LONGITUDE: 97 38 W
TEMPERATURE IN F: :PCPN: SNOW: WIND :SUNSHINE: SKY :PK WND
================================================================================
1 2 3 4 5 6A 6B 7 8 9 10 11 12 13 14 15 16 17 18
12Z AVG MX 2MIN
DY MAX MIN AVG DEP HDD CDD WTR SNW DPTH SPD SPD DIR MIN PSBL S-S WX SPD DR
================================================================================
1 76 51 64 -3 1 0 0.00 M M 9.7 21 20 M M 1 26 20
2 74 44 59 -8 6 0 0.00 M M 9.3 21 160 M M 0 27 180
3 75 52 64 -2 1 0 T M M 9.1 20 190 M M 1 26 170
4 73 50 62 -4 3 0 0.00 M M 7.9 13 60 M M 0 17 80
5 79 53 66 1 0 1 0.00 M M 16.0 24 170 M M 0 29 170
6 82 55 69 4 0 4 0.00 M M 8.0 17 170 M M 0 21 180
7 89 59 74 9 0 9 0.00 0.0 M 8.9 16 160 M M 0 18 20 170
8 88 63 76 12 0 11 0.00 M M 13.0 20 160 M M 0 29 160
9 84 64 74 10 0 9 0.00 M M 12.0 20 180 M M 3 18 26 180
10 85 59 72 9 0 7 0.00 M M 5.4 10 150 M M 2 128 14 180
11 93 66 80 17 0 15 0.00 M M 16.2 31 290 M M 0 8 47 300
12 77 49 63 0 2 0 0.00 M M 9.6 28 340 M M 1 8 38 340
13 82 49 66 4 0 1 0.00 M 0 10.7 20 170 M M 0 25 170
14 91 59 75 13 0 10 0.00 M 0 17.2 26 180 M M 0 36 180
15 72 56 64 2 1 0 0.00 0.0 0 17.6 35 30 M M 5 45 40
16 69 39 54 -7 11 0 0.00 0.0 0 6.6 17 180 M M 1 21 170
17 78 53 66 5 0 1 0.00 0.0 0 18.8 32 180 M M 0 39 180
18 72 46 59 -1 6 0 0.00 0.0 0 14.5 25 360 M M 8 18 32 360
19 61 43 52 -8 13 0 0.00 M M 7.4 15 70 M M 8 18 18 60
20 76 49 63 3 2 0 T M M 8.4 18 10 M M 8 18 22 200
21 87 57 72 13 0 7 0.00 M M 14.4 24 160 M M 4 18 30 170
22 87 69 78 19 0 13 0.00 M M 20.7 31 180 M M 0 40 180
23 75 41 58 -1 7 0 0.00 M M 19.5 31 360 M M 9 42 350
24 57 41 49 -9 16 0 0.00 M M 8.1 17 20 M M 5 22 40
25 48 38 43 -15 22 0 0.01 M M 13.5 22 10 M M 9 18 27 360
26 38 29 34 -24 31 0 1.24 M M 18.7 26 10 M M 8 136 33 360
27 33 29 31 -26 34 0 1.01 M M 16.0 24 40 M M 10 136 29 30
28 35 32 34 -23 31 0 0.72 M M 8.6 23 220 M M 10 136 29 200
29 57 35 46 -10 19 0 T M M 6.7 30 350 M M 4 1 39 360
30 68 33 51 -5 14 0 0.00 M M 7.6 15 170 M M 0 8 18 180
31 73 44 59 3 6 0 0.00 M M 11.9 25 180 M M 0 34 180
================================================================================
SM 2234 1507 226 88 2.98 0.0 372.0 M 97
================================================================================
AV 72.1 48.6 12.0 FASTST M M 3 MAX(MPH)
MISC ----> 35 30 47 300
================================================================================
NOTES:
# LAST OF SEVERAL OCCURRENCES
COLUMN 17 PEAK WIND IN M.P.H.
PRELIMINARY LOCAL CLIMATOLOGICAL DATA (WS FORM: F-6) , PAGE 2
STATION: BETHANY/WILEY POST
MONTH: OCTOBER
YEAR: 2020
LATITUDE: 35 31 N
LONGITUDE: 97 38 W
[TEMPERATURE DATA] [PRECIPITATION DATA] SYMBOLS USED IN COLUMN 16
AVERAGE MONTHLY: 60.3 TOTAL FOR MONTH: 2.98 1 = FOG OR MIST
DPTR FM NORMAL: -1.0 DPTR FM NORMAL: -0.28 2 = FOG REDUCING VISIBILITY
HIGHEST: 93 ON 11 GRTST 24HR 1.34 ON 27-28 TO 1/4 MILE OR LESS
LOWEST: 29 ON 27,26 3 = THUNDER
SNOW, ICE PELLETS, HAIL 4 = ICE PELLETS
TOTAL MONTH: 0.0 INCH 5 = HAIL
GRTST 24HR 0.0 6 = FREEZING RAIN OR DRIZZLE
GRTST DEPTH: 0 7 = DUSTSTORM OR SANDSTORM:
VSBY 1/2 MILE OR LESS
8 = SMOKE OR HAZE
[NO. OF DAYS WITH] [WEATHER - DAYS WITH] 9 = BLOWING SNOW
X = TORNADO
MAX 32 OR BELOW: 0 0.01 INCH OR MORE: 4
MAX 90 OR ABOVE: 2 0.10 INCH OR MORE: 3
MIN 32 OR BELOW: 3 0.50 INCH OR MORE: 3
MIN 0 OR BELOW: 0 1.00 INCH OR MORE: 2
[HDD (BASE 65) ]
TOTAL THIS MO. 226 CLEAR (SCALE 0-3) 18
DPTR FM NORMAL 50 PTCLDY (SCALE 4-7) 7
TOTAL FM JUL 1 253 CLOUDY (SCALE 8-10) 6
DPTR FM NORMAL 57
[CDD (BASE 65) ]
TOTAL THIS MO. 88
DPTR FM NORMAL 28 [PRESSURE DATA]
TOTAL FM JAN 1 2118 HIGHEST SLP 30.42 ON 16
DPTR FM NORMAL 154 LOWEST SLP 29.57 ON 11
[REMARKS]
#FINAL-10-20#