000
CXUS53 KMKX 010810
CF6RAC
PRELIMINARY LOCAL CLIMATOLOGICAL DATA (WS FORM: F-6)
STATION: RACINE WI
MONTH: MARCH
YEAR: 2023
LATITUDE: 42 45 N
LONGITUDE: 87 49 W
TEMPERATURE IN F: :PCPN: SNOW: WIND :SUNSHINE: SKY :PK WND
================================================================================
1 2 3 4 5 6A 6B 7 8 9 10 11 12 13 14 15 16 17 18
12Z AVG MX 2MIN
DY MAX MIN AVG DEP HDD CDD WTR SNW DPTH SPD SPD DIR MIN PSBL S-S WX SPD DR
================================================================================
1 52 36 44 14 21 0 T M M 7.8 16 40 M M 6 18 21 70
2 39 27 33 2 32 0 0.00 0.0 M 8.9 17 360 M M 8 26 10
3 39 32 36 5 29 0 0.00 M M 11.4 24 40 M M 6 8 33 40
4 50 30 40 9 25 0 0.01 M M 7.9 16 230 M M 3 18 23 220
5 43 28 36 4 29 0 0.04 M M 8.5 20 90 M M 3 29 80
6 47 36 42 10 23 0 0.47 M M 12.1 26 120 M M 7 1 39 130
7 43 32 38 6 27 0 0.01 M M 12.3 21 40 M M 2 1 30 40
8 42 33 38 5 27 0 0.00 M M 9.0 17 50 M M 3 23 50
9 39 34 37 4 28 0 0.42 M M 11.3 18 60 M M 10 1 27 60
10 37 33 35 1 30 0 0.22 M M 13.8 22 10 M M 10 128 33 20
11 37 31 34 0 31 0 0.01 M M 9.9 16 110 M M 10 1 21 110
12 36 28 32 -2 33 0 0.03 M M 8.8 17 260 M M 9 1 25 260
13 31 24 28 -6 37 0 0.01 M M 12.0 30 360 M M 9 128 42 360
14 33 16 25 -10 40 0 0.00 M M 5.9 13 340 M M 0 19 340
15 47 21 34 -1 31 0 0.00 M M 9.6 18 210 M M 0 26 210
16 45 40 43 7 22 0 0.28 M M 7.4 16 210 M M 8 12 22 200
17 43 20 32 -4 33 0 0.02 M M 17.1 26 280 M M 7 1 40 280
18 25 12 19 -17 46 0 T M M 13.3 22 280 M M 7 8 35 300
19 41 19 30 -6 35 0 0.00 0.0 M 12.1 20 250 M M 0 30 260
20 53 32 43 6 22 0 0.00 M M 12.1 28 230 M M 2 39 220
21 50 30 40 3 25 0 0.00 M M 6.7 17 190 M M 3 18 26 180
22 50 39 45 8 20 0 0.00 M M 7.6 15 190 M M 10 18 22 180
23 45 31 38 0 27 0 0.12 M M 9.1 18 30 M M 6 18 26 350
24 42 32 37 -1 28 0 T M M 10.8 20 70 M M 2 27 80
25 42 33 38 0 27 0 0.49 M M 13.0 26 10 M M 7 12 37 40
26 39 31 35 -4 30 0 0.38 M M 5.8 20 50 M M 5 18 23 40
27 39 27 33 -6 32 0 0.00 M M 8.8 21 10 M M 1 12 28 20
28 45 29 37 -2 28 0 0.00 M M 6.2 16 260 M M 0 23 270
29 38 24 31 -9 34 0 T M M 7.8 20 350 M M 1 8 29 330
30 45 21 33 -7 32 0 0.00 M M 10.2 21 140 M M 5 32 140
31 67 43 55 15 10 0 0.66 M M 9.9 23 230 M M 9 138 40 190
================================================================================
SM 1324 904 894 0 3.17 0.0 307.1 M 159
================================================================================
AV 42.7 29.2 9.9 FASTST M M 5 MAX(MPH)
MISC ----> 30 360 42 360
================================================================================
NOTES:
# LAST OF SEVERAL OCCURRENCES
COLUMN 17 PEAK WIND IN M.P.H.
PRELIMINARY LOCAL CLIMATOLOGICAL DATA (WS FORM: F-6) , PAGE 2
STATION: RACINE WI
MONTH: MARCH
YEAR: 2023
LATITUDE: 42 45 N
LONGITUDE: 87 49 W
[TEMPERATURE DATA] [PRECIPITATION DATA] SYMBOLS USED IN COLUMN 16
AVERAGE MONTHLY: 35.9 TOTAL FOR MONTH: 3.17 1 = FOG OR MIST
DPTR FM NORMAL: 0.5 DPTR FM NORMAL: 1.10 2 = FOG REDUCING VISIBILITY
HIGHEST: 67 ON 31 GRTST 24HR 0.66 ON 31-31 TO 1/4 MILE OR LESS
LOWEST: 12 ON 18 3 = THUNDER
SNOW, ICE PELLETS, HAIL 4 = ICE PELLETS
TOTAL MONTH: 0.0 INCH 5 = HAIL
GRTST 24HR 0.0 6 = FREEZING RAIN OR DRIZZLE
GRTST DEPTH: M ON M 7 = DUSTSTORM OR SANDSTORM:
VSBY 1/2 MILE OR LESS
8 = SMOKE OR HAZE
[NO. OF DAYS WITH] [WEATHER - DAYS WITH] 9 = BLOWING SNOW
X = TORNADO
MAX 32 OR BELOW: 2 0.01 INCH OR MORE: 15
MAX 90 OR ABOVE: 0 0.10 INCH OR MORE: 8
MIN 32 OR BELOW: 22 0.50 INCH OR MORE: 1
MIN 0 OR BELOW: 0 1.00 INCH OR MORE: 0
[HDD (BASE 65) ]
TOTAL THIS MO. 894 CLEAR (SCALE 0-3) 12
DPTR FM NORMAL -24 PTCLDY (SCALE 4-7) 11
TOTAL FM JUL 1 5207 CLOUDY (SCALE 8-10) 8
DPTR FM NORMAL -510
[CDD (BASE 65) ]
TOTAL THIS MO. 0
DPTR FM NORMAL 0 [PRESSURE DATA]
TOTAL FM JAN 1 0 HIGHEST SLP M ON M
DPTR FM NORMAL 0 LOWEST SLP 29.24 ON 31
[REMARKS]
#FINAL-03-23#