000
CXUS56 KSGX 011045
CF6RAL
PRELIMINARY LOCAL CLIMATOLOGICAL DATA (WS FORM: F-6)
STATION: RIVERSIDE MUNI AIRPORT CA
MONTH: MAY
YEAR: 2023
LATITUDE: 33 57 N
LONGITUDE: 117 27 W
TEMPERATURE IN F: :PCPN: SNOW: WIND :SUNSHINE: SKY :PK WND
================================================================================
1 2 3 4 5 6A 6B 7 8 9 10 11 12 13 14 15 16 17 18
12Z AVG MX 2MIN
DY MAX MIN AVG DEP HDD CDD WTR SNW DPTH SPD SPD DIR MIN PSBL S-S WX SPD DR
================================================================================
1 68 54 61 -4 4 0 0.02 M M 5.1 17 280 M M 9 1 22 270
2 68 49 59 -7 6 0 T M M 7.7 21 270 M M 7 27 270
3 68 47 58 -8 7 0 0.00 M M 5.1 20 270 M M 6 24 250
4 66 49 58 -8 7 0 0.44 M M 6.8 17 270 M M 8 1 24 280
5 68 51 60 -6 5 0 0.01 M M 6.2 16 270 M M 7 1 23 270
6 72 47 60 -6 5 0 0.00 M M 5.0 18 250 M M 1 24 250
7 74 48 61 -5 4 0 0.00 M M 4.3 16 270 M M 0 21 280
8 75 49 62 -4 3 0 0.00 M M 5.1 16 270 M M 0 22 270
9 73 50 62 -5 3 0 T M M 6.6 21 270 M M 7 18 26 270
10 71 53 62 -5 3 0 0.00 M M 4.0 16 270 M M 8 19 270
11 74 52 63 -4 2 0 0.00 M M 5.4 15 270 M M 6 8 19 270
12 81 52 67 0 0 2 0.00 M M 4.6 15 270 M M 2 18 20 270
13 88 54 71 4 0 6 0.00 M M 5.4 20 270 M M 0 18 25 270
14 89 58 74 7 0 9 0.00 M M 5.6 17 270 M M 4 18 21 280
15 84 57 71 3 0 6 0.00 M M 4.8 20 260 M M 3 18 25 270
16 88 56 72 4 0 7 0.00 M M 6.3 17 270 M M 1 18 23 270
17 86 55 71 3 0 6 0.00 M M 6.5 16 270 M M 0 18 20 270
18 79 56 68 0 0 3 0.00 M M 6.6 15 270 M M 0 18 18 270
19 75 57 66 -2 0 1 0.00 M M 6.0 16 270 M M 4 18 21 270
20 86 60 73 5 0 8 0.00 M M 6.2 22 270 M M 3 18 27 270
21 85 60 73 5 0 8 0.00 M M 5.3 16 270 M M 3 18 19 280
22 81 59 70 2 0 5 0.00 M M 6.1 16 270 M M 5 18 22 270
23 72 58 65 -4 0 0 0.00 M M 5.7 16 270 M M 8 1 21 260
24 73 57 65 -4 0 0 0.00 M M 7.1 18 260 M M 6 1 24 270
25 73 57 65 -4 0 0 0.00 M M 6.9 18 270 M M 7 26 270
26 70 56 63 -6 2 0 0.00 M M 6.5 15 270 M M 7 19 240
27 76 55 66 -3 0 1 0.00 M M 6.8 18 270 M M 5 24 240
28 72 54 63 -6 2 0 T M M 3.8 15 270 M M 7 8 21 250
29 73 56 65 -5 0 0 0.00 M M 6.0 16 260 M M 8 21 270
30 71 57 64 -6 1 0 0.00 M M 7.4 17 250 M M 8 8 23 260
31 66 56 61 -9 4 0 0.00 M M 6.4 15 270 M M 10 21 270
================================================================================
SM 2345 1679 58 62 0.47 M 181.3 M 150
================================================================================
AV 75.6 54.2 5.8 FASTST M M 5 MAX(MPH)
MISC ----> 22 270 # 27 270
================================================================================
NOTES:
# LAST OF SEVERAL OCCURRENCES
COLUMN 17 PEAK WIND IN M.P.H.
PRELIMINARY LOCAL CLIMATOLOGICAL DATA (WS FORM: F-6) , PAGE 2
STATION: RIVERSIDE MUNI AIRPORT CA
MONTH: MAY
YEAR: 2023
LATITUDE: 33 57 N
LONGITUDE: 117 27 W
[TEMPERATURE DATA] [PRECIPITATION DATA] SYMBOLS USED IN COLUMN 16
AVERAGE MONTHLY: 64.9 TOTAL FOR MONTH: 0.47 1 = FOG OR MIST
DPTR FM NORMAL: -2.7 DPTR FM NORMAL: 0.27 2 = FOG REDUCING VISIBILITY
HIGHEST: 89 ON 14 GRTST 24HR 0.45 ON 4- 5 TO 1/4 MILE OR LESS
LOWEST: 47 ON 6, 3 3 = THUNDER
SNOW, ICE PELLETS, HAIL 4 = ICE PELLETS
TOTAL MONTH: M 5 = HAIL
GRTST 24HR M ON M 6 = FREEZING RAIN OR DRIZZLE
GRTST DEPTH: M ON M 7 = DUSTSTORM OR SANDSTORM:
VSBY 1/2 MILE OR LESS
8 = SMOKE OR HAZE
[NO. OF DAYS WITH] [WEATHER - DAYS WITH] 9 = BLOWING SNOW
X = TORNADO
MAX 32 OR BELOW: 0 0.01 INCH OR MORE: 3
MAX 90 OR ABOVE: 0 0.10 INCH OR MORE: 1
MIN 32 OR BELOW: 0 0.50 INCH OR MORE: 0
MIN 0 OR BELOW: 0 1.00 INCH OR MORE: 0
[HDD (BASE 65) ]
TOTAL THIS MO. 58 CLEAR (SCALE 0-3) 9
DPTR FM NORMAL 25 PTCLDY (SCALE 4-7) 20
TOTAL FM JUL 1 1789 CLOUDY (SCALE 8-10) 2
DPTR FM NORMAL 405
[CDD (BASE 65) ]
TOTAL THIS MO. 62
DPTR FM NORMAL -52 [PRESSURE DATA]
TOTAL FM JAN 1 108 HIGHEST SLP 30.08 ON 7
DPTR FM NORMAL -85 LOWEST SLP 29.72 ON 13
[REMARKS]
#FINAL-05-23#