000
CXUS56 KMFR 011000
CF6RBG
PRELIMINARY LOCAL CLIMATOLOGICAL DATA (WS FORM: F-6)
STATION: ROSEBURG OR
MONTH: MARCH
YEAR: 2020
LATITUDE: 43 13 N
LONGITUDE: 123 22 W
TEMPERATURE IN F: :PCPN: SNOW: WIND :SUNSHINE: SKY :PK WND
================================================================================
1 2 3 4 5 6A 6B 7 8 9 10 11 12 13 14 15 16 17 18
12Z AVG MX 2MIN
DY MAX MIN AVG DEP HDD CDD WTR SNW DPTH SPD SPD DIR MIN PSBL S-S WX SPD DR
================================================================================
1 50 35 43 -4 22 0 T M M 5.4 18 360 M M 4 22 10
2 53 33 43 -4 22 0 0.00 M M 0.7 5 340 M M 8 9 10
3 65 35 50 3 15 0 0.00 M M 1.6 9 360 M M 1 1 11 350
4 62 38 50 3 15 0 0.00 M M 0.7 7 250 M M 4 12 9 260
5 66 36 51 3 14 0 0.00 M M 3.3 14 330 M M 2 12 18 340
6 56 41 49 1 16 0 0.29 M M 2.9 16 330 M M 6 1 22 330
7 50 37 44 -4 21 0 0.27 M M 2.3 13 270 M M 9 18 260
8 50 36 43 -5 22 0 T M M 1.8 7 30 M M 10 1 10 30
9 60 39 50 2 15 0 0.00 M M 1.8 9 290 M M 5 12 12 320
10 64 34 49 1 16 0 T M M 2.0 9 10 M M 3 12 11 10
11 62 35 49 1 16 0 0.00 M M 4.6 17 10 M M 0 1 21 20
12 59 37 48 0 17 0 0.00 M M 6.8 25 10 M M 0 32 10
13 57 31 44 -4 21 0 0.13 M M 3.7 15 340 M M 4 19 250
14 49 34 42 -6 23 0 0.04 M M 3.6 18 160 M M 7 24 180
15 48 34 41 -7 24 0 0.21 M M 2.8 10 170 M M 8 1 14 140
16 56 37 47 -2 18 0 0.03 M M 2.6 9 40 M M 6 1 13 10
17 58 37 48 -1 17 0 T M M 3.6 13 320 M M 7 12 20 340
18 60 36 48 -1 17 0 0.00 M M 2.3 13 320 M M 2 15 320
19 67 34 51 2 14 0 0.00 M M 1.9 16 310 M M 2 12 22 320
20 67 36 52 3 13 0 0.00 M M 2.9 15 10 M M 1 12 19 10
21 69 38 54 5 11 0 0.00 M M 2.8 13 320 M M 0 18 30
22 71 36 54 5 11 0 0.00 M M 2.0 13 300 M M 0 17 340
23 53 42 48 -1 17 0 0.02 M M 4.1 14 250 M M 9 20 230
24 50 40 45 -4 20 0 0.20 M M 3.9 17 310 M M 8 23 310
25 51 38 45 -4 20 0 0.11 M M 2.5 10 250 M M 6 15 260
26 57 38 48 -2 17 0 0.00 M M 2.2 12 320 M M 7 1 14 330
27 57 42 50 0 15 0 0.00 M M 2.2 9 220 M M 10 13 160
28 59 46 53 3 12 0 0.01 M M 3.1 13 160 M M 10 1 18 160
29 62 47 55 5 10 0 0.06 M M 5.4 18 260 M M 8 26 230
30 55 51 53 3 12 0 0.35 M M 5.6 18 180 M M 10 1 25 160
31 53 45 49 -1 16 0 0.41 M M 3.7 14 310 M M 8 1 21 340
================================================================================
SM 1796 1178 519 0 2.13 M 94.8 M 165
================================================================================
AV 57.9 38.0 3.1 FASTST M M 5 MAX(MPH)
MISC ----> # 25 10 # 32 10
================================================================================
NOTES:
# LAST OF SEVERAL OCCURRENCES
COLUMN 17 PEAK WIND IN M.P.H.
PRELIMINARY LOCAL CLIMATOLOGICAL DATA (WS FORM: F-6) , PAGE 2
STATION: ROSEBURG OR
MONTH: MARCH
YEAR: 2020
LATITUDE: 43 13 N
LONGITUDE: 123 22 W
[TEMPERATURE DATA] [PRECIPITATION DATA] SYMBOLS USED IN COLUMN 16
AVERAGE MONTHLY: 48.0 TOTAL FOR MONTH: 2.13 1 = FOG OR MIST
DPTR FM NORMAL: -0.6 DPTR FM NORMAL: -1.37 2 = FOG REDUCING VISIBILITY
HIGHEST: 71 ON 22 GRTST 24HR 0.41 ON 31-31 TO 1/4 MILE OR LESS
LOWEST: 31 ON 13 3 = THUNDER
SNOW, ICE PELLETS, HAIL 4 = ICE PELLETS
TOTAL MONTH: M 5 = HAIL
GRTST 24HR M ON M 6 = FREEZING RAIN OR DRIZZLE
GRTST DEPTH: M ON M 7 = DUSTSTORM OR SANDSTORM:
VSBY 1/2 MILE OR LESS
8 = SMOKE OR HAZE
[NO. OF DAYS WITH] [WEATHER - DAYS WITH] 9 = BLOWING SNOW
X = TORNADO
MAX 32 OR BELOW: 0 0.01 INCH OR MORE: 13
MAX 90 OR ABOVE: 0 0.10 INCH OR MORE: 8
MIN 32 OR BELOW: 1 0.50 INCH OR MORE: 0
MIN 0 OR BELOW: 0 1.00 INCH OR MORE: 0
[HDD (BASE 65) ]
TOTAL THIS MO. 519 CLEAR (SCALE 0-3) 10
DPTR FM NORMAL 9 PTCLDY (SCALE 4-7) 13
TOTAL FM JUL 1 3283 CLOUDY (SCALE 8-10) 8
DPTR FM NORMAL -96
[CDD (BASE 65) ]
TOTAL THIS MO. 0
DPTR FM NORMAL 0 [PRESSURE DATA]
TOTAL FM JAN 1 0 HIGHEST SLP 30.19 ON 26
DPTR FM NORMAL 0 LOWEST SLP 29.90 ON 30
[REMARKS]
#FINAL-03-20#