000
CXUS56 KSTO 080003
CF6RBL
PRELIMINARY LOCAL CLIMATOLOGICAL DATA (WS FORM: F-6)
STATION: RED BLUFF AIRPORT CA
MONTH: JUNE
YEAR: 2021
LATITUDE: 40 9 N
LONGITUDE: 122 15 W
TEMPERATURE IN F: :PCPN: SNOW: WIND :SUNSHINE: SKY :PK WND
================================================================================
1 2 3 4 5 6A 6B 7 8 9 10 11 12 13 14 15 16 17 18
12Z AVG MX 2MIN
DY MAX MIN AVG DEP HDD CDD WTR SNW DPTH SPD SPD DIR MIN PSBL S-S WX SPD DR
================================================================================
1 104 69 87 15 0 22 0.00 0.0 M 6.3 16 170 M M 0 25 150
2 101 69 85 12 0 20 0.00 0.0 M 5.9 15 160 M M 0 20 120
3 105 65 85 12 0 20 0.00 0.0 M 5.8 16 160 M M 0 20 160
4 101 72 87 14 0 22 0.00 M M 6.4 15 160 M M 0 19 150
5 99 67 83 9 0 18 0.00 M M 6.7 16 140 M M 0 22 130
6 95 68 82 8 0 17 0.00 0.0 M 12.0 25 310 M M 0 33 320
7 84 59 72 -2 0 7 0.00 0.0 M 9.2 23 150 M M 0 28 130
8 77 55 66 -8 0 1 0.00 0.0 M 10.5 18 130 M M 2 36 150
9 76 53 65 -10 0 0 0.09 M M 7.5 23 220 M M 2 3 29 210
10 77 52 65 -10 0 0 0.00 M M 5.9 14 170 M M 2 19 150
11 81 59 70 -5 0 5 0.03 0.0 M 11.3 20 160 M M 5 26 170
12 91 59 75 0 0 10 0.00 0.0 M 6.2 15 130 M M 2 19 170
13 94 67 81 5 0 16 0.00 0.0 M 13.7 29 160 M M 0 36 140
14 89 66 78 2 0 13 0.00 0.0 M 13.9 22 150 M M 2 36 170
15 90 59 75 -1 0 10 0.00 0.0 M 4.8 13 30 M M 0 17 40
16 103 66 85 8 0 20 0.00 M M 7.8 21 350 M M 0 26 350
17 111 67 89 12 0 24 0.00 M M 7.1 20 360 M M 0 26 340
18 111 71 91 14 0 26 0.00 0.0 M 5.8 13 130 M M 0 20 150
19 109 71 90 13 0 25 0.00 0.0 M 6.0 16 160 M M 0 21 170
20 105 67 86 8 0 21 0.00 0.0 M 6.7 18 160 M M 0 M M
21 97 67 82 4 0 17 0.00 0.0 M 8.1 18 140 M M 0 23 130
22 93 65 79 1 0 14 0.00 M M 9.5 17 170 M M 0 24 170
23 95 66 81 3 0 16 0.00 M M 7.4 20 170 M M 0 26 170
24 95 63 79 0 0 14 0.00 M M 6.9 22 160 M M 0 28 160
25 99 68 84 5 0 19 0.00 0.0 M 6.9 15 150 M M 0 19 140
26 115 70 93 14 0 28 0.00 0.0 M 4.3 18 10 M M 0 26 10
27 105 76 91 11 0 26 0.00 0.0 M 7.2 16 150 M M 0 20 170
28 102 72 87 7 0 22 0.00 0.0 M 8.1 16 140 M M 0 21 140
29 105 70 88 8 0 23 0.00 M M 5.8 15 170 M M 0 19 160
30 103 73 88 8 0 23 0.00 M M 9.2 18 150 M M 0 24 150
================================================================================
SM 2912 1971 0 499 0.12 0.0 232.9 M 15
================================================================================
AV 97.1 65.7 7.8 FASTST M M 1 MAX(MPH)
MISC ----> 29 160 # 36 150
================================================================================
NOTES:
# LAST OF SEVERAL OCCURRENCES
COLUMN 17 PEAK WIND IN M.P.H.
PRELIMINARY LOCAL CLIMATOLOGICAL DATA (WS FORM: F-6) , PAGE 2
STATION: RED BLUFF AIRPORT CA
MONTH: JUNE
YEAR: 2021
LATITUDE: 40 9 N
LONGITUDE: 122 15 W
[TEMPERATURE DATA] [PRECIPITATION DATA] SYMBOLS USED IN COLUMN 16
AVERAGE MONTHLY: 81.4 TOTAL FOR MONTH: 0.12 1 = FOG OR MIST
DPTR FM NORMAL: 5.0 DPTR FM NORMAL: -0.32 2 = FOG REDUCING VISIBILITY
HIGHEST: 115 ON 26 GRTST 24HR 0.09 ON 9- 9 TO 1/4 MILE OR LESS
LOWEST: 52 ON 10 3 = THUNDER
SNOW, ICE PELLETS, HAIL 4 = ICE PELLETS
TOTAL MONTH: 0.0 INCH 5 = HAIL
GRTST 24HR 0.0 6 = FREEZING RAIN OR DRIZZLE
GRTST DEPTH: M ON M 7 = DUSTSTORM OR SANDSTORM:
VSBY 1/2 MILE OR LESS
8 = SMOKE OR HAZE
[NO. OF DAYS WITH] [WEATHER - DAYS WITH] 9 = BLOWING SNOW
X = TORNADO
MAX 32 OR BELOW: 0 0.01 INCH OR MORE: 2
MAX 90 OR ABOVE: 24 0.10 INCH OR MORE: 0
MIN 32 OR BELOW: 0 0.50 INCH OR MORE: 0
MIN 0 OR BELOW: 0 1.00 INCH OR MORE: 0
[HDD (BASE 65) ]
TOTAL THIS MO. 0 CLEAR (SCALE 0-3) 29
DPTR FM NORMAL -6 PTCLDY (SCALE 4-7) 1
TOTAL FM JUL 1 2179 CLOUDY (SCALE 8-10) 0
DPTR FM NORMAL -341
[CDD (BASE 65) ]
TOTAL THIS MO. 499
DPTR FM NORMAL 151 [PRESSURE DATA]
TOTAL FM JAN 1 823 HIGHEST SLP 30.26 ON 10
DPTR FM NORMAL 295 LOWEST SLP 29.57 ON 18
[REMARKS]
#FINAL-06-21#