000
CXUS56 KSTO 241300
CF6RDD
PRELIMINARY LOCAL CLIMATOLOGICAL DATA (WS FORM: F-6)
STATION: REDDING CA AIRPORT AND CITY
MONTH: APRIL
YEAR: 2024
LATITUDE: 40 30 N
LONGITUDE: 122 18 W
TEMPERATURE IN F: :PCPN: SNOW: WIND :SUNSHINE: SKY :PK WND
================================================================================
1 2 3 4 5 6A 6B 7 8 9 10 11 12 13 14 15 16 17 18
12Z AVG MX 2MIN
DY MAX MIN AVG DEP HDD CDD WTR SNW DPTH SPD SPD DIR MIN PSBL S-S WX SPD DR
================================================================================
1 81 50 66 10 0 1 0.00 0.0 M 6.8 18 10 M M 0 36 80
2 76 48 62 6 3 0 0.00 0.0 M 5.0 14 190 M M 0 M M
3 70 51 61 4 4 0 0.23 0.0 M 5.2 15 180 M M 4 3 32 190
4 53 40 47 -10 18 0 0.12 M M 7.4 21 190 M M 10 25 190
5 61 39 50 -7 15 0 0.01 M M 3.5 9 200 M M 5 M M
6 61 43 52 -5 13 0 0.00 0.0 M 6.1 13 170 M M 6 22 180
7 67 44 56 -1 9 0 0.00 0.0 M 4.6 8 290 M M 0 M M
8 77 43 60 2 5 0 0.00 0.0 M 8.1 13 330 M M 0 22 340
9 81 46 64 6 1 0 0.00 0.0 M 3.5 9 180 M M 0 M M
10 85 50 68 10 0 3 0.00 0.0 M 3.1 9 150 M M 0 M M
11 81 51 66 8 0 1 0.00 0.0 M 4.9 15 190 M M 0 21 180
12 69 57 63 5 2 0 0.00 0.0 M 6.0 15 170 M M 6 22 180
13 58 48 53 -6 12 0 0.20 0.0 M 9.0 25 160 M M 10 1 35 150
14 51 44 48 -11 17 0 0.90 M M 5.3 9 140 M M 10 18 M M
15 76 47 62 3 3 0 0.00 0.0 M 3.0 7 10 M M 2 M M
16 80 49 65 6 0 0 0.00 0.0 M 4.9 12 360 M M 0 M M
17 82 55 69 9 0 4 0.00 0.0 M 7.5 15 350 M M 0 24 360
18 82 58 70 10 0 5 0.00 0.0 M 6.7 13 10 M M 0 21 350
19 82 52 67 7 0 2 0.00 0.0 M 3.4 8 210 M M 0 M M
20 83 53 68 8 0 3 0.00 0.0 M 3.7 10 160 M M 0 M M
21 88 56 72 11 0 7 0.00 0.0 M 5.9 12 10 M M 0 M M
22 88 63 76 15 0 11 0.00 0.0 M 6.9 14 350 M M 0 23 350
23 73 55 64 3 1 0 0.00 0.0 M 5.8 12 190 M M 3 M M
================================================================================
SM 1705 1142 103 37 1.46 0.0 126.3 M 56
================================================================================
AV 74.1 49.7 5.5 FASTST M M 2 MAX(MPH)
MISC ----> 25 160 36 80
================================================================================
NOTES:
# LAST OF SEVERAL OCCURRENCES
COLUMN 17 PEAK WIND IN M.P.H.
PRELIMINARY LOCAL CLIMATOLOGICAL DATA (WS FORM: F-6) , PAGE 2
STATION: REDDING CA AIRPORT AND CITY
MONTH: APRIL
YEAR: 2024
LATITUDE: 40 30 N
LONGITUDE: 122 18 W
[TEMPERATURE DATA] [PRECIPITATION DATA] SYMBOLS USED IN COLUMN 16
AVERAGE MONTHLY: 61.9 TOTAL FOR MONTH: 1.46 1 = FOG OR MIST
DPTR FM NORMAL: 3.4 DPTR FM NORMAL: -0.54 2 = FOG REDUCING VISIBILITY
HIGHEST: 88 ON 22,21 GRTST 24HR 0.92 ON 13-14 TO 1/4 MILE OR LESS
LOWEST: 39 ON 5 3 = THUNDER
SNOW, ICE PELLETS, HAIL 4 = ICE PELLETS
TOTAL MONTH: 0.0 INCH 5 = HAIL
GRTST 24HR 0.0 6 = FREEZING RAIN OR DRIZZLE
GRTST DEPTH: M ON M 7 = DUSTSTORM OR SANDSTORM:
VSBY 1/2 MILE OR LESS
8 = SMOKE OR HAZE
[NO. OF DAYS WITH] [WEATHER - DAYS WITH] 9 = BLOWING SNOW
X = TORNADO
MAX 32 OR BELOW: 0 0.01 INCH OR MORE: 5
MAX 90 OR ABOVE: 0 0.10 INCH OR MORE: 4
MIN 32 OR BELOW: 0 0.50 INCH OR MORE: 1
MIN 0 OR BELOW: 0 1.00 INCH OR MORE: 0
[HDD (BASE 65) ]
TOTAL THIS MO. 103 CLEAR (SCALE 0-3) 16
DPTR FM NORMAL -62 PTCLDY (SCALE 4-7) 4
TOTAL FM JUL 1 2016 CLOUDY (SCALE 8-10) 3
DPTR FM NORMAL -461
[CDD (BASE 65) ]
TOTAL THIS MO. 37
DPTR FM NORMAL 25 [PRESSURE DATA]
TOTAL FM JAN 1 40 HIGHEST SLP M ON M
DPTR FM NORMAL 24 LOWEST SLP M ON M
[REMARKS]