000
CXUS56 KSTO 060122
CF6RDD
PRELIMINARY LOCAL CLIMATOLOGICAL DATA (WS FORM: F-6)
STATION: REDDING CA AIRPORT AND CITY
MONTH: MAY
YEAR: 2020
LATITUDE: 40 30 N
LONGITUDE: 122 18 W
TEMPERATURE IN F: :PCPN: SNOW: WIND :SUNSHINE: SKY :PK WND
================================================================================
1 2 3 4 5 6A 6B 7 8 9 10 11 12 13 14 15 16 17 18
12Z AVG MX 2MIN
DY MAX MIN AVG DEP HDD CDD WTR SNW DPTH SPD SPD DIR MIN PSBL S-S WX SPD DR
================================================================================
1 82 48 65 2 0 0 0.00 0.0 0 3.7 14 170 M M 1 19 160
2 76 51 64 1 1 0 0.60 0.0 0 9.6 33 160 M M 3 3 40 170
3 76 45 61 -2 4 0 0.00 0.0 0 5.2 15 360 M M 0 18 350
4 82 44 63 -1 2 0 0.00 0.0 0 3.4 7 280 M M 0 10 40
5 83 50 67 3 0 2 0.00 0.0 0 5.1 14 170 M M 1 20 160
6 84 49 67 3 0 2 0.00 0.0 0 8.6 18 360 M M 0 25 360
7 93 59 76 12 0 11 0.00 0.0 0 8.4 20 360 M M 0 26 360
8 96 50 73 8 0 8 0.00 0.0 0 2.5 14 10 M M 0 17 10
9 94 57 76 11 0 11 0.00 0.0 0 3.4 12 140 M M 0 15 150
10 88 56 72 6 0 7 0.00 0.0 0 5.8 18 180 M M 0 23 180
11 71 54 63 -3 2 0 0.28 0.0 0 5.6 16 210 M M 6 1 21 210
12 62 54 58 -8 7 0 0.93 0.0 0 9.0 23 170 M M 10 13 28 160
13 62 53 58 -8 7 0 0.10 0.0 0 7.6 18 180 M M 9 1 21 200
14 66 52 59 -8 6 0 0.17 0.0 0 4.5 15 170 M M 10 1 19 190
15 79 50 65 -2 0 0 0.00 0.0 0 3.3 10 360 M M 1 14 40
16 75 55 65 -2 0 0 0.36 0.0 0 5.4 24 160 M M 3 30 170
17 72 58 65 -3 0 0 0.03 0.0 0 15.4 32 170 M M 9 42 160
18 60 49 55 -13 10 0 1.21 M 0 4.8 15 20 M M 8 13 18 350
19 74 45 60 -8 5 0 T M 0 3.9 21 290 M M 1 3 36 280
20 74 49 62 -7 3 0 0.00 0.0 0 3.9 14 170 M M 3 19 190
21 84 53 69 0 0 4 0.00 0.0 0 5.3 13 300 M M 1 20 280
22 77 55 66 -3 0 1 0.00 0.0 0 11.2 22 30 M M 0 31 30
23 85 54 70 0 0 5 0.00 0.0 0 6.7 14 350 M M 0 19 350
24 93 61 77 7 0 12 0.00 0.0 0 6.6 15 340 M M 0 22 10
25 99 67 83 13 0 18 0.00 0.0 0 5.9 14 10 M M 0 20 360
26 96 65 81 11 0 16 0.00 0.0 0 3.9 13 170 M M 0 8 15 170
27 99 66 83 12 0 18 0.00 0.0 0 2.9 10 20 M M 0 16 140
28 100 68 84 13 0 19 0.00 0.0 0 3.4 13 160 M M 0 16 170
29 100 66 83 12 0 18 0.00 0.0 0 5.5 22 170 M M 0 25 160
30 73 58 66 -5 0 1 0.62 0.0 0 7.4 20 180 M M 8 13 26 180
31 81 58 70 -2 0 5 0.00 0.0 0 4.1 13 180 M M 2 16 110
================================================================================
SM 2536 1699 47 158 4.30 0.0 182.0 M 76
================================================================================
AV 81.8 54.8 5.9 FASTST M M 2 MAX(MPH)
MISC ----> # 33 160 # 42 160
================================================================================
NOTES:
# LAST OF SEVERAL OCCURRENCES
COLUMN 17 PEAK WIND IN M.P.H.
PRELIMINARY LOCAL CLIMATOLOGICAL DATA (WS FORM: F-6) , PAGE 2
STATION: REDDING CA AIRPORT AND CITY
MONTH: MAY
YEAR: 2020
LATITUDE: 40 30 N
LONGITUDE: 122 18 W
[TEMPERATURE DATA] [PRECIPITATION DATA] SYMBOLS USED IN COLUMN 16
AVERAGE MONTHLY: 68.3 TOTAL FOR MONTH: 4.30 1 = FOG OR MIST
DPTR FM NORMAL: 1.0 DPTR FM NORMAL: 2.45 2 = FOG REDUCING VISIBILITY
HIGHEST: 100 ON 29,28 GRTST 24HR 1.21 ON 18-18 TO 1/4 MILE OR LESS
LOWEST: 44 ON 4 3 = THUNDER
SNOW, ICE PELLETS, HAIL 4 = ICE PELLETS
TOTAL MONTH: 0.0 INCH 5 = HAIL
GRTST 24HR 0.0 6 = FREEZING RAIN OR DRIZZLE
GRTST DEPTH: 0 7 = DUSTSTORM OR SANDSTORM:
VSBY 1/2 MILE OR LESS
8 = SMOKE OR HAZE
[NO. OF DAYS WITH] [WEATHER - DAYS WITH] 9 = BLOWING SNOW
X = TORNADO
MAX 32 OR BELOW: 0 0.01 INCH OR MORE: 9
MAX 90 OR ABOVE: 9 0.10 INCH OR MORE: 8
MIN 32 OR BELOW: 0 0.50 INCH OR MORE: 4
MIN 0 OR BELOW: 0 1.00 INCH OR MORE: 1
[HDD (BASE 65) ]
TOTAL THIS MO. 47 CLEAR (SCALE 0-3) 22
DPTR FM NORMAL -26 PTCLDY (SCALE 4-7) 4
TOTAL FM JUL 1 2305 CLOUDY (SCALE 8-10) 5
DPTR FM NORMAL -504
[CDD (BASE 65) ]
TOTAL THIS MO. 158
DPTR FM NORMAL 14 [PRESSURE DATA]
TOTAL FM JAN 1 218 HIGHEST SLP M ON M
DPTR FM NORMAL 50 LOWEST SLP 29.63 ON 29
[REMARKS]
#FINAL-05-20#