000
CXUS51 KPHI 191533
CF6RDG
PRELIMINARY LOCAL CLIMATOLOGICAL DATA (WS FORM: F-6)
STATION: READING PA
MONTH: FEBRUARY
YEAR: 2024
LATITUDE: 40 22 N
LONGITUDE: 75 58 W
TEMPERATURE IN F: :PCPN: SNOW: WIND :SUNSHINE: SKY :PK WND
================================================================================
1 2 3 4 5 6A 6B 7 8 9 10 11 12 13 14 15 16 17 18
12Z AVG MX 2MIN
DY MAX MIN AVG DEP HDD CDD WTR SNW DPTH SPD SPD DIR MIN PSBL S-S WX SPD DR
================================================================================
1 47 27 37 6 28 0 T 0.0 0 2.3 14 250 M M 9 12 17 250
2 47 38 43 12 22 0 0.07 0.0 0 7.8 21 350 M M 10 1 25 340
3 48 32 40 9 25 0 0.00 0.0 0 7.6 16 350 M M 4 19 20
4 51 28 40 9 25 0 0.00 0.0 0 2.6 9 260 M M 1 12 260
5 47 25 36 5 29 0 0.00 0.0 0 4.0 12 10 M M 0 14 10
6 45 24 35 4 30 0 0.00 0.0 0 3.1 13 20 M M 0 16 30
7 49 23 36 4 29 0 0.00 0.0 0 1.1 8 10 M M 0 11 360
8 55 28 42 10 23 0 0.00 0.0 0 3.9 12 190 M M 0 16 220
9 57 36 47 15 18 0 0.00 0.0 0 3.4 12 150 M M 2 14 150
10 58 35 47 15 18 0 0.00 0.0 0 1.2 10 350 M M 1 1 12 350
11 49 42 46 14 19 0 0.00 0.0 0 4.0 10 20 M M 6 1 13 30
12 50 34 42 10 23 0 0.01 0.0 0 2.5 13 140 M M 5 16 140
13 42 33 38 5 27 0 1.21 5.8 2 9.9 23 310 M M 7 12 31 300
14 38 27 33 0 32 0 T T 3 11.1 24 310 M M 3 32 300
15 38 19 29 -4 36 0 T T 2 4.2 17 190 M M 2 22 190
16 42 32 37 4 28 0 0.02 0.2 2 12.9 33 300 M M 3 1 41 300
17 35 23 29 -5 36 0 0.17 2.5 3 8.3 24 270 M M 6 1 30 270
18 41 20 31 -3 34 0 0.00 0.0 2 9.2 22 250 M M 0 31 220
19 42 28 35 1 30 0 0.00 0.0 1 6.4 21 310 M M 0 25 310
20 41 20 31 -3 34 0 0.00 0.0 T 4.2 9 140 M M 0 12 130
21 44 21 33 -1 32 0 0.00 0.0 T 3.9 15 150 M M 0 19 150
22 46 27 37 2 28 0 0.07 0.0 T 4.2 16 190 M M 7 1 19 190
23 49 36 43 8 22 0 T 0.0 T 4.5 12 320 M M 7 1 15 310
24 41 25 33 -2 32 0 0.01 0.0 0 8.9 20 360 M M 5 1 25 10
25 43 21 32 -4 33 0 0.00 0.0 0 5.7 13 200 M M 0 18 210
26 60 30 45 9 20 0 0.00 0.0 0 2.4 8 190 M M 1 12 190
27 65 35 50 14 15 0 0.21 0.0 0 6.5 20 180 M M 4 1 30 170
28 60 37 49 13 16 0 0.41 0.0 0 12.8 37 290 M M 9 13 53 290
29 43 30 37 1 28 0 0.00 0.0 0 14.4 30 310 M M 2 42 300
================================================================================
SM 1373 836 772 0 2.18 8.5 173.0 M 94
================================================================================
AV 47.3 28.8 6.0 FASTST M M 3 MAX(MPH)
MISC ----> 37 290 53 290
================================================================================
NOTES:
# LAST OF SEVERAL OCCURRENCES
COLUMN 17 PEAK WIND IN M.P.H.
PRELIMINARY LOCAL CLIMATOLOGICAL DATA (WS FORM: F-6) , PAGE 2
STATION: READING PA
MONTH: FEBRUARY
YEAR: 2024
LATITUDE: 40 22 N
LONGITUDE: 75 58 W
[TEMPERATURE DATA] [PRECIPITATION DATA] SYMBOLS USED IN COLUMN 16
AVERAGE MONTHLY: 38.1 TOTAL FOR MONTH: 2.18 1 = FOG OR MIST
DPTR FM NORMAL: 5.0 DPTR FM NORMAL: -0.43 2 = FOG REDUCING VISIBILITY
HIGHEST: 65 ON 27 GRTST 24HR 1.21 ON 13-13 TO 1/4 MILE OR LESS
LOWEST: 19 ON 15 3 = THUNDER
SNOW, ICE PELLETS, HAIL 4 = ICE PELLETS
TOTAL MONTH: 8.5 INCHES 5 = HAIL
GRTST 24HR 5.8 ON 13-13 6 = FREEZING RAIN OR DRIZZLE
GRTST DEPTH: 3 ON 17,14 7 = DUSTSTORM OR SANDSTORM:
VSBY 1/2 MILE OR LESS
8 = SMOKE OR HAZE
[NO. OF DAYS WITH] [WEATHER - DAYS WITH] 9 = BLOWING SNOW
X = TORNADO
MAX 32 OR BELOW: 0 0.01 INCH OR MORE: 9
MAX 90 OR ABOVE: 0 0.10 INCH OR MORE: 4
MIN 32 OR BELOW: 20 0.50 INCH OR MORE: 1
MIN 0 OR BELOW: 0 1.00 INCH OR MORE: 1
[HDD (BASE 65) ]
TOTAL THIS MO. 772 CLEAR (SCALE 0-3) 16
DPTR FM NORMAL -120 PTCLDY (SCALE 4-7) 10
TOTAL FM JUL 1 3331 CLOUDY (SCALE 8-10) 3
DPTR FM NORMAL -580
[CDD (BASE 65) ]
TOTAL THIS MO. 0
DPTR FM NORMAL 0 [PRESSURE DATA]
TOTAL FM JAN 1 0 HIGHEST SLP 30.52 ON 20
DPTR FM NORMAL 0 LOWEST SLP 29.48 ON 23
[REMARKS]
#FINAL-02-24#