000
CXUS56 KPDT 012314
CLMRDM
CLIMATE REPORT
NATIONAL WEATHER SERVICE PENDLETON, OR
314 PM PST FRI MAR 01 2024
...................................
...THE REDMOND OR CLIMATE SUMMARY FOR THE MONTH OF FEBRUARY 2024...
CLIMATE NORMAL PERIOD 1991 TO 2020
CLIMATE RECORD PERIOD 1949 TO 2024
WEATHER OBSERVED NORMAL DEPART LAST YEAR`S
VALUE DATE(S) VALUE FROM VALUE DATE(S)
NORMAL
................................................................
TEMPERATURE (F)
RECORD
HIGH 74 02/10/2022
LOW -19 02/05/1989
HIGHEST 62 02/24 63 02/12
LOWEST 20 02/04 -2 02/25
02/13
AVG. MAXIMUM 48.0 48.0 0.0 47.5
AVG. MINIMUM 27.8 25.3 2.5 22.3
MEAN 37.9 36.6 1.3 34.9
DAYS MAX >= 90 0 0.0 0.0 0
DAYS MAX <= 32 2 1.9 0.1 2
DAYS MIN <= 32 25 23.6 1.4 24
DAYS MIN <= 0 0 0.4 -0.4 1
PRECIPITATION (INCHES)
RECORD
MAXIMUM 2.37 1986
MINIMUM T 1990
TOTALS 1.67 0.66 1.01 0.09
DAILY AVG. 0.06 NAN NAN 0.00
DAYS >= .01 13 7.3 5.7 4
DAYS >= .10 7 2.4 4.6 0
DAYS >= .50 0 0.2 -0.2 0
DAYS >= 1.00 0 0.0 0.0 0
GREATEST
24 HR. TOTAL 0.35 02/15 TO 02/16 0.04 02/04 TO 02/05
DEGREE DAYS
HEATING TOTAL 777 794 -17 835
SINCE 7/1 3921 4356 -435
COOLING TOTAL 0 0 0 0
SINCE 1/1 0 0 0
................................................................
WIND (MPH)
AVERAGE WIND SPEED 5.7
RESULTANT WIND SPEED/DIRECTION 2/220
HIGHEST WIND SPEED/DIRECTION MM DATE MM
HIGHEST GUST SPEED/DIRECTION 50/200 DATE 02/29
AVERAGE RH (PERCENT) 68
WEATHER CONDITIONS. NUMBER OF DAYS WITH
THUNDERSTORM 0 MIXED PRECIP 1
HEAVY RAIN 0 RAIN 0
LIGHT RAIN 11 FREEZING RAIN 2
LT FREEZING RAIN 3 HAIL 0
HEAVY SNOW 1 SNOW 6
LIGHT SNOW 9 SLEET 0
FOG 12 FOG W/VIS <= 1/4 MILE 4
HAZE 3
- INDICATES NEGATIVE NUMBERS.
R INDICATES RECORD WAS SET OR TIED.
MM INDICATES DATA IS MISSING.
T INDICATES TRACE AMOUNT.
$$