000
CXUS52 KRAH 081547 RRA
CLSRDU
CLIMATE REPORT
NATIONAL WEATHER SERVICE RALEIGH NC
1047 AM EST FRI MAR 08 2024
...................................
...THE RALEIGH NC CLIMATE SUMMARY FOR THE SEASON, FROM
12/1/2023 TO 2/29/2024...
CLIMATE NORMAL PERIOD 1991 TO 2020
CLIMATE RECORD PERIOD 1887 TO 2024
WEATHER OBSERVED NORMAL DEPART LAST YEAR`S
VALUE DATE(S) VALUE FROM VALUE
NORMAL
..............................................................
TEMPERATURE (F)
RECORD
HIGH 85 02/23/2023
LOW -9 01/21/1985
HIGHEST 76 02/10
LOWEST 18 01/17
01/21
AVG. MAXIMUM 58.8 54.1 4.7
AVG. MINIMUM 36.8 33.5 3.3
MEAN 47.8 43.8 4.0
DAYS MAX >= 90 0 0.0 0.0
DAYS MAX <= 32 0 2.4 -2.4
DAYS MIN <= 32 36 47.3 -11.3
DAYS MIN <= 0 0 0.0 0.0
PRECIPITATION (INCHES)
RECORD
MAXIMUM 17.23 1984
MINIMUM 4.23 1890
TOTALS 13.37 9.60 3.77
DAYS >= .01 29 29.1 -0.1
DAYS >= 1.00 4 2.1 1.9
GREATEST
24 HR. TOTAL 2.85 12/17 TO 12/17
SNOWFALL (INCHES)
RECORDS
TOTAL 29.5 1893
TOTALS 0.0 4.8 -4.8
DAYS >= TRACE 0 2.9 -2.9
DAYS >= 1.0 0 1.4 -1.4
GREATEST
SNOW DEPTH 0
24 HR TOTAL 0.0
DEGREE DAYS
HEATING TOTAL 1553 1916 -363
SINCE 7/1 2043 2537 -494
..............................................................
WIND (MPH)
AVERAGE WIND SPEED 5.7
HIGHEST WIND SPEED/DIRECTION 51/220 DATE 01/09
HIGHEST GUST SPEED/DIRECTION 69/210 DATE 01/09
SKY COVER
POSSIBLE SUNSHINE (PERCENT) MM
AVERAGE SKY COVER 0.56
NUMBER OF DAYS FAIR 25
NUMBER OF DAYS PC 36
NUMBER OF DAYS CLOUDY 30
AVERAGE RH (PERCENT) 59
WEATHER CONDITIONS. NUMBER OF DAYS WITH
THUNDERSTORM 3 MIXED PRECIP 0
HEAVY RAIN 7 RAIN 12
LIGHT RAIN 34 FREEZING RAIN 0
LT FREEZING RAIN 0 HAIL 0
HEAVY SNOW 0 SNOW 0
LIGHT SNOW 0 SLEET 0
FOG 27 FOG W/VIS <= 1/4 MILE 5
HAZE 5
- INDICATES NEGATIVE NUMBERS.
R INDICATES RECORD WAS SET OR TIED.
MM INDICATES DATA IS MISSING.
T INDICATES TRACE AMOUNT.
&&
DJF 2023-2024 WAS THE 5TH WARMEST DJF ON RECORD.
DJF 2023-2024 WAS THE 18TH WETTEST DJF ON RECORD.
$$