000
CXUS53 KGRB 120024
CF6RHI
PRELIMINARY LOCAL CLIMATOLOGICAL DATA (WS FORM: F-6)
STATION: RHINELANDER WI
MONTH: APRIL
YEAR: 2023
LATITUDE: 45 37 N
LONGITUDE: 89 27 W
TEMPERATURE IN F: :PCPN: SNOW: WIND :SUNSHINE: SKY :PK WND
================================================================================
1 2 3 4 5 6A 6B 7 8 9 10 11 12 13 14 15 16 17 18
12Z AVG MX 2MIN
DY MAX MIN AVG DEP HDD CDD WTR SNW DPTH SPD SPD DIR MIN PSBL S-S WX SPD DR
================================================================================
1 34 12 23 -11 42 0 1.32 10.4 27 8.4 18 10 M M 4 128 37 40
2 41 13 27 -8 38 0 0.01 0.6 25 9.7 21 260 M M 4 1 30 150
3 47 25 36 1 29 0 0.00 0.0 22 7.2 20 270 M M 0 23 280
4 35 27 31 -5 34 0 0.03 0.2 21 15.7 32 90 M M 9 136 42 110
5 38 23 31 -5 34 0 0.53 T 20 17.5 35 260 M M 10 12 48 260
6 32 20 26 -11 39 0 T T 19 17.8 37 270 M M 8 48 270
7 41 7 24 -13 41 0 0.00 0.0 18 3.3 13 210 M M 2 16 210
8 44 30 37 0 28 0 0.06 0.9 16 8.4 15 120 M M 3 1 21 110
9 59 27 43 5 22 0 0.00 0.0 14 7.3 18 220 M M 1 1 27 220
10 63 41 52 14 13 0 0.00 0.0 12 9.2 17 230 M M 3 25 230
11 69 40 55 16 10 0 0.00 0.0 8 7.8 17 260 M M 0 24 260
12 79 53 66 27 0 1 0.00 0.0 4 9.7 20 220 M M 0 29 260
13 81 44 63 23 2 0 0.00 0.0 0 7.6 18 220 M M 0 8 26 230
14 79 50 65 25 0 0 0.00 0.0 0 8.0 22 210 M M 0 30 180
15 79 41 60 20 5 0 0.12 0.0 0 6.1 21 190 M M 4 13 28 180
16 41 26 34 -7 31 0 0.86 1.3 1 8.0 18 340 M M 10 1 41 350
17 28 25 27 -14 38 0 0.32 3.9 5 10.8 20 320 M M 10 1 31 340
18 44 26 35 -7 30 0 T T 0 7.4 18 320 M M 3 29 330
19 33 26 30 -12 35 0 0.26 0.6 1 11.6 18 90 M M 7 1 27 80
20 43 33 38 -4 27 0 0.43 0.0 0 12.9 25 90 M M 10 13 34 90
21 43 30 37 -6 28 0 0.01 0.1 0 10.9 21 230 M M 10 1 32 270
22 41 29 35 -8 30 0 0.08 0.7 0 5.9 15 320 M M 10 18 26 330
23 40 28 34 -10 31 0 0.01 0.2 0 5.1 13 280 M M 9 18 19 340
24 42 25 34 -10 31 0 0.01 0.2 0 2.8 12 30 M M 7 21 40
25 39 24 32 -13 33 0 0.00 0.0 0 3.8 12 20 M M 6 18 20
26 52 19 36 -9 29 0 0.00 0.0 0 4.4 14 250 M M 0 20 170
27 58 38 48 2 17 0 0.04 0.0 0 9.8 23 200 M M 9 1 36 210
28 64 42 53 7 12 0 0.01 0.0 0 5.5 13 170 M M 8 18 19 150
29 42 32 37 -9 28 0 0.22 0.1 T 6.0 13 320 M M 10 1 23 320
30 36 32 34 -13 31 0 0.42 2.2 T 9.4 16 350 M M 10 18 30 30
================================================================================
SM 1467 888 768 1 4.74 21.4 258.0 M 167
================================================================================
AV 48.9 29.6 8.6 FASTST M M 6 MAX(MPH)
MISC ----> 37 270 # 48 260
================================================================================
NOTES:
# LAST OF SEVERAL OCCURRENCES
COLUMN 17 PEAK WIND IN M.P.H.
PRELIMINARY LOCAL CLIMATOLOGICAL DATA (WS FORM: F-6) , PAGE 2
STATION: RHINELANDER WI
MONTH: APRIL
YEAR: 2023
LATITUDE: 45 37 N
LONGITUDE: 89 27 W
[TEMPERATURE DATA] [PRECIPITATION DATA] SYMBOLS USED IN COLUMN 16
AVERAGE MONTHLY: 39.3 TOTAL FOR MONTH: 4.74 1 = FOG OR MIST
DPTR FM NORMAL: -1.3 DPTR FM NORMAL: 2.09 2 = FOG REDUCING VISIBILITY
HIGHEST: 81 ON 13 GRTST 24HR 1.32 ON 1- 1 TO 1/4 MILE OR LESS
LOWEST: 7 ON 7 3 = THUNDER
SNOW, ICE PELLETS, HAIL 4 = ICE PELLETS
TOTAL MONTH: 24.9 INCHES 5 = HAIL
GRTST 24HR 10.4 ON 1- 1 6 = FREEZING RAIN OR DRIZZLE
GRTST DEPTH: 27 ON 1 7 = DUSTSTORM OR SANDSTORM:
VSBY 1/2 MILE OR LESS
8 = SMOKE OR HAZE
[NO. OF DAYS WITH] [WEATHER - DAYS WITH] 9 = BLOWING SNOW
X = TORNADO
MAX 32 OR BELOW: 2 0.01 INCH OR MORE: 18
MAX 90 OR ABOVE: 0 0.10 INCH OR MORE: 9
MIN 32 OR BELOW: 21 0.50 INCH OR MORE: 3
MIN 0 OR BELOW: 0 1.00 INCH OR MORE: 1
[HDD (BASE 65) ]
TOTAL THIS MO. 768 CLEAR (SCALE 0-3) 10
DPTR FM NORMAL 37 PTCLDY (SCALE 4-7) 9
TOTAL FM JUL 1 7993 CLOUDY (SCALE 8-10) 11
DPTR FM NORMAL -347
[CDD (BASE 65) ]
TOTAL THIS MO. 1
DPTR FM NORMAL 0 [PRESSURE DATA]
TOTAL FM JAN 1 1 HIGHEST SLP 30.63 ON 7
DPTR FM NORMAL 0 LOWEST SLP 29.33 ON 1
[REMARKS]
#FINAL-04-23#