000
CXUS53 KGRB 061912
CF6RHI
PRELIMINARY LOCAL CLIMATOLOGICAL DATA (WS FORM: F-6)
STATION: RHINELANDER WI
MONTH: OCTOBER
YEAR: 2022
LATITUDE: 45 37 N
LONGITUDE: 89 27 W
TEMPERATURE IN F: :PCPN: SNOW: WIND :SUNSHINE: SKY :PK WND
================================================================================
1 2 3 4 5 6A 6B 7 8 9 10 11 12 13 14 15 16 17 18
12Z AVG MX 2MIN
DY MAX MIN AVG DEP HDD CDD WTR SNW DPTH SPD SPD DIR MIN PSBL S-S WX SPD DR
================================================================================
1 68 33 51 0 14 0 0.00 0.0 0 3.4 13 80 M M 2 1 19 70
2 65 43 54 4 11 0 0.00 0.0 0 4.0 13 100 M M 5 1 16 100
3 71 42 57 7 8 0 0.00 0.0 0 4.7 13 220 M M 2 17 210
4 72 43 58 9 7 0 T 0.0 0 3.8 13 200 M M 2 12 16 200
5 74 43 59 10 6 0 0.00 0.0 0 6.7 17 230 M M 4 26 230
6 55 36 46 -2 19 0 0.16 0.0 0 8.1 18 330 M M 7 1 32 330
7 45 28 37 -11 28 0 0.01 T 0 5.2 16 270 M M 8 21 320
8 58 28 43 -5 22 0 0.00 0.0 0 12.5 24 260 M M 1 36 270
9 59 28 44 -3 21 0 0.00 0.0 0 3.2 10 350 M M 3 1 16 330
10 62 32 47 0 18 0 0.00 0.0 0 5.2 13 220 M M 3 18 220
11 75 49 62 16 3 0 0.00 0.0 0 12.2 25 190 M M 3 38 200
12 62 37 50 4 15 0 0.33 0.0 0 11.1 23 260 M M 9 13 33 250
13 39 33 36 -10 29 0 0.08 0.0 0 7.0 14 270 M M 10 1 20 310
14 34 27 31 -14 34 0 0.17 2.0 T 5.6 12 190 M M 9 12 16 210
15 39 29 34 -11 31 0 0.02 T 0 8.5 16 270 M M 10 1 23 280
16 43 32 38 -6 27 0 0.03 0.1 T 9.8 17 300 M M 10 1 29 300
17 35 28 32 -12 33 0 0.06 0.3 T 10.7 18 360 M M 10 18 35 360
18 36 28 32 -11 33 0 T T 0 11.1 20 330 M M 10 34 300
19 41 26 34 -9 31 0 T T 0 7.0 15 280 M M 6 24 350
20 56 32 44 1 21 0 0.00 0.0 0 6.1 10 270 M M 4 17 280
21 66 36 51 9 14 0 0.00 0.0 0 6.9 17 270 M M 0 26 230
22 71 31 51 9 14 0 0.00 0.0 0 5.7 14 210 M M 0 1 19 120
23 71 53 62 21 3 0 0.02 0.0 0 10.5 22 140 M M 3 34 140
24 64 50 57 16 8 0 0.33 0.0 0 10.2 20 190 M M 10 1 30 180
25 50 37 44 4 21 0 0.07 0.0 0 8.4 17 280 M M 9 1 26 270
26 41 24 33 -7 32 0 T 0.0 0 5.6 15 270 M M 7 1 23 350
27 53 22 38 -2 27 0 0.00 0.0 0 3.9 14 210 M M 3 1 19 220
28 56 39 48 9 17 0 0.00 0.0 0 7.0 15 210 M M M 22 210
29 62 38 50 11 15 0 0.00 0.0 0 M 15 230 M M M 23 220
30 63 32 48 10 17 0 0.00 0.0 0 3.5 13 210 M M M 20 220
31 64 29 47 9 18 0 0.00 0.0 0 2.2 10 280 M M 1 12 15 260
================================================================================
SM 1750 1068 597 0 1.28 2.4 209.8 M 151
================================================================================
AV 56.5 34.5 7.0 FASTST M M 5 MAX(MPH)
MISC ----> 25 190 38 200
================================================================================
NOTES:
# LAST OF SEVERAL OCCURRENCES
COLUMN 17 PEAK WIND IN M.P.H.
PRELIMINARY LOCAL CLIMATOLOGICAL DATA (WS FORM: F-6) , PAGE 2
STATION: RHINELANDER WI
MONTH: OCTOBER
YEAR: 2022
LATITUDE: 45 37 N
LONGITUDE: 89 27 W
[TEMPERATURE DATA] [PRECIPITATION DATA] SYMBOLS USED IN COLUMN 16
AVERAGE MONTHLY: 45.5 TOTAL FOR MONTH: 1.28 1 = FOG OR MIST
DPTR FM NORMAL: 1.2 DPTR FM NORMAL: -1.67 2 = FOG REDUCING VISIBILITY
HIGHEST: 75 ON 11 GRTST 24HR 0.40 ON 24-25 TO 1/4 MILE OR LESS
LOWEST: 22 ON 27 3 = THUNDER
SNOW, ICE PELLETS, HAIL 4 = ICE PELLETS
TOTAL MONTH: 2.4 INCHES 5 = HAIL
GRTST 24HR 2.0 ON 14-14 6 = FREEZING RAIN OR DRIZZLE
GRTST DEPTH: T 7 = DUSTSTORM OR SANDSTORM:
VSBY 1/2 MILE OR LESS
8 = SMOKE OR HAZE
[NO. OF DAYS WITH] [WEATHER - DAYS WITH] 9 = BLOWING SNOW
X = TORNADO
MAX 32 OR BELOW: 0 0.01 INCH OR MORE: 11
MAX 90 OR ABOVE: 0 0.10 INCH OR MORE: 4
MIN 32 OR BELOW: 16 0.50 INCH OR MORE: 0
MIN 0 OR BELOW: 0 1.00 INCH OR MORE: 0
[HDD (BASE 65) ]
TOTAL THIS MO. 597 CLEAR (SCALE 0-3) 9
DPTR FM NORMAL -46 PTCLDY (SCALE 4-7) 10
TOTAL FM JUL 1 917 CLOUDY (SCALE 8-10) 12
DPTR FM NORMAL -122
[CDD (BASE 65) ]
TOTAL THIS MO. 0
DPTR FM NORMAL -2 [PRESSURE DATA]
TOTAL FM JAN 1 296 HIGHEST SLP 30.51 ON 7
DPTR FM NORMAL 14 LOWEST SLP 29.44 ON 12
[REMARKS]
#FINAL-10-22#