548
CXUS53 KGRB 020511
CLARHI
CLIMATE REPORT
NATIONAL WEATHER SERVICE GREEN BAY
1111 PM CST FRI JAN 01 2021
...................................
...THE RHINELANDER WI CLIMATE SUMMARY FOR THE YEAR OF 2020...
CLIMATE NORMAL PERIOD: 1981 TO 2010
CLIMATE RECORD PERIOD: 1908 TO 2020
WEATHER OBSERVED NORMAL DEPART LAST YEAR`S
VALUE DATE(S) VALUE FROM VALUE DATE(S)
NORMAL
................................................................
TEMPERATURE (F)
RECORD
HIGH 108 07/13/1936
LOW -42 02/03/1996
HIGHEST 92 07/04 91 05/31
LOWEST -25 02/14 -30 01/31
AVG. MAXIMUM 51.8 51.5 0.3 50.1
AVG. MINIMUM 31.5 30.4 1.1 29.9
MEAN 41.7 41.0 0.7 40.0
DAYS MAX >= 90 5 2.2 2.8 1
DAYS MAX <= 32 85 92.2 -7.2 97
DAYS MIN <= 32 204 183.3 20.7 183
DAYS MIN <= 0 22 34.4 -12.4 41
PRECIPITATION (INCHES)
RECORD
MAXIMUM 43.15 2019
MINIMUM 16.90 1989
TOTALS 35.49 31.40 4.09 43.15
DAILY AVG. 0.09
DAYS >= .01 122 MM MM 152
DAYS >= .10 74 MM MM 89
DAYS >= .50 24 MM MM 25
DAYS >= 1.00 6 MM MM 11
SNOWFALL (INCHES)
RECORDS
TOTAL 133.9 2019
TOTALS 66.1 MM MM 133.9
SINCE 7/1 21.3 MM MM 43.6
SNOWDEPTH AVG. 4
DAYS >= TRACE 96 MM MM 101
DAYS >= 1.0 20 MM MM 25
GREATEST
SNOW DEPTH 21 01/25 37 03/02
01/24
24 HR TOTAL 9.1
DEGREE DAYS
HEATING TOTAL 8780 9020 -240 9253
SINCE 7/1 3458 3627 -169 3606
COOLING TOTAL 356 261 95 272
SINCE 1/1 356 261 95 272
FREEZE DATES
RECORD
EARLIEST 08/27/1915
LATEST 07/30/1928
EARLIEST 10/01
LATEST 05/31
................................................................
WIND (MPH)
AVERAGE WIND SPEED 7.0
HIGHEST WIND SPEED/DIRECTION 31/280 DATE 10/31
HIGHEST GUST SPEED/DIRECTION 48/010 DATE 04/29
SKY COVER
POSSIBLE SUNSHINE (PERCENT) MM
AVERAGE SKY COVER 0.50
NUMBER OF DAYS FAIR 126
NUMBER OF DAYS PC 111
NUMBER OF DAYS CLOUDY 99
AVERAGE RH (PERCENT) 70
WEATHER CONDITIONS. NUMBER OF DAYS WITH
THUNDERSTORM 26 MIXED PRECIP 0
HEAVY RAIN 20 RAIN 39
LIGHT RAIN 81 FREEZING RAIN 0
LT FREEZING RAIN 4 HAIL 0
HEAVY SNOW 6 SNOW 15
LIGHT SNOW 95 SLEET 0
FOG 194 FOG W/VIS <= 1/4 MILE 41
HAZE 37
- INDICATES NEGATIVE NUMBERS.
R INDICATES RECORD WAS SET OR TIED.
MM INDICATES DATA IS MISSING.
T INDICATES TRACE AMOUNT.
$$