000
CXUS53 KGRB 010738
CLMRHI
CLIMATE REPORT
NATIONAL WEATHER SERVICE GREEN BAY
238 AM CDT FRI SEP 01 2023
...................................
...THE RHINELANDER WI CLIMATE SUMMARY FOR THE MONTH OF AUGUST 2023...
CLIMATE NORMAL PERIOD: 1991 TO 2020
CLIMATE RECORD PERIOD: 1908 TO 2023
WEATHER OBSERVED NORMAL DEPART LAST YEAR`S
VALUE DATE(S) VALUE FROM VALUE DATE(S)
NORMAL
................................................................
TEMPERATURE (F)
RECORD
HIGH 97 08/16/1988
08/02/1964
LOW 28 08/30/1915
HIGHEST 88 08/03 89 -1 87 08/03
LOWEST 37 08/30 41 -4 47 08/09
08/22
AVG. MAXIMUM 77.0 77.3 -0.3 76.5
AVG. MINIMUM 51.8 52.4 -0.6 54.2
MEAN 64.4 64.9 -0.5 65.3
DAYS MAX >= 90 0 0.6 -0.6 0
DAYS MAX <= 32 0 0.0 0.0 0
DAYS MIN <= 32 0 0.0 0.0 0
DAYS MIN <= 0 0 0.0 0.0 0
PRECIPITATION (INCHES)
RECORD
MAXIMUM 9.15 1978
MINIMUM 0.69 1970
TOTALS 1.84 3.59 -1.75 4.43
DAYS >= .01 11 11.3 -0.3 13
DAYS >= .10 4 7.4 -3.4 8
DAYS >= .50 2 2.7 -0.7 3
DAYS >= 1.00 0 0.7 -0.7 1
GREATEST
STORM TOTAL 0.69
(MM/DD(HH))
SNOWFALL (INCHES)
RECORDS
TOTAL 0.0 MM
TOTALS 0.0 0.0 0.0 0.0
SINCE 7/1 0.0 0.0 0.0 MM
DAYS >= TRACE 0 0.0 0.0 0
DAYS >= 1.0 0 0.0 0.0 0
GREATEST
SNOW DEPTH 0 0 MM
24 HR TOTAL 0.0
DEGREE DAYS
HEATING TOTAL 77 77 0 40
SINCE 7/1 132 127 5 MM
COOLING TOTAL 67 72 -5 58
SINCE 1/1 236 255 -19 MM
................................................................
WIND (MPH)
AVERAGE WIND SPEED 4.9
HIGHEST WIND SPEED/DIRECTION 28/270 DATE 08/25
HIGHEST GUST SPEED/DIRECTION 43/270 DATE 08/25
SKY COVER
POSSIBLE SUNSHINE (PERCENT) MM
AVERAGE SKY COVER 0.36
NUMBER OF DAYS FAIR 18
NUMBER OF DAYS PC 9
NUMBER OF DAYS CLOUDY 3
AVERAGE RH (PERCENT) 71
WEATHER CONDITIONS. NUMBER OF DAYS WITH
THUNDERSTORM 5 MIXED PRECIP 0
HEAVY RAIN 3 RAIN 2
LIGHT RAIN 12 FREEZING RAIN 0
LT FREEZING RAIN 0 HAIL 0
HEAVY SNOW 0 SNOW 0
LIGHT SNOW 0 SLEET 0
FOG 28 FOG W/VIS <= 1/4 MILE 12
HAZE 7
- INDICATES NEGATIVE NUMBERS.
R INDICATES RECORD WAS SET OR TIED.
MM INDICATES DATA IS MISSING.
T INDICATES TRACE AMOUNT.
$$