000
CXUS51 KAKQ 010710
CF6RIC
PRELIMINARY LOCAL CLIMATOLOGICAL DATA (WS FORM: F-6)
STATION: RICHMOND VA
MONTH: AUGUST
YEAR: 2023
LATITUDE: 37 30 N
LONGITUDE: 77 20 W
TEMPERATURE IN F: :PCPN: SNOW: WIND :SUNSHINE: SKY :PK WND
================================================================================
1 2 3 4 5 6A 6B 7 8 9 10 11 12 13 14 15 16 17 18
12Z AVG MX 2MIN
DY MAX MIN AVG DEP HDD CDD WTR SNW DPTH SPD SPD DIR MIN PSBL S-S WX SPD DR
================================================================================
1 85 65 75 -4 0 10 0.00 0.0 0 6.7 14 30 M M 4 1 18 10
2 84 63 74 -5 0 9 0.00 0.0 0 4.5 10 130 M M 2 14 120
3 81 63 72 -7 0 7 0.05 0.0 0 5.6 15 200 M M 8 1 19 200
4 80 67 74 -5 0 9 0.40 0.0 0 4.8 10 10 M M 8 1 14 120
5 91 66 79 0 0 14 0.00 0.0 0 4.4 12 30 M M 5 1 17 60
6 90 70 80 1 0 15 1.06 0.0 0 7.5 16 280 M M 8 13 21 140
7 92 74 83 5 0 18 0.00 0.0 0 10.5 18 230 M M 7 24 230
8 86 72 79 1 0 14 0.00 0.0 0 9.8 20 320 M M 6 24 320
9 89 67 78 0 0 13 0.00 0.0 0 6.3 14 220 M M 5 21 240
10 81 72 77 -1 0 12 0.24 0.0 0 7.6 16 220 M M 7 18 21 210
11 88 68 78 0 0 13 0.00 0.0 0 6.0 15 190 M M 4 17 190
12 93 69 81 3 0 16 0.00 0.0 0 5.7 14 220 M M 4 17 220
13 97 74 86 8 0 21 0.00 0.0 0 6.7 16 30 M M 3 20 30
14 93 74 84 6 0 19 T 0.0 0 5.3 16 220 M M 7 21 220
15 97 75 86 8 0 21 T 0.0 0 9.8 18 250 M M 6 3 24 230
16 91 71 81 3 0 16 0.00 0.0 0 6.3 14 30 M M 5 17 10
17 91 72 82 4 0 17 T 0.0 0 6.6 16 190 M M 7 3 23 180
18 91 70 81 3 0 16 0.00 0.0 0 8.7 18 20 M M 4 24 20
19 87 62 75 -2 0 10 0.00 0.0 0 5.8 15 20 M M 1 20 30
20 94 63 79 2 0 14 0.00 0.0 0 3.3 13 230 M M 1 17 240
21 95 72 84 7 0 19 0.00 0.0 0 3.8 13 10 M M 5 1 15 360
22 89 66 78 1 0 13 0.00 0.0 0 8.4 20 360 M M 5 26 30
23 86 61 74 -3 0 9 0.00 0.0 0 5.8 15 160 M M 3 19 150
24 88 65 77 0 0 12 T 0.0 0 6.9 14 170 M M 7 23 210
25 97 71 84 7 0 19 0.01 0.0 0 10.4 21 200 M M 5 26 200
26 96 76 86 10 0 21 0.00 0.0 0 7.3 17 350 M M 5 20 360
27 87 73 80 4 0 15 0.07 0.0 0 6.9 14 110 M M 9 1 16 110
28 78 71 75 -1 0 10 0.25 0.0 0 7.6 16 90 M M 10 1 22 80
29 88 73 81 5 0 16 T 0.0 0 4.2 9 340 M M 9 1 12 320
30 87 73 80 4 0 15 0.00 0.0 0 7.5 17 20 M M 8 23 20
31 82 61 72 -4 0 7 0.00 0.0 0 12.5 25 20 M M 6 33 20
================================================================================
SM 2754 2139 0 440 2.08 0.0 213.2 M 174
================================================================================
AV 88.8 69.0 6.9 FASTST M M 6 MAX(MPH)
MISC ----> 25 20 33 20
================================================================================
NOTES:
# LAST OF SEVERAL OCCURRENCES
COLUMN 17 PEAK WIND IN M.P.H.
PRELIMINARY LOCAL CLIMATOLOGICAL DATA (WS FORM: F-6) , PAGE 2
STATION: RICHMOND VA
MONTH: AUGUST
YEAR: 2023
LATITUDE: 37 30 N
LONGITUDE: 77 20 W
[TEMPERATURE DATA] [PRECIPITATION DATA] SYMBOLS USED IN COLUMN 16
AVERAGE MONTHLY: 78.9 TOTAL FOR MONTH: 2.08 1 = FOG OR MIST
DPTR FM NORMAL: 1.4 DPTR FM NORMAL: -2.82 2 = FOG REDUCING VISIBILITY
HIGHEST: 97 ON 25,15 GRTST 24HR 1.06 ON 6- 6 TO 1/4 MILE OR LESS
LOWEST: 61 ON 31,23 3 = THUNDER
SNOW, ICE PELLETS, HAIL 4 = ICE PELLETS
TOTAL MONTH: 0.0 INCH 5 = HAIL
GRTST 24HR 0.0 6 = FREEZING RAIN OR DRIZZLE
GRTST DEPTH: 0 7 = DUSTSTORM OR SANDSTORM:
VSBY 1/2 MILE OR LESS
8 = SMOKE OR HAZE
[NO. OF DAYS WITH] [WEATHER - DAYS WITH] 9 = BLOWING SNOW
X = TORNADO
MAX 32 OR BELOW: 0 0.01 INCH OR MORE: 7
MAX 90 OR ABOVE: 14 0.10 INCH OR MORE: 4
MIN 32 OR BELOW: 0 0.50 INCH OR MORE: 1
MIN 0 OR BELOW: 0 1.00 INCH OR MORE: 1
[HDD (BASE 65) ]
TOTAL THIS MO. 0 CLEAR (SCALE 0-3) 5
DPTR FM NORMAL 0 PTCLDY (SCALE 4-7) 21
TOTAL FM JUL 1 0 CLOUDY (SCALE 8-10) 5
DPTR FM NORMAL 0
[CDD (BASE 65) ]
TOTAL THIS MO. 440
DPTR FM NORMAL 51 [PRESSURE DATA]
TOTAL FM JAN 1 1305 HIGHEST SLP M ON M
DPTR FM NORMAL -5 LOWEST SLP 29.69 ON 10
[REMARKS]
#FINAL-08-23#