000
CXUS51 KAKQ 280710
CF6RIC
PRELIMINARY LOCAL CLIMATOLOGICAL DATA (WS FORM: F-6)
STATION: RICHMOND VA
MONTH: MARCH
YEAR: 2024
LATITUDE: 37 30 N
LONGITUDE: 77 20 W
TEMPERATURE IN F: :PCPN: SNOW: WIND :SUNSHINE: SKY :PK WND
================================================================================
1 2 3 4 5 6A 6B 7 8 9 10 11 12 13 14 15 16 17 18
12Z AVG MX 2MIN
DY MAX MIN AVG DEP HDD CDD WTR SNW DPTH SPD SPD DIR MIN PSBL S-S WX SPD DR
================================================================================
1 55 32 44 0 21 0 0.27 0.0 0 7.8 18 130 M M 7 1 24 130
2 57 44 51 7 14 0 1.14 0.0 0 6.8 17 100 M M 9 1 24 100
3 69 40 55 10 10 0 0.00 0.0 0 3.7 13 170 M M 5 12 20 200
4 69 45 57 12 8 0 0.50 0.0 0 8.0 20 40 M M 7 1 27 20
5 64 50 57 12 8 0 0.37 0.0 0 7.6 17 10 M M 10 1 23 10
6 58 53 56 11 9 0 0.95 0.0 0 7.1 17 40 M M 10 1 23 20
7 69 51 60 14 5 0 0.01 0.0 0 8.6 20 20 M M 6 1 24 10
8 60 45 53 7 12 0 0.00 0.0 0 5.9 17 130 M M 7 21 130
9 62 44 53 7 12 0 0.83 0.0 0 9.5 24 290 M M 10 1 31 300
10 57 41 49 3 16 0 0.01 0.0 0 16.1 31 320 M M 6 1 45 270
11 63 37 50 3 15 0 0.00 0.0 0 12.8 23 270 M M 0 34 310
12 74 42 58 11 7 0 0.00 0.0 0 8.0 18 270 M M 2 23 270
13 77 40 59 12 6 0 0.00 0.0 0 3.8 15 220 M M 4 24 220
14 82 44 63 15 2 0 0.00 0.0 0 4.9 16 210 M M 4 22 230
15 80 57 69 21 0 4 T 0.0 0 10.0 28 230 M M 7 39 220
16 69 48 59 11 6 0 0.00 0.0 0 8.8 20 360 M M 2 27 360
17 74 54 64 15 1 0 T 0.0 0 11.6 22 250 M M 6 33 280
18 60 39 50 1 15 0 0.00 0.0 0 11.1 26 350 M M 8 36 330
19 56 35 46 -3 19 0 0.00 0.0 0 11.6 22 230 M M 4 34 260
20 72 43 58 8 7 0 0.00 0.0 0 14.6 31 250 M M 2 46 240
21 57 34 46 -4 19 0 0.00 0.0 0 6.4 14 250 M M 1 20 270
22 61 34 48 -2 17 0 0.04 0.0 0 6.9 16 110 M M 7 23 130
23 65 39 52 2 13 0 1.59 0.0 0 14.7 26 340 M M 8 1 38 340
24 53 32 43 -8 22 0 0.00 0.0 0 11.5 25 350 M M 0 35 350
25 61 33 47 -4 18 0 0.00 0.0 0 7.4 14 90 M M 2 20 60
26 66 35 51 -1 14 0 T 0.0 0 6.4 18 120 M M 7 25 120
27 50 45 48 -4 17 0 0.96 0.0 0 5.9 15 10 M M 10 13 20 10
================================================================================
SM 1740 1136 313 4 6.67 0.0 237.5 M 151
================================================================================
AV 64.4 42.1 8.8 FASTST M M 6 MAX(MPH)
MISC ----> # 31 320 46 240
================================================================================
NOTES:
# LAST OF SEVERAL OCCURRENCES
COLUMN 17 PEAK WIND IN M.P.H.
PRELIMINARY LOCAL CLIMATOLOGICAL DATA (WS FORM: F-6) , PAGE 2
STATION: RICHMOND VA
MONTH: MARCH
YEAR: 2024
LATITUDE: 37 30 N
LONGITUDE: 77 20 W
[TEMPERATURE DATA] [PRECIPITATION DATA] SYMBOLS USED IN COLUMN 16
AVERAGE MONTHLY: 53.3 TOTAL FOR MONTH: 6.67 1 = FOG OR MIST
DPTR FM NORMAL: 5.5 DPTR FM NORMAL: 3.16 2 = FOG REDUCING VISIBILITY
HIGHEST: 82 ON 14 GRTST 24HR 1.63 ON 22-23 TO 1/4 MILE OR LESS
LOWEST: 32 ON 24, 1 3 = THUNDER
SNOW, ICE PELLETS, HAIL 4 = ICE PELLETS
TOTAL MONTH: 0.0 INCH 5 = HAIL
GRTST 24HR 0.0 6 = FREEZING RAIN OR DRIZZLE
GRTST DEPTH: 0 7 = DUSTSTORM OR SANDSTORM:
VSBY 1/2 MILE OR LESS
8 = SMOKE OR HAZE
[NO. OF DAYS WITH] [WEATHER - DAYS WITH] 9 = BLOWING SNOW
X = TORNADO
MAX 32 OR BELOW: 0 0.01 INCH OR MORE: 11
MAX 90 OR ABOVE: 0 0.10 INCH OR MORE: 8
MIN 32 OR BELOW: 2 0.50 INCH OR MORE: 6
MIN 0 OR BELOW: 0 1.00 INCH OR MORE: 2
[HDD (BASE 65) ]
TOTAL THIS MO. 313 CLEAR (SCALE 0-3) 7
DPTR FM NORMAL -156 PTCLDY (SCALE 4-7) 15
TOTAL FM JUL 1 2793 CLOUDY (SCALE 8-10) 5
DPTR FM NORMAL -580
[CDD (BASE 65) ]
TOTAL THIS MO. 4
DPTR FM NORMAL 4 [PRESSURE DATA]
TOTAL FM JAN 1 10 HIGHEST SLP M ON M
DPTR FM NORMAL 10 LOWEST SLP 29.55 ON 9
[REMARKS]