000
CXUS55 KGJT 012014
CF6RIL
PRELIMINARY LOCAL CLIMATOLOGICAL DATA (WS FORM: F-6)
STATION: RIFLE CO
MONTH: JULY
YEAR: 2023
LATITUDE: 39 31 N
LONGITUDE: 107 43 W
TEMPERATURE IN F: :PCPN: SNOW: WIND :SUNSHINE: SKY :PK WND
================================================================================
1 2 3 4 5 6A 6B 7 8 9 10 11 12 13 14 15 16 17 18
12Z AVG MX 2MIN
DY MAX MIN AVG DEP HDD CDD WTR SNW DPTH SPD SPD DIR MIN PSBL S-S WX SPD DR
================================================================================
1 90 48 69 -3 0 4 0.00 M M 4.6 13 310 M M 1 19 290
2 91 53 72 0 0 7 0.00 M M 3.7 16 300 M M 0 21 330
3 94 51 73 1 0 8 T M M 5.4 29 320 M M 0 3 42 320
4 93 59 76 4 0 11 T M M 6.1 28 170 M M 0 42 210
5 91 51 71 -1 0 6 0.00 M M 6.0 21 260 M M 0 38 27 320
6 93 56 75 2 0 10 0.00 M M 8.1 29 260 M M 0 37 260
7 93 50 72 -1 0 7 0.00 M M 7.4 25 280 M M 0 36 280
8 93 51 72 -1 0 7 0.00 M M 7.4 23 280 M M 0 32 260
9 95 51 73 0 0 8 0.00 M M 6.8 20 270 M M 0 28 270
10 95 53 74 0 0 9 0.00 M M 8.7 28 280 M M 0 41 250
11 96 54 75 1 0 10 0.00 M M 7.4 25 260 M M 0 36 230
12 97 60 79 5 0 14 0.00 M M 6.9 22 270 M M 1 30 260
13 97 56 77 3 0 12 0.00 M M 6.7 23 230 M M 0 32 260
14 96 55 76 2 0 11 0.00 M M 5.8 23 270 M M 0 32 270
15 94 54 74 0 0 9 0.00 M M 5.6 18 310 M M 0 24 340
16 96 52 74 0 0 9 0.00 M M 4.5 15 140 M M 0 18 140
17 103 54 79 5 0 14 0.00 M M 6.9 28 260 M M 0 39 250
18 98 60 79 5 0 14 0.00 M M 6.7 28 310 M M 1 3 37 280
19 94 65 80 6 0 15 0.03 M M 5.8 35 320 M M 3 3 49 330
20 91 61 76 2 0 11 0.40 M M 5.5 35 310 M M 3 3 50 320
21 93 56 75 1 0 10 0.00 M M 4.2 13 150 M M 0 18 10
22 97 54 76 2 0 11 0.00 M M 4.2 13 350 M M 0 22 340
23 100 56 78 4 0 13 0.00 M M 3.5 21 10 M M 0 32 10
24 101 58 80 6 0 15 0.00 M M 7.4 23 270 M M 0 32 300
25 97 63 80 6 0 15 T M M 6.6 25 320 M M 1 3 36 320
26 97 58 78 4 0 13 T M M 7.8 33 320 M M 0 3 48 320
27 97 57 77 3 0 12 0.00 M M 7.3 25 260 M M 0 34 260
28 100 66 83 9 0 18 0.00 M M 5.0 20 280 M M 0 3 28 290
29 98 56 77 3 0 12 0.00 M M 5.8 29 200 M M 0 3 37 210
30 97 63 80 6 0 15 0.08 M M 6.0 26 170 M M 2 3 34 160
31 92 64 78 4 0 13 0.01 M M 5.9 17 270 M M 3 38 23 270
================================================================================
SM 2959 1745 0 343 0.52 M 189.7 M 15
================================================================================
AV 95.5 56.3 6.1 FASTST M M 0 MAX(MPH)
MISC ----> # 35 320 50 320
================================================================================
NOTES:
# LAST OF SEVERAL OCCURRENCES
COLUMN 17 PEAK WIND IN M.P.H.
PRELIMINARY LOCAL CLIMATOLOGICAL DATA (WS FORM: F-6) , PAGE 2
STATION: RIFLE CO
MONTH: JULY
YEAR: 2023
LATITUDE: 39 31 N
LONGITUDE: 107 43 W
[TEMPERATURE DATA] [PRECIPITATION DATA] SYMBOLS USED IN COLUMN 16
AVERAGE MONTHLY: 75.9 TOTAL FOR MONTH: 0.52 1 = FOG OR MIST
DPTR FM NORMAL: 2.2 DPTR FM NORMAL: -0.44 2 = FOG REDUCING VISIBILITY
HIGHEST: 103 ON 17 GRTST 24HR 0.40 ON 20 TO 1/4 MILE OR LESS
LOWEST: 48 ON 1 3 = THUNDER
SNOW, ICE PELLETS, HAIL 4 = ICE PELLETS
TOTAL MONTH: M 5 = HAIL
GRTST 24HR M ON M 6 = FREEZING RAIN OR DRIZZLE
GRTST DEPTH: M ON M 7 = DUSTSTORM OR SANDSTORM:
VSBY 1/2 MILE OR LESS
8 = SMOKE OR HAZE
[NO. OF DAYS WITH] [WEATHER - DAYS WITH] 9 = BLOWING SNOW
X = TORNADO
MAX 32 OR BELOW: 0 0.01 INCH OR MORE: 4
MAX 90 OR ABOVE: 31 0.10 INCH OR MORE: 1
MIN 32 OR BELOW: 0 0.50 INCH OR MORE: 0
MIN 0 OR BELOW: 0 1.00 INCH OR MORE: 0
[HDD (BASE 65) ]
TOTAL THIS MO. 0 CLEAR (SCALE 0-3) 30
DPTR FM NORMAL 0 PTCLDY (SCALE 4-7) 1
TOTAL FM JUL 1 0 CLOUDY (SCALE 8-10) 0
DPTR FM NORMAL 0
[CDD (BASE 65) ]
TOTAL THIS MO. 343
DPTR FM NORMAL 73 [PRESSURE DATA]
TOTAL FM JAN 1 392 HIGHEST SLP 30.15 ON 21
DPTR FM NORMAL -2 LOWEST SLP 29.65 ON 7
[REMARKS]
#FINAL-07-23#