000
CXUS55 KGJT 011711
CLMRIL
CLIMATE REPORT
NATIONAL WEATHER SERVICE GRAND JUNCTION CO
1011 AM MST MON JAN 01 2024
...................................
...THE RIFLE CO CLIMATE SUMMARY FOR THE MONTH OF DECEMBER 2023...
CLIMATE NORMAL PERIOD 1991 TO 2020
CLIMATE RECORD PERIOD 9999 TO 9999
WEATHER OBSERVED NORMAL DEPART LAST YEAR`S
VALUE DATE(S) VALUE FROM VALUE DATE(S)
NORMAL
................................................................
TEMPERATURE (F)
HIGHEST 54 12/05 MM MM 52 12/01
12/02
LOWEST 7 12/10 MM MM -4 12/17
AVG. MAXIMUM 41.7 37.3 4.4 35.7
AVG. MINIMUM 19.3 14.0 5.3 15.3
MEAN 30.5 25.6 4.9 25.5
DAYS MAX >= 90 0 0.0 0.0 0
DAYS MAX <= 32 3 9.4 -6.4 11
DAYS MIN <= 32 31 30.6 0.4 31
DAYS MIN <= 0 0 2.7 -2.7 4
PRECIPITATION (INCHES)
TOTALS 0.45 0.57 -0.12 1.93
DAILY AVG. 0.01 0.02 -0.01 0.06
DAYS >= .01 5 7.1 -2.1 13
DAYS >= .10 3 1.5 1.5 6
DAYS >= .50 0 0.1 -0.1 0
DAYS >= 1.00 0 0.0 0.0 0
GREATEST
24 HR. TOTAL 0.23 12/07 TO 12/08 0.54
SNOWFALL (INCHES)
TOTALS MM MM MM MM
SINCE 7/1 MM MM MM MM
SNOWDEPTH AVG. MM MM
DAYS >= 1.0 MM MM MM MM
GREATEST
SNOW DEPTH MM MM MM
24 HR TOTAL MM MM
DEGREE DAYS
HEATING TOTAL 1062 1220 -158 1214
SINCE 7/1 2386 2670 -284 2679
COOLING TOTAL 0 0 0 0
SINCE 1/1 707 631 76 855
................................................................
WIND (MPH)
AVERAGE WIND SPEED 3.0
HIGHEST WIND SPEED/DIRECTION 30/260 DATE 12/07
HIGHEST GUST SPEED/DIRECTION 38/260 DATE 12/07
SKY COVER
POSSIBLE SUNSHINE (PERCENT) MM
AVERAGE SKY COVER 0.37
NUMBER OF DAYS FAIR 15
NUMBER OF DAYS PC 9
NUMBER OF DAYS CLOUDY 7
AVERAGE RH (PERCENT) 65
WEATHER CONDITIONS. NUMBER OF DAYS WITH
THUNDERSTORM 0 MIXED PRECIP 0
HEAVY RAIN 0 RAIN 0
LIGHT RAIN 2 FREEZING RAIN 0
LT FREEZING RAIN 0 HAIL 0
HEAVY SNOW 1 SNOW 3
LIGHT SNOW 5 SLEET 0
FOG 5 FOG W/VIS <= 1/4 MILE 2
HAZE 1
- INDICATES NEGATIVE NUMBERS.
R INDICATES RECORD WAS SET OR TIED.
MM INDICATES DATA IS MISSING.
T INDICATES TRACE AMOUNT.
$$