000
CXUS55 KRIW 011236
CLMRIW
CLIMATE REPORT
NATIONAL WEATHER SERVICE RIVERTON WY
636 AM MDT SAT APR 01 2023
...................................
...THE RIVERTON WY CLIMATE SUMMARY FOR THE MONTH OF MARCH 2023...
CLIMATE NORMAL PERIOD: 1991 TO 2020
CLIMATE RECORD PERIOD: 1995 TO 2023
WEATHER OBSERVED NORMAL DEPART LAST YEAR`S
VALUE DATE(S) VALUE FROM VALUE
NORMAL
..............................................................
TEMPERATURE (F)
RECORD
HIGH 76 03/31/2012
LOW -13 03/10/2022
03/10/2022
HIGHEST 47 03/15
LOWEST -11 03/08
AVG. MAXIMUM 30.5 48.5 -18.0
AVG. MINIMUM 8.6 22.7 -14.1
MEAN 19.5 35.6 -16.1
DAYS MAX >= 90 0
DAYS MAX <= 32 19
DAYS MIN <= 32 31
DAYS MIN <= 0 8
PRECIPITATION (INCHES)
RECORD
MAXIMUM 3.71 2017
MINIMUM T 2004
TOTALS 0.41 0.65 -0.24 0.85
DAILY AVG. 0.01 0.02 -0.01
DAYS >= .01 6
DAYS >= .10 1
DAYS >= .50 0
DAYS >= 1.00 0
GREATEST
24 HR. TOTAL 0.25 03/24 TO 03/25
STORM TOTAL 0.22
SNOWFALL (INCHES)
TOTALS 6.8 MM MM
SINCE 7/1 71.4 MM MM
SNOWDEPTH AVG. 15
DAYS >= 1.0 3
DEGREE DAYS
HEATING TOTAL 1401 912 489
SINCE 7/1 8022 6790 1232
COOLING TOTAL 0 0 0
SINCE 1/1 0 0 0
..............................................................
WIND (MPH)
AVERAGE WIND SPEED 6.8
RESULTANT WIND SPEED/DIRECTION 3/300
HIGHEST WIND SPEED/DIRECTION 40/300 DATE 03/24
HIGHEST GUST SPEED/DIRECTION 51/310 DATE 03/24
SKY COVER
POSSIBLE SUNSHINE (PERCENT) MM
AVERAGE SKY COVER 0.26
NUMBER OF DAYS FAIR 21
NUMBER OF DAYS PC 8
NUMBER OF DAYS CLOUDY 2
AVERAGE RH (PERCENT) 74
WEATHER CONDITIONS. NUMBER OF DAYS WITH
THUNDERSTORM 0 MIXED PRECIP 0
HEAVY RAIN 0 RAIN 0
LIGHT RAIN 0 FREEZING RAIN 0
LT FREEZING RAIN 0 HAIL 0
HEAVY SNOW 2 SNOW 4
LIGHT SNOW 8 SLEET 0
FOG 13 FOG W/VIS <= 1/4 MILE 7
HAZE 2
- INDICATES NEGATIVE NUMBERS.
R INDICATES RECORD WAS SET OR TIED.
MM INDICATES DATA IS MISSING.
T INDICATES TRACE AMOUNT.
$$