000
CXUS56 KSGX 011145
CF6RNM
PRELIMINARY LOCAL CLIMATOLOGICAL DATA (WS FORM: F-6)
STATION: RAMONA AIRPORT CA
MONTH: NOVEMBER
YEAR: 2022
LATITUDE: 33 2 N
LONGITUDE: 116 55 W
TEMPERATURE IN F: :PCPN: SNOW: WIND :SUNSHINE: SKY :PK WND
================================================================================
1 2 3 4 5 6A 6B 7 8 9 10 11 12 13 14 15 16 17 18
12Z AVG MX 2MIN
DY MAX MIN AVG DEP HDD CDD WTR SNW DPTH SPD SPD DIR MIN PSBL S-S WX SPD DR
================================================================================
1 73 45 59 -2 6 0 0.00 M M 5.0 14 200 M M 3 19 280
2 65 50 58 -2 7 0 0.06 M M 7.9 16 250 M M 9 1 19 250
3 60 35 48 -12 17 0 0.12 M M 9.5 23 270 M M 5 1 29 240
4 69 32 51 -9 14 0 0.00 M M 2.8 15 300 M M 0 22 310
5 74 35 55 -5 10 0 0.00 M M 4.0 13 270 M M 0 16 270
6 73 37 55 -4 10 0 0.00 M M 3.3 13 280 M M 1 12 17 310
7 69 51 60 1 5 0 0.05 M M 4.6 14 240 M M 10 12 20 250
8 61 50 56 -3 9 0 1.47 M M 11.9 26 240 M M 10 1 35 240
9 60 38 49 -9 16 0 0.12 M M 7.0 21 290 M M 6 1 26 290
10 66 31 49 -9 16 0 0.00 M M 3.6 15 310 M M 2 12 19 310
11 72 35 54 -4 11 0 0.00 M M 4.6 14 70 M M 0 17 80
12 69 32 51 -7 14 0 0.00 M M 2.4 14 260 M M 0 1 16 280
13 63 33 48 -9 17 0 0.00 M M 3.3 13 270 M M 4 1 15 290
14 71 31 51 -6 14 0 0.00 M M 4.0 16 270 M M 0 1 21 260
15 73 32 53 -3 12 0 0.00 M M 5.2 14 280 M M 0 18 300
16 70 47 59 3 6 0 0.00 M M 14.2 30 70 M M 0 39 90
17 75 33 54 -2 11 0 0.00 M M 6.6 18 70 M M 0 23 80
18 71 30 51 -5 14 0 0.00 M M 3.4 14 70 M M 0 1 22 320
19 72 45 59 4 6 0 0.00 M M 10.6 21 80 M M 0 27 80
20 75 33 54 -1 11 0 0.00 M M 8.0 20 70 M M 0 24 60
21 77 33 55 0 10 0 0.00 M M 4.7 12 300 M M 0 13 290
22 74 32 53 -1 12 0 0.00 M M 2.9 10 270 M M 0 13 270
23 74 27 51 -3 14 0 0.00 M M 2.2 13 310 M M 0 15 300
24 72 32 52 -2 13 0 0.00 M M 11.8 30 80 M M 0 37 80
25 77 35 56 2 9 0 0.00 M M 7.7 20 70 M M 0 24 60
26 73 30 52 -1 13 0 0.00 M M 2.4 10 230 M M 0 14 270
27 75 30 53 0 12 0 0.00 M M 2.6 13 260 M M 0 15 270
28 61 42 52 -1 13 0 0.00 M M 5.6 13 230 M M 9 128 19 230
29 64 35 50 -2 15 0 0.00 M M 3.7 14 280 M M 7 12 19 280
30 61 35 48 -4 17 0 0.00 M M 4.5 13 290 M M 8 128 19 290
================================================================================
SM 2089 1086 354 0 1.82 M 170.0 M 74
================================================================================
AV 69.6 36.2 5.7 FASTST M M 2 MAX(MPH)
MISC ----> # 30 70 39 90
================================================================================
NOTES:
# LAST OF SEVERAL OCCURRENCES
COLUMN 17 PEAK WIND IN M.P.H.
PRELIMINARY LOCAL CLIMATOLOGICAL DATA (WS FORM: F-6) , PAGE 2
STATION: RAMONA AIRPORT CA
MONTH: NOVEMBER
YEAR: 2022
LATITUDE: 33 2 N
LONGITUDE: 116 55 W
[TEMPERATURE DATA] [PRECIPITATION DATA] SYMBOLS USED IN COLUMN 16
AVERAGE MONTHLY: 52.9 TOTAL FOR MONTH: 1.82 1 = FOG OR MIST
DPTR FM NORMAL: -3.5 DPTR FM NORMAL: 0.76 2 = FOG REDUCING VISIBILITY
HIGHEST: 77 ON 25,21 GRTST 24HR 1.51 ON 8- 9 TO 1/4 MILE OR LESS
LOWEST: 27 ON 23 3 = THUNDER
SNOW, ICE PELLETS, HAIL 4 = ICE PELLETS
TOTAL MONTH: M 5 = HAIL
GRTST 24HR M ON M 6 = FREEZING RAIN OR DRIZZLE
GRTST DEPTH: M ON M 7 = DUSTSTORM OR SANDSTORM:
VSBY 1/2 MILE OR LESS
8 = SMOKE OR HAZE
[NO. OF DAYS WITH] [WEATHER - DAYS WITH] 9 = BLOWING SNOW
X = TORNADO
MAX 32 OR BELOW: 0 0.01 INCH OR MORE: 5
MAX 90 OR ABOVE: 0 0.10 INCH OR MORE: 3
MIN 32 OR BELOW: 11 0.50 INCH OR MORE: 1
MIN 0 OR BELOW: 0 1.00 INCH OR MORE: 1
[HDD (BASE 65) ]
TOTAL THIS MO. 354 CLEAR (SCALE 0-3) 21
DPTR FM NORMAL 88 PTCLDY (SCALE 4-7) 5
TOTAL FM JUL 1 413 CLOUDY (SCALE 8-10) 4
DPTR FM NORMAL 49
[CDD (BASE 65) ]
TOTAL THIS MO. 0
DPTR FM NORMAL -8 [PRESSURE DATA]
TOTAL FM JAN 1 1401 HIGHEST SLP 30.28 ON 4
DPTR FM NORMAL 444 LOWEST SLP 29.83 ON 8
[REMARKS]
#FINAL-11-22#