000
CXUS56 KSGX 011045
CF6RNM
PRELIMINARY LOCAL CLIMATOLOGICAL DATA (WS FORM: F-6)
STATION: RAMONA AIRPORT CA
MONTH: AUGUST
YEAR: 2022
LATITUDE: 33 2 N
LONGITUDE: 116 55 W
TEMPERATURE IN F: :PCPN: SNOW: WIND :SUNSHINE: SKY :PK WND
================================================================================
1 2 3 4 5 6A 6B 7 8 9 10 11 12 13 14 15 16 17 18
12Z AVG MX 2MIN
DY MAX MIN AVG DEP HDD CDD WTR SNW DPTH SPD SPD DIR MIN PSBL S-S WX SPD DR
================================================================================
1 93 66 80 5 0 15 0.00 M M 5.6 16 270 M M 2 20 270
2 91 63 77 2 0 12 0.00 M M 5.0 16 270 M M 0 24 300
3 93 63 78 3 0 13 0.00 M M 5.7 15 270 M M 1 20 280
4 88 64 76 1 0 11 0.00 M M 4.7 13 310 M M 0 15 280
5 92 64 78 3 0 13 0.00 M M 6.4 15 280 M M 0 23 270
6 95 58 77 2 0 12 0.00 M M 6.1 22 280 M M 0 26 280
7 99 61 80 5 0 15 0.00 M M 4.5 15 280 M M 0 29 320
8 95 65 80 5 0 15 T M M 5.1 15 270 M M 0 23 300
9 97 67 82 7 0 17 0.00 M M 4.4 16 280 M M 0 25 260
10 97 64 81 6 0 16 0.00 M M 5.2 17 270 M M 0 22 230
11 97 62 80 5 0 15 0.00 M M 5.5 16 280 M M 0 23 310
12 98 62 80 5 0 15 0.00 M M 4.9 15 260 M M 0 22 310
13 98 69 84 9 0 19 0.00 M M 6.3 17 280 M M 1 26 300
14 96 66 81 6 0 16 0.00 M M 5.6 15 270 M M 0 24 230
15 97 64 81 6 0 16 0.00 M M 5.0 15 260 M M 1 20 270
16 97 60 79 4 0 14 0.00 M M 5.2 15 260 M M 1 25 250
17 97 62 80 5 0 15 0.00 M M 5.2 15 270 M M 0 24 220
18 94 63 79 4 0 14 0.00 M M 4.8 15 250 M M 1 1 22 260
19 92 59 76 1 0 11 0.00 M M 5.8 15 270 M M 0 19 270
20 88 60 74 -1 0 9 0.00 M M 5.8 14 270 M M 2 18 19 270
21 87 59 73 -2 0 8 0.00 M M 5.1 13 300 M M 3 1 19 310
22 92 60 76 1 0 11 0.00 M M 5.8 14 270 M M 1 12 19 290
23 95 57 76 1 0 11 0.00 M M 5.5 15 300 M M 1 19 280
24 94 62 78 3 0 13 0.00 M M 5.4 16 290 M M 1 8 20 300
25 92 64 78 3 0 13 0.00 M M 5.9 14 260 M M 1 21 270
26 93 62 78 3 0 13 0.00 M M 4.9 15 270 M M 0 19 260
27 88 57 73 -1 0 8 0.00 M M 5.2 15 270 M M 1 12 22 260
28 86 60 73 -1 0 8 0.00 M M 5.3 15 270 M M 3 22 280
29 89 63 76 2 0 11 0.00 M M 5.1 14 280 M M 3 21 280
30 98 61 80 6 0 15 0.00 M M 5.3 17 300 M M 0 25 310
31 104 62 83 9 0 18 0.00 M M 5.1 20 270 M M 1 8 29 310
================================================================================
SM 2912 1929 0 412 T M 165.4 M 24
================================================================================
AV 93.9 62.2 5.3 FASTST M M 1 MAX(MPH)
MISC ----> 22 280 # 29 320
================================================================================
NOTES:
# LAST OF SEVERAL OCCURRENCES
COLUMN 17 PEAK WIND IN M.P.H.
PRELIMINARY LOCAL CLIMATOLOGICAL DATA (WS FORM: F-6) , PAGE 2
STATION: RAMONA AIRPORT CA
MONTH: AUGUST
YEAR: 2022
LATITUDE: 33 2 N
LONGITUDE: 116 55 W
[TEMPERATURE DATA] [PRECIPITATION DATA] SYMBOLS USED IN COLUMN 16
AVERAGE MONTHLY: 78.1 TOTAL FOR MONTH: T 1 = FOG OR MIST
DPTR FM NORMAL: 3.4 DPTR FM NORMAL: -0.04 2 = FOG REDUCING VISIBILITY
HIGHEST: 104 ON 31 GRTST 24HR T ON 8- 8 TO 1/4 MILE OR LESS
LOWEST: 57 ON 27,23 3 = THUNDER
SNOW, ICE PELLETS, HAIL 4 = ICE PELLETS
TOTAL MONTH: M 5 = HAIL
GRTST 24HR M ON M 6 = FREEZING RAIN OR DRIZZLE
GRTST DEPTH: M ON M 7 = DUSTSTORM OR SANDSTORM:
VSBY 1/2 MILE OR LESS
8 = SMOKE OR HAZE
[NO. OF DAYS WITH] [WEATHER - DAYS WITH] 9 = BLOWING SNOW
X = TORNADO
MAX 32 OR BELOW: 0 0.01 INCH OR MORE: 0
MAX 90 OR ABOVE: 25 0.10 INCH OR MORE: 0
MIN 32 OR BELOW: 0 0.50 INCH OR MORE: 0
MIN 0 OR BELOW: 0 1.00 INCH OR MORE: 0
[HDD (BASE 65) ]
TOTAL THIS MO. 0 CLEAR (SCALE 0-3) 30
DPTR FM NORMAL -1 PTCLDY (SCALE 4-7) 1
TOTAL FM JUL 1 0 CLOUDY (SCALE 8-10) 0
DPTR FM NORMAL -1
[CDD (BASE 65) ]
TOTAL THIS MO. 412
DPTR FM NORMAL 109 [PRESSURE DATA]
TOTAL FM JAN 1 949 HIGHEST SLP 30.05 ON 21
DPTR FM NORMAL 257 LOWEST SLP 29.72 ON 19
[REMARKS]
#FINAL-08-22#