000
CXUS55 KREV 011414
CF6RNO
PRELIMINARY LOCAL CLIMATOLOGICAL DATA (WS FORM: F-6)
STATION: RENO-TAHOE INTL AIRPORT NV
MONTH: JULY
YEAR: 2021
LATITUDE: 39 30 N
LONGITUDE: 119 47 W
TEMPERATURE IN F: :PCPN: SNOW: WIND :SUNSHINE: SKY :PK WND
================================================================================
1 2 3 4 5 6A 6B 7 8 9 10 11 12 13 14 15 16 17 18
12Z AVG MX 2MIN
DY MAX MIN AVG DEP HDD CDD WTR SNW DPTH SPD SPD DIR MIN PSBL S-S WX SPD DR
================================================================================
1 96 64 80 6 0 15 T 0.0 0 5.6 20 280 M M 4 25 280
2 98 67 83 9 0 18 T 0.0 0 5.5 26 40 M M 4 3 38 40
3 100 64 82 7 0 17 T 0.0 0 7.1 30 280 M M 4 3 39 290
4 93 70 82 7 0 17 0.01 0.0 0 9.2 20 280 M M 6 25 300
5 100 64 82 7 0 17 0.00 0.0 0 5.7 20 280 M M 1 25 270
6 101 67 84 8 0 19 0.00 0.0 0 9.2 26 280 M M 2 36 290
7 100 65 83 7 0 18 0.00 0.0 0 7.3 25 270 M M M 32 270
8 100 64 82 6 0 17 0.00 0.0 0 8.0 23 280 M M M 30 290
9 104 69 87 11 0 22 T 0.0 0 5.0 33 180 M M M 39 190
10 105 72 89 12 0 24 0.00 0.0 0 5.4 17 270 M M M 8 33 280
11 104 70 87 10 0 22 0.00 0.0 0 6.3 24 290 M M M 29 280
12 104 67 86 9 0 21 0.00 0.0 0 7.2 28 280 M M M 35 260
13 102 65 84 7 0 19 0.00 0.0 0 6.5 23 280 M M M 38 280
14 101 63 82 4 0 17 0.00 0.0 0 6.5 23 290 M M 0 29 270
15 95 63 79 1 0 14 0.00 0.0 0 9.1 26 290 M M 0 8 34 300
16 95 59 77 -1 0 12 0.00 0.0 0 8.4 24 290 M M 0 31 290
17 97 60 79 1 0 14 0.00 0.0 0 7.2 23 280 M M 5 30 290
18 95 62 79 1 0 14 T 0.0 0 5.8 23 70 M M 7 8 36 70
19 94 69 82 4 0 17 0.29 0.0 0 4.5 29 40 M M 8 3 37 30
20 93 65 79 1 0 14 0.00 0.0 0 8.2 25 180 M M 2 31 240
21 96 61 79 1 0 14 0.00 0.0 0 6.4 26 290 M M 2 37 340
22 97 63 80 2 0 15 0.00 0.0 0 7.7 25 280 M M 4 31 280
23 97 66 82 4 0 17 0.00 0.0 0 4.3 18 320 M M 2 8 23 330
24 100 68 84 6 0 19 0.00 0.0 0 6.4 18 300 M M 7 8 23 310
25 100 67 84 6 0 19 0.00 0.0 0 5.5 31 190 M M 9 8 36 190
26 99 73 86 8 0 21 T 0.0 0 6.8 24 290 M M 9 8 32 300
27 88 67 78 0 0 13 0.00 0.0 0 9.2 24 290 M M 6 8 29 290
28 94 60 77 -1 0 12 0.00 0.0 0 5.2 43 180 M M 4 8 48 180
29 97 63 80 2 0 15 0.00 0.0 0 5.9 31 200 M M 5 8 40 200
30 92 69 81 3 0 16 0.00 0.0 0 9.7 31 180 M M 8 8 37 180
31 91 69 80 2 0 15 T 0.0 0 6.4 32 340 M M 8 38 38 330
================================================================================
SM 3028 2035 0 524 0.30 0.0 211.2 M 107
================================================================================
AV 97.7 65.6 6.8 FASTST M M 4 MAX(MPH)
MISC ----> 43 180 48 180
================================================================================
NOTES:
# LAST OF SEVERAL OCCURRENCES
COLUMN 17 PEAK WIND IN M.P.H.
PRELIMINARY LOCAL CLIMATOLOGICAL DATA (WS FORM: F-6) , PAGE 2
STATION: RENO-TAHOE INTL AIRPORT NV
MONTH: JULY
YEAR: 2021
LATITUDE: 39 30 N
LONGITUDE: 119 47 W
[TEMPERATURE DATA] [PRECIPITATION DATA] SYMBOLS USED IN COLUMN 16
AVERAGE MONTHLY: 81.7 TOTAL FOR MONTH: 0.30 1 = FOG OR MIST
DPTR FM NORMAL: 4.5 DPTR FM NORMAL: 0.10 2 = FOG REDUCING VISIBILITY
HIGHEST: 105 ON 10 GRTST 24HR 0.29 ON 18-19 TO 1/4 MILE OR LESS
LOWEST: 59 ON 16 3 = THUNDER
SNOW, ICE PELLETS, HAIL 4 = ICE PELLETS
TOTAL MONTH: 0.0 INCH 5 = HAIL
GRTST 24HR 0.0 6 = FREEZING RAIN OR DRIZZLE
GRTST DEPTH: 0 7 = DUSTSTORM OR SANDSTORM:
VSBY 1/2 MILE OR LESS
8 = SMOKE OR HAZE
[NO. OF DAYS WITH] [WEATHER - DAYS WITH] 9 = BLOWING SNOW
X = TORNADO
MAX 32 OR BELOW: 0 0.01 INCH OR MORE: 2
MAX 90 OR ABOVE: 30 0.10 INCH OR MORE: 1
MIN 32 OR BELOW: 0 0.50 INCH OR MORE: 0
MIN 0 OR BELOW: 0 1.00 INCH OR MORE: 0
[HDD (BASE 65) ]
TOTAL THIS MO. 0 CLEAR (SCALE 0-3) 8
DPTR FM NORMAL -2 PTCLDY (SCALE 4-7) 13
TOTAL FM JUL 1 0 CLOUDY (SCALE 8-10) 10
DPTR FM NORMAL 0
[CDD (BASE 65) ]
TOTAL THIS MO. 524
DPTR FM NORMAL 145 [PRESSURE DATA]
TOTAL FM JAN 1 893 HIGHEST SLP 30.13 ON 28
DPTR FM NORMAL 296 LOWEST SLP 29.70 ON 26
[REMARKS]
#FINAL-07-21#