000
CXUS53 KARX 011000
CF6RST
PRELIMINARY LOCAL CLIMATOLOGICAL DATA (WS FORM: F-6)
STATION: ROCHESTER MN
MONTH: JANUARY
YEAR: 2022
LATITUDE: 43 55 N
LONGITUDE: 92 30 W
TEMPERATURE IN F: :PCPN: SNOW: WIND :SUNSHINE: SKY :PK WND
================================================================================
1 2 3 4 5 6A 6B 7 8 9 10 11 12 13 14 15 16 17 18
12Z AVG MX 2MIN
DY MAX MIN AVG DEP HDD CDD WTR SNW DPTH SPD SPD DIR MIN PSBL S-S WX SPD DR
================================================================================
1 6 -10 -2 -18 67 0 0.00 0.0 2 14.7 24 350 M M 4 28 350
2 2 -16 -7 -23 72 0 0.00 0.0 2 8.1 13 190 M M 0 16 190
3 20 0 10 -6 55 0 0.00 0.0 2 13.0 20 170 M M 0 27 160
4 29 15 22 6 43 0 T T 2 16.6 36 280 M M 2 16 46 280
5 15 3 9 -7 56 0 0.02 0.4 2 23.5 33 280 M M 7 1289 46 280
6 3 -10 -3 -18 68 0 0.01 0.1 2 16.1 22 300 M M 8 18 27 300
7 7 -13 -3 -18 68 0 0.00 0.0 2 11.7 30 160 M M 5 40 170
8 26 7 17 2 48 0 T T 2 20.3 29 310 M M 6 18 43 160
9 10 -4 3 -12 62 0 0.00 0.0 2 18.2 32 310 M M 3 89 38 300
10 6 -8 -1 -16 66 0 0.00 0.0 2 8.9 16 320 M M 3 20 330
11 39 3 21 6 44 0 0.00 0.0 2 19.0 30 180 M M 0 41 190
12 42 29 36 21 29 0 0.00 0.0 1 6.0 17 250 M M 4 1 23 240
13 38 26 32 18 33 0 0.00 0.0 1 10.1 21 340 M M 6 1 26 330
14 29 12 21 7 44 0 0.44 4.1 0 15.1 24 60 M M 8 12 32 60
15 15 -3 6 -8 59 0 0.00 0.0 4 7.8 17 50 M M 1 22 40
16 25 3 14 0 51 0 T T 4 14.5 24 190 M M 7 18 31 190
17 26 18 22 8 43 0 0.00 0.0 4 10.6 18 300 M M 10 22 300
18 36 10 23 9 42 0 0.00 0.0 4 20.1 39 300 M M 5 1 48 300
19 10 -6 2 -12 63 0 0.00 0.0 3 22.9 35 300 M M 2 42 300
20 1 -15 -7 -21 72 0 0.00 0.0 3 7.4 16 310 M M 0 20 320
21 15 -15 0 -14 65 0 0.02 0.3 3 18.6 30 200 M M 2 189 42 190
22 24 9 17 3 48 0 0.25 3.0 3 14.3 28 270 M M 7 189 38 290
23 10 -10 0 -14 65 0 0.02 0.2 6 10.4 20 180 M M 3 18 24 360
24 16 -7 5 -9 60 0 0.06 0.6 6 14.5 23 340 M M 4 18 29 10
25 -2 -17 -9 -23 74 0 0.00 0.0 6 13.3 18 310 M M 0 23 310
26 20 -21 0 -14 65 0 0.00 0.0 6 19.4 33 190 M M 1 8 45 190
27 30 5 18 4 47 0 0.01 T 6 14.6 25 210 M M 8 16 34 200
28 12 -9 2 -12 63 0 0.00 0.0 6 8.6 15 250 M M 4 17 260
29 20 7 14 -1 51 0 0.00 0.0 5 13.6 22 190 M M 1 30 160
30 22 7 15 0 50 0 T T 5 9.9 21 320 M M 5 8 28 320
31 31 8 20 5 45 0 0.00 0.0 5 19.0 30 170 M M 0 40 170
================================================================================
SM 583 -2 1718 0 0.83 8.7 440.8 M 116
================================================================================
AV 18.8 -0.1 14.2 FASTST M M 4 MAX(MPH)
MISC ----> 39 300 48 300
================================================================================
NOTES:
# LAST OF SEVERAL OCCURRENCES
COLUMN 17 PEAK WIND IN M.P.H.
PRELIMINARY LOCAL CLIMATOLOGICAL DATA (WS FORM: F-6) , PAGE 2
STATION: ROCHESTER MN
MONTH: JANUARY
YEAR: 2022
LATITUDE: 43 55 N
LONGITUDE: 92 30 W
[TEMPERATURE DATA] [PRECIPITATION DATA] SYMBOLS USED IN COLUMN 16
AVERAGE MONTHLY: 9.4 TOTAL FOR MONTH: 0.83 1 = FOG OR MIST
DPTR FM NORMAL: -5.3 DPTR FM NORMAL: -0.16 2 = FOG REDUCING VISIBILITY
HIGHEST: 42 ON 12 GRTST 24HR 0.44 ON 14-14 TO 1/4 MILE OR LESS
LOWEST: -21 ON 26 3 = THUNDER
SNOW, ICE PELLETS, HAIL 4 = ICE PELLETS
TOTAL MONTH: 8.7 INCHES 5 = HAIL
GRTST 24HR 4.1 ON 14-14 6 = FREEZING RAIN OR DRIZZLE
GRTST DEPTH: 6 ON 28,27 7 = DUSTSTORM OR SANDSTORM:
VSBY 1/2 MILE OR LESS
8 = SMOKE OR HAZE
[NO. OF DAYS WITH] [WEATHER - DAYS WITH] 9 = BLOWING SNOW
X = TORNADO
MAX 32 OR BELOW: 27 0.01 INCH OR MORE: 8
MAX 90 OR ABOVE: 0 0.10 INCH OR MORE: 2
MIN 32 OR BELOW: 31 0.50 INCH OR MORE: 0
MIN 0 OR BELOW: 16 1.00 INCH OR MORE: 0
[HDD (BASE 65) ]
TOTAL THIS MO. 1718 CLEAR (SCALE 0-3) 15
DPTR FM NORMAL 160 PTCLDY (SCALE 4-7) 14
TOTAL FM JUL 1 4290 CLOUDY (SCALE 8-10) 2
DPTR FM NORMAL -326
[CDD (BASE 65) ]
TOTAL THIS MO. 0
DPTR FM NORMAL 0 [PRESSURE DATA]
TOTAL FM JAN 1 0 HIGHEST SLP 30.76 ON 20
DPTR FM NORMAL 0 LOWEST SLP 29.46 ON 4
[REMARKS]
#FINAL-01-22#