000
CXUS53 KARX 010742
CLSRST
CLIMATE REPORT
NATIONAL WEATHER SERVICE LA CROSSE WI
142 AM CST TUE MAR 01 2022
...................................
...THE ROCHESTER MN CLIMATE SUMMARY FOR THE SEASON, FROM
12/1/2021 TO 2/28/2022...
CLIMATE NORMAL PERIOD 1991 TO 2020
CLIMATE RECORD PERIOD 1886 TO 2022
WEATHER OBSERVED NORMAL DEPART LAST YEAR`S
VALUE DATE(S) VALUE FROM VALUE DATE(S)
NORMAL
................................................................
TEMPERATURE (F)
RECORD
HIGH 64 12/04/2017
LOW -42 01/07/1887
HIGHEST 64R 12/15 52 12/09
LOWEST -21 01/26 -23 02/15
AVG. MAXIMUM 25.3 25.8 -0.5 25.4
AVG. MINIMUM 6.8 10.4 -3.6 10.4
MEAN 16.1 18.1 -2.0 17.9
DAYS MAX >= 90 0 0.0 0.0 0
DAYS MAX <= 32 62 62.0 0.0 59
DAYS MIN <= 32 87 87.3 -0.3 90
DAYS MIN <= 0 29 23.3 5.7 20
PRECIPITATION (INCHES)
RECORD
MAXIMUM 6.30 2018
MINIMUM 0.71 1928
TOTALS 2.65 3.29 -0.64 1.99
DAYS >= .01 26 27.0 -1.0 19
DAYS >= .10 8 9.9 -1.9 7
DAYS >= .50 1 1.1 -0.1 1
DAYS >= 1.00 0 0.1 -0.1 0
GREATEST
24 HR. TOTAL 0.63 12/10 TO 12/11 0.52 01/14 TO 01/14
SNOWFALL (INCHES)
RECORDS
TOTAL 68.2 2018
SNOW DEPTH 29 12/26/2010
12/25/2010
12/21/2010
TOTALS 28.2 35.3 -7.1 24.2
SNOWDEPTH AVG. 3 3
DAYS >= TRACE 25 24.8 0.2 MM
DAYS >= 1.0 4 10.8 -6.8 MM
GREATEST
SNOW DEPTH 7 12/11 11 02/22
12/12
DEGREE DAYS
HEATING TOTAL 4379 4224 155 4190
COOLING TOTAL 0 0 0 0
................................................................
WIND (MPH)
AVERAGE WIND SPEED 13.8
HIGHEST WIND SPEED/DIRECTION 59/220 DATE 12/15
HIGHEST GUST SPEED/DIRECTION 77/200 DATE 12/15
AVERAGE RH (PERCENT) 74
WEATHER CONDITIONS. NUMBER OF DAYS WITH
THUNDERSTORM 1 MIXED PRECIP 0
HEAVY RAIN 1 RAIN 2
LIGHT RAIN 6 FREEZING RAIN 0
LT FREEZING RAIN 10 HAIL 0
HEAVY SNOW 2 SNOW 7
LIGHT SNOW 35 SLEET 0
FOG 38 FOG W/VIS <= 1/4 MILE 9
HAZE 20
- INDICATES NEGATIVE NUMBERS.
R INDICATES RECORD WAS SET OR TIED.
MM INDICATES DATA IS MISSING.
T INDICATES TRACE AMOUNT.
$$
BOYNE