000
CXUS54 KTSA 010850
CF6RVS
PRELIMINARY LOCAL CLIMATOLOGICAL DATA (WS FORM: F-6)
STATION: TULSA-RIVERSIDE OKLAHOMA
MONTH: APRIL
YEAR: 2021
LATITUDE: 36 2 N
LONGITUDE: 95 59 W
TEMPERATURE IN F: :PCPN: SNOW: WIND :SUNSHINE: SKY :PK WND
================================================================================
1 2 3 4 5 6A 6B 7 8 9 10 11 12 13 14 15 16 17 18
12Z AVG MX 2MIN
DY MAX MIN AVG DEP HDD CDD WTR SNW DPTH SPD SPD DIR MIN PSBL S-S WX SPD DR
================================================================================
1 62 32 47 -9 18 0 0.00 0.0 M 4.2 13 30 M M 0 18 30
2 69 38 54 -2 11 0 0.00 0.0 M 9.1 20 170 M M 1 30 170
3 76 51 64 8 1 0 0.00 0.0 M 8.9 18 200 M M 3 28 180
4 77 46 62 6 3 0 0.00 0.0 M 7.5 17 190 M M 1 24 170
5 82 54 68 11 0 3 0.00 0.0 M 10.2 23 180 M M 4 35 170
6 79 61 70 13 0 5 0.00 0.0 M 13.1 22 160 M M 6 40 170
7 61 54 58 1 7 0 0.00 0.0 M 10.2 14 280 M M 4 29 270
8 77 46 62 4 3 0 0.00 0.0 M 8.8 16 270 M M 0 29 270
9 79 51 65 7 0 0 0.09 0.0 M 7.8 25 340 M M 4 13 49 350
10 67 44 56 -2 9 0 0.00 0.0 M 6.0 14 300 M M 5 25 310
11 85 38 62 4 3 0 0.00 0.0 M 5.7 17 210 M M 0 26 200
12 67 53 60 1 5 0 0.00 0.0 M 12.3 22 30 M M 4 32 30
13 70 49 60 1 5 0 0.36 0.0 M 13.7 23 30 M M 5 13 32 50
14 66 49 58 -1 7 0 0.71 0.0 M 6.9 16 50 M M 9 1 22 30
15 60 50 55 -5 10 0 0.01 0.0 M 6.9 15 30 M M 8 21 40
16 54 46 50 -10 15 0 0.30 0.0 M 5.4 13 340 M M 10 13 22 310
17 58 45 52 -8 13 0 T 0.0 M 4.9 13 350 M M 10 22 340
18 66 42 54 -6 11 0 0.00 0.0 M 2.5 13 320 M M 5 26 340
19 76 37 57 -4 8 0 0.00 0.0 M 4.8 16 30 M M 0 26 10
20 52 31 42 -19 23 0 0.05 0.0 M 7.9 18 350 M M 5 1 32 10
21 62 28 45 -16 20 0 0.00 0.0 M 4.2 12 280 M M 0 19 270
22 62 36 49 -13 16 0 0.02 0.0 M 5.7 20 200 M M 6 1 27 180
23 66 50 58 -4 7 0 0.89 0.0 M 7.5 21 130 M M 10 13 32 130
24 71 49 60 -2 5 0 0.11 0.0 M 5.3 16 360 M M 6 1 26 10
25 79 44 62 0 3 0 0.00 0.0 M 9.9 22 170 M M 0 1 36 180
26 87 64 76 13 0 11 0.00 0.0 M 13.8 25 190 M M 0 36 160
27 74 67 71 8 0 6 0.15 0.0 M 11.9 25 180 M M 6 13 37 160
28 75 65 70 7 0 5 1.32 0.0 M 7.5 25 170 M M 10 13 38 170
29 78 54 66 2 0 1 0.00 0.0 M 7.2 17 30 M M 2 26 360
30 82 48 65 1 0 0 0.00 0.0 M 2.1 10 190 M M 0 1 16 110
================================================================================
SM 2119 1422 203 31 4.01 0.0 231.9 M 124
================================================================================
AV 70.6 47.4 7.7 FASTST M M 4 MAX(MPH)
MISC ----> 25 170 49 350
================================================================================
NOTES:
# LAST OF SEVERAL OCCURRENCES
COLUMN 17 PEAK WIND IN M.P.H.
PRELIMINARY LOCAL CLIMATOLOGICAL DATA (WS FORM: F-6) , PAGE 2
STATION: TULSA-RIVERSIDE OKLAHOMA
MONTH: APRIL
YEAR: 2021
LATITUDE: 36 2 N
LONGITUDE: 95 59 W
[TEMPERATURE DATA] [PRECIPITATION DATA] SYMBOLS USED IN COLUMN 16
AVERAGE MONTHLY: 59.0 TOTAL FOR MONTH: 4.01 1 = FOG OR MIST
DPTR FM NORMAL: -0.8 DPTR FM NORMAL: 0.05 2 = FOG REDUCING VISIBILITY
HIGHEST: 87 ON 26 GRTST 24HR 1.32 ON 28-28 TO 1/4 MILE OR LESS
LOWEST: 28 ON 21 3 = THUNDER
SNOW, ICE PELLETS, HAIL 4 = ICE PELLETS
TOTAL MONTH: 0.0 INCH 5 = HAIL
GRTST 24HR 0.0 6 = FREEZING RAIN OR DRIZZLE
GRTST DEPTH: M ON M 7 = DUSTSTORM OR SANDSTORM:
VSBY 1/2 MILE OR LESS
8 = SMOKE OR HAZE
[NO. OF DAYS WITH] [WEATHER - DAYS WITH] 9 = BLOWING SNOW
X = TORNADO
MAX 32 OR BELOW: 0 0.01 INCH OR MORE: 11
MAX 90 OR ABOVE: 0 0.10 INCH OR MORE: 7
MIN 32 OR BELOW: 3 0.50 INCH OR MORE: 3
MIN 0 OR BELOW: 0 1.00 INCH OR MORE: 1
[HDD (BASE 65) ]
TOTAL THIS MO. 203 CLEAR (SCALE 0-3) 12
DPTR FM NORMAL 6 PTCLDY (SCALE 4-7) 12
TOTAL FM JUL 1 3515 CLOUDY (SCALE 8-10) 6
DPTR FM NORMAL -136
[CDD (BASE 65) ]
TOTAL THIS MO. 31
DPTR FM NORMAL -10 [PRESSURE DATA]
TOTAL FM JAN 1 36 HIGHEST SLP 30.62 ON 1
DPTR FM NORMAL -16 LOWEST SLP 29.55 ON 9
[REMARKS]
#FINAL-04-21#