000
CXUS54 KTSA 010840
CF6RVS
PRELIMINARY LOCAL CLIMATOLOGICAL DATA (WS FORM: F-6)
STATION: TULSA-RIVERSIDE OKLAHOMA
MONTH: APRIL
YEAR: 2020
LATITUDE: 36 2 N
LONGITUDE: 95 59 W
TEMPERATURE IN F: :PCPN: SNOW: WIND :SUNSHINE: SKY :PK WND
================================================================================
1 2 3 4 5 6A 6B 7 8 9 10 11 12 13 14 15 16 17 18
12Z AVG MX 2MIN
DY MAX MIN AVG DEP HDD CDD WTR SNW DPTH SPD SPD DIR MIN PSBL S-S WX SPD DR
================================================================================
1 73 44 59 3 6 0 0.00 0.0 0 7.5 18 170 M M 0 1 30 160
2 76 60 68 12 0 3 0.03 0.0 0 11.3 29 170 M M 3 1 42 160
3 63 36 50 -6 15 0 0.08 0.0 0 8.7 16 360 M M 10 1 23 10
4 44 37 41 -15 24 0 0.00 0.0 0 6.0 15 30 M M 10 18 26 30
5 66 43 55 -2 10 0 0.00 0.0 0 3.6 14 120 M M 8 18 18 140
6 75 61 68 11 0 3 0.00 0.0 0 9.7 20 200 M M 9 26 200
7 89 60 75 18 0 10 0.00 0.0 0 8.0 17 180 M M 4 24 200
8 95 56 76 18 0 11 0.00 0.0 0 5.4 22 10 M M 0 128 38 20
9 70 52 61 3 4 0 0.00 0.0 0 9.1 17 30 M M 0 26 10
10 67 41 54 -4 11 0 0.00 0.0 0 6.7 15 70 M M 0 22 10
11 72 56 64 6 1 0 0.87 0.0 0 12.1 22 180 M M 7 13 35 180
12 68 40 54 -5 11 0 0.08 0.0 0 8.8 21 360 M M 8 13 36 280
13 49 36 43 -16 22 0 0.01 0.0 0 10.5 20 30 M M 7 31 10
14 53 36 45 -14 20 0 0.03 0.0 0 3.6 12 40 M M 6 1 15 40
15 65 33 49 -11 16 0 0.00 0.0 0 4.3 16 170 M M 1 28 160
16 74 41 58 -2 7 0 0.00 0.0 0 10.7 23 170 M M 1 36 160
17 64 37 51 -9 14 0 T 0.0 0 6.4 14 30 M M 8 13 23 330
18 70 32 51 -9 14 0 T 0.0 0 5.7 17 180 M M 1 1 25 170
19 73 51 62 1 3 0 0.01 0.0 0 4.7 18 20 M M 8 13 27 50
20 81 47 64 3 1 0 0.02 0.0 0 3.4 16 200 M M 0 123 22 200
21 82 48 65 4 0 0 T 0.0 0 4.3 13 70 M M 1 1 18 50
22 67 58 63 1 2 0 1.18 0.0 0 7.8 21 120 M M 8 13 34 120
23 83 57 70 8 0 5 0.00 0.0 0 3.3 10 350 M M 4 17 10
24 81 59 70 8 0 5 1.03 0.0 0 8.3 17 160 M M 5 13 30 270
25 76 52 64 2 1 0 0.00 0.0 0 6.0 15 350 M M 1 28 10
26 80 46 63 0 2 0 0.00 0.0 0 3.9 14 130 M M 0 1 20 130
27 78 62 70 7 0 5 0.07 0.0 0 8.1 24 170 M M 5 3 33 160
28 83 63 73 10 0 8 1.36 0.0 0 9.3 31 20 M M 3 13 45 30
29 74 53 64 0 1 0 0.00 0.0 0 6.5 21 340 M M 1 37 330
30 80 48 64 0 1 0 0.00 0.0 0 2.2 9 200 M M 0 15 290
================================================================================
SM 2171 1445 186 50 4.77 0.0 205.9 M 119
================================================================================
AV 72.4 48.2 6.9 FASTST M M 4 MAX(MPH)
MISC ----> # 31 20 # 45 30
================================================================================
NOTES:
# LAST OF SEVERAL OCCURRENCES
COLUMN 17 PEAK WIND IN M.P.H.
PRELIMINARY LOCAL CLIMATOLOGICAL DATA (WS FORM: F-6) , PAGE 2
STATION: TULSA-RIVERSIDE OKLAHOMA
MONTH: APRIL
YEAR: 2020
LATITUDE: 36 2 N
LONGITUDE: 95 59 W
[TEMPERATURE DATA] [PRECIPITATION DATA] SYMBOLS USED IN COLUMN 16
AVERAGE MONTHLY: 60.3 TOTAL FOR MONTH: 4.77 1 = FOG OR MIST
DPTR FM NORMAL: 0.5 DPTR FM NORMAL: 0.81 2 = FOG REDUCING VISIBILITY
HIGHEST: 95 ON 8 GRTST 24HR 1.36 ON 28-28 TO 1/4 MILE OR LESS
LOWEST: 32 ON 18 3 = THUNDER
SNOW, ICE PELLETS, HAIL 4 = ICE PELLETS
TOTAL MONTH: 0.0 INCH 5 = HAIL
GRTST 24HR 0.0 6 = FREEZING RAIN OR DRIZZLE
GRTST DEPTH: 0 7 = DUSTSTORM OR SANDSTORM:
VSBY 1/2 MILE OR LESS
8 = SMOKE OR HAZE
[NO. OF DAYS WITH] [WEATHER - DAYS WITH] 9 = BLOWING SNOW
X = TORNADO
MAX 32 OR BELOW: 0 0.01 INCH OR MORE: 12
MAX 90 OR ABOVE: 1 0.10 INCH OR MORE: 4
MIN 32 OR BELOW: 1 0.50 INCH OR MORE: 4
MIN 0 OR BELOW: 0 1.00 INCH OR MORE: 3
[HDD (BASE 65) ]
TOTAL THIS MO. 186 CLEAR (SCALE 0-3) 15
DPTR FM NORMAL -11 PTCLDY (SCALE 4-7) 12
TOTAL FM JUL 1 3052 CLOUDY (SCALE 8-10) 3
DPTR FM NORMAL -599
[CDD (BASE 65) ]
TOTAL THIS MO. 50
DPTR FM NORMAL 9 [PRESSURE DATA]
TOTAL FM JAN 1 89 HIGHEST SLP 30.40 ON 14
DPTR FM NORMAL 37 LOWEST SLP 29.46 ON 12
[REMARKS]
#FINAL-04-20#