000
CXUS53 KMPX 010910
CF6RWF
PRELIMINARY LOCAL CLIMATOLOGICAL DATA (WS FORM: F-6)
STATION: REDWOOD FALLS MN
MONTH: JUNE
YEAR: 2021
LATITUDE: 44 32 N
LONGITUDE: 95 5 W
TEMPERATURE IN F: :PCPN: SNOW: WIND :SUNSHINE: SKY :PK WND
================================================================================
1 2 3 4 5 6A 6B 7 8 9 10 11 12 13 14 15 16 17 18
12Z AVG MX 2MIN
DY MAX MIN AVG DEP HDD CDD WTR SNW DPTH SPD SPD DIR MIN PSBL S-S WX SPD DR
================================================================================
1 80 48 64 -1 1 0 0.00 M M 3.8 10 170 M M 0 8 14 50
2 86 60 73 8 0 8 0.00 M M 9.9 20 250 M M 3 29 240
3 91 65 78 12 0 13 0.00 M M 11.8 22 270 M M 1 32 250
4 98 69 84 18 0 19 0.00 M M 13.6 21 230 M M 0 32 240
5 102 76 89 23 0 24 0.00 M M 17.1 25 220 M M 0 33 220
6 94 73 84 18 0 19 0.00 M M 20.0 31 200 M M 0 42 180
7 98 68 83 16 0 18 0.00 M M 8.5 21 240 M M 1 30 210
8 96 69 83 16 0 18 0.00 M M 6.4 17 170 M M 2 25 140
9 96 70 83 16 0 18 0.00 M M 9.1 22 180 M M 1 3 33 180
10 100 71 86 18 0 21 0.00 M M 7.6 15 190 M M 1 21 220
11 84 63 74 6 0 9 0.11 M M 8.7 28 310 M M 2 13 47 320
12 86 55 71 3 0 6 0.00 M M 6.8 16 300 M M 0 24 310
13 97 57 77 8 0 12 0.00 M M 10.5 24 230 M M 1 34 290
14 88 59 74 5 0 9 0.00 M M 5.2 14 350 M M 0 22 350
15 86 60 73 4 0 8 0.00 M M 5.8 10 90 M M 0 16 110
16 91 60 76 7 0 11 T M M 12.3 29 160 M M 1 3 37 160
17 88 64 76 6 0 11 T M M 6.0 14 360 M M 1 3 21 20
18 91 58 75 5 0 10 0.00 M M 7.3 18 320 M M 0 29 320
19 80 56 68 -2 0 3 T M M 6.3 13 310 M M 0 21 320
20 80 57 69 -1 0 4 0.17 M M 12.0 25 290 M M 5 13 38 310
21 68 50 59 -11 6 0 0.00 M M 10.1 24 310 M M 2 34 310
22 79 47 63 -8 2 0 0.00 M M 5.6 14 160 M M 1 18 150
23 93 53 73 2 0 8 0.00 M M 9.5 20 180 M M 1 24 190
24 86 67 77 6 0 12 T M M 6.6 16 300 M M 0 24 270
25 85 59 72 1 0 7 0.00 M M 4.7 12 100 M M 0 17 80
26 75 66 71 0 0 6 0.05 M M 5.5 13 320 M M 6 1 18 30
27 81 63 72 0 0 7 0.39 M M 5.1 17 320 M M 5 13 22 310
28 81 61 71 -1 0 6 T M M 4.9 24 290 M M 5 1 35 280
29 85 62 74 2 0 9 T M M 5.3 12 270 M M 3 18 18 250
30 87 60 74 2 0 9 0.00 M M 3.6 12 340 M M 0 18 340
================================================================================
SM 2632 1846 9 305 0.72 M 249.6 M 42
================================================================================
AV 87.7 61.5 8.3 FASTST M M 1 MAX(MPH)
MISC ----> 31 200 47 320
================================================================================
NOTES:
# LAST OF SEVERAL OCCURRENCES
COLUMN 17 PEAK WIND IN M.P.H.
PRELIMINARY LOCAL CLIMATOLOGICAL DATA (WS FORM: F-6) , PAGE 2
STATION: REDWOOD FALLS MN
MONTH: JUNE
YEAR: 2021
LATITUDE: 44 32 N
LONGITUDE: 95 5 W
[TEMPERATURE DATA] [PRECIPITATION DATA] SYMBOLS USED IN COLUMN 16
AVERAGE MONTHLY: 74.6 TOTAL FOR MONTH: 0.72 1 = FOG OR MIST
DPTR FM NORMAL: 5.7 DPTR FM NORMAL: -3.94 2 = FOG REDUCING VISIBILITY
HIGHEST: 102 ON 5 GRTST 24HR 0.44 ON 26-27 TO 1/4 MILE OR LESS
LOWEST: 47 ON 22 3 = THUNDER
SNOW, ICE PELLETS, HAIL 4 = ICE PELLETS
TOTAL MONTH: M 5 = HAIL
GRTST 24HR M ON M 6 = FREEZING RAIN OR DRIZZLE
GRTST DEPTH: M ON M 7 = DUSTSTORM OR SANDSTORM:
VSBY 1/2 MILE OR LESS
8 = SMOKE OR HAZE
[NO. OF DAYS WITH] [WEATHER - DAYS WITH] 9 = BLOWING SNOW
X = TORNADO
MAX 32 OR BELOW: 0 0.01 INCH OR MORE: 4
MAX 90 OR ABOVE: 12 0.10 INCH OR MORE: 3
MIN 32 OR BELOW: 0 0.50 INCH OR MORE: 0
MIN 0 OR BELOW: 0 1.00 INCH OR MORE: 0
[HDD (BASE 65) ]
TOTAL THIS MO. 9 CLEAR (SCALE 0-3) 24
DPTR FM NORMAL -28 PTCLDY (SCALE 4-7) 6
TOTAL FM JUL 1 7358 CLOUDY (SCALE 8-10) 0
DPTR FM NORMAL -447
[CDD (BASE 65) ]
TOTAL THIS MO. 305
DPTR FM NORMAL 149 [PRESSURE DATA]
TOTAL FM JAN 1 367 HIGHEST SLP 30.18 ON 15
DPTR FM NORMAL 167 LOWEST SLP 29.50 ON 20
[REMARKS]
#FINAL-06-21#