951
CXUS54 KEWX 011011
CF6RYW
PRELIMINARY LOCAL CLIMATOLOGICAL DATA (WS FORM: F-6)
STATION: LAGO VISTA
MONTH: AUGUST
YEAR: 2020
LATITUDE: 30 30 N
LONGITUDE: 97 58 W
TEMPERATURE IN F: :PCPN: SNOW: WIND :SUNSHINE: SKY :PK WND
================================================================================
1 2 3 4 5 6A 6B 7 8 9 10 11 12 13 14 15 16 17 18
12Z AVG MX 2MIN
DY MAX MIN AVG DEP HDD CDD WTR SNW DPTH SPD SPD DIR MIN PSBL S-S WX SPD DR
================================================================================
1 97 73 85 M 0 20 0.00 M M 4.9 8 270 M M 1 M M
2 101 74 88 M 0 23 0.00 M M 5.0 12 40 M M 2 21 100
3 99 72 86 M 0 21 0.23 M M 4.4 16 320 M M 2 3 22 320
4 97 71 84 M 0 19 0.03 M M 4.9 10 210 M M 3 16 190
5 99 75 87 M 0 22 0.00 M M 7.3 12 170 M M 0 22 170
6 98 74 86 M 0 21 0.00 M M 7.8 10 150 M M 1 20 170
7 97 74 86 M 0 21 0.00 M M 8.2 13 120 M M 2 21 120
8 97 74 86 M 0 21 0.00 M M 6.8 10 170 M M 2 18 150
9 97 75 86 M 0 21 0.00 M M 8.9 14 200 M M 3 22 160
10 98 76 87 M 0 22 0.00 M M 8.7 13 150 M M 5 22 150
11 99 76 88 M 0 23 0.00 M M 7.8 13 210 M M 4 22 200
12 100 76 88 M 0 23 0.00 M M 7.2 10 160 M M 1 18 200
13 100 76 88 M 0 23 0.00 M M 6.6 9 150 M M 0 17 180
14 103 76 90 M 0 25 0.00 M M 7.5 10 180 M M 0 16 210
15 104 77 91 M 0 26 0.00 M M 6.5 10 210 M M 0 17 200
16 103 78 91 M 0 26 0.00 M M 5.4 10 110 M M 1 18 120
17 95 72 84 M 0 19 0.00 M M 4.4 14 60 M M 3 23 150
18 100 75 88 M 0 23 0.00 M M 4.7 9 80 M M 1 16 80
19 99 72 86 M 0 21 0.00 M M 7.1 13 20 M M 0 18 350
20 97 69 83 M 0 18 0.00 M M 4.8 8 90 M M 0 M M
21 98 73 86 M 0 21 0.00 M M 5.5 9 110 M M 4 M M
22 91 65 78 M 0 13 0.26 M M 4.9 27 350 M M 2 3 39 350
23 93 67 80 M 0 15 0.00 M M 3.5 7 100 M M 1 M M
24 95 75 85 M 0 20 0.00 M M 4.2 10 80 M M 2 17 80
25 96 73 85 M 0 20 0.00 M M 4.5 8 40 M M 2 M M
26 92 73 83 M 0 18 0.00 M M 6.5 13 80 M M 2 20 80
27 96 73 85 M 0 20 0.00 M M 3.7 7 30 M M 2 M M
28 101 79 90 M 0 25 0.00 M M 7.2 14 150 M M 1 23 150
29 99 76 88 M 0 23 0.00 M M 6.4 9 170 M M 0 18 160
30 98 76 87 M 0 22 0.00 M M 7.4 13 150 M M 1 22 150
31 98 78 88 M 0 23 0.00 M M 8.2 12 160 M M 5 20 150
================================================================================
SM 3037 2293 0 658 0.52 M 190.9 M 53
================================================================================
AV 98.0 74.0 6.2 FASTST M M 2 MAX(MPH)
MISC ----> # 27 350 # 39 350
================================================================================
NOTES:
# LAST OF SEVERAL OCCURRENCES
COLUMN 17 PEAK WIND IN M.P.H.
PRELIMINARY LOCAL CLIMATOLOGICAL DATA (WS FORM: F-6) , PAGE 2
STATION: LAGO VISTA
MONTH: AUGUST
YEAR: 2020
LATITUDE: 30 30 N
LONGITUDE: 97 58 W
[TEMPERATURE DATA] [PRECIPITATION DATA] SYMBOLS USED IN COLUMN 16
AVERAGE MONTHLY: 86.0 TOTAL FOR MONTH: 0.52 1 = FOG OR MIST
DPTR FM NORMAL: M DPTR FM NORMAL: M 2 = FOG REDUCING VISIBILITY
HIGHEST: 104 ON 15 GRTST 24HR 0.26 ON 22-22 TO 1/4 MILE OR LESS
LOWEST: 65 ON 22 3 = THUNDER
SNOW, ICE PELLETS, HAIL 4 = ICE PELLETS
TOTAL MONTH: M 5 = HAIL
GRTST 24HR M ON M 6 = FREEZING RAIN OR DRIZZLE
GRTST DEPTH: M ON M 7 = DUSTSTORM OR SANDSTORM:
VSBY 1/2 MILE OR LESS
8 = SMOKE OR HAZE
[NO. OF DAYS WITH] [WEATHER - DAYS WITH] 9 = BLOWING SNOW
X = TORNADO
MAX 32 OR BELOW: 0 0.01 INCH OR MORE: 3
MAX 90 OR ABOVE: 31 0.10 INCH OR MORE: 2
MIN 32 OR BELOW: 0 0.50 INCH OR MORE: 0
MIN 0 OR BELOW: 0 1.00 INCH OR MORE: 0
[HDD (BASE 65) ]
TOTAL THIS MO. 0 CLEAR (SCALE 0-3) 27
DPTR FM NORMAL M PTCLDY (SCALE 4-7) 4
TOTAL FM JUL 1 0 CLOUDY (SCALE 8-10) 0
DPTR FM NORMAL M
[CDD (BASE 65) ]
TOTAL THIS MO. 658
DPTR FM NORMAL M [PRESSURE DATA]
TOTAL FM JAN 1 2344 HIGHEST SLP M ON M
DPTR FM NORMAL M LOWEST SLP M ON M
[REMARKS]
#FINAL-08-20#