000
CXUS56 KSTO 041729
CF6SAC
PRELIMINARY LOCAL CLIMATOLOGICAL DATA (WS FORM: F-6)
STATION: SACRAMENTO EXEC. AIRPORT CA
MONTH: JUNE
YEAR: 2022
LATITUDE: 38 31 N
LONGITUDE: 121 30 W
TEMPERATURE IN F: :PCPN: SNOW: WIND :SUNSHINE: SKY :PK WND
================================================================================
1 2 3 4 5 6A 6B 7 8 9 10 11 12 13 14 15 16 17 18
12Z AVG MX 2MIN
DY MAX MIN AVG DEP HDD CDD WTR SNW DPTH SPD SPD DIR MIN PSBL S-S WX SPD DR
================================================================================
1 94 56 75 5 0 10 0.00 M M 5.0 14 210 M M 0 17 220
2 87 62 75 5 0 10 0.00 0.0 M 7.4 20 210 M M 0 30 200
3 84 58 71 1 0 6 0.00 0.0 M 9.5 21 220 M M 0 27 220
4 79 60 70 0 0 5 T 0.0 M 5.6 15 250 M M 8 19 220
5 81 61 71 1 0 6 0.09 0.0 M 7.2 14 220 M M 7 1 18 210
6 90 59 75 5 0 10 0.00 0.0 M 4.8 14 230 M M 1 17 210
7 92 56 74 3 0 9 0.00 M M 4.5 15 220 M M 0 20 190
8 91 61 76 5 0 11 0.00 M M 6.4 17 230 M M 0 8 23 210
9 99 59 79 8 0 14 0.00 M M 5.5 15 230 M M 0 18 220
10 102 63 83 12 0 18 0.00 0.0 M 5.0 14 230 M M 0 21 340
11 99 64 82 11 0 17 0.00 0.0 M 6.6 20 230 M M 0 24 230
12 82 59 71 -1 0 6 0.00 0.0 M 11.4 22 230 M M 1 31 200
13 85 54 70 -2 0 5 0.00 0.0 M 9.8 22 310 M M 0 28 10
14 91 62 77 5 0 12 0.00 M M 10.8 22 320 M M 0 26 280
15 96 56 76 4 0 11 0.00 M M 7.8 23 220 M M 0 30 220
16 86 58 72 0 0 7 0.00 0.0 M 11.0 30 220 M M 0 37 230
17 74 54 64 -8 1 0 0.00 M M 11.5 21 220 M M 0 29 230
18 79 51 65 -8 0 0 0.00 0.0 M 5.3 18 220 M M 1 23 220
19 87 52 70 -3 0 5 0.00 M M 6.5 16 340 M M 0 21 290
20 93 58 76 3 0 11 0.00 0.0 M 6.2 16 10 M M 0 21 310
21 105 63 84 11 0 19 0.00 0.0 M 6.4 15 360 M M 0 19 360
22 98 65 82 9 0 17 0.00 M M 6.6 17 220 M M 0 22 210
23 100 72 86 12 0 21 0.00 M M 7.2 15 220 M M 0 21 230
24 100 65 83 9 0 18 0.00 M M 6.7 15 230 M M 0 20 200
25 99 62 81 7 0 16 0.00 M M 7.2 17 210 M M 0 23 210
26 99 61 80 6 0 15 0.00 M M 6.7 14 220 M M 0 18 220
27 102 59 81 7 0 16 0.00 M M 6.1 14 220 M M 0 17 190
28 98 60 79 5 0 14 0.00 M M 7.5 18 230 M M 0 23 200
29 91 57 74 -1 0 9 0.00 M M 8.1 18 220 M M 0 23 230
30 85 56 71 -4 0 6 0.00 M M 9.6 16 230 M M 0 23 220
================================================================================
SM 2748 1783 1 324 0.09 0.0 219.9 M 18
================================================================================
AV 91.6 59.4 7.3 FASTST M M 1 MAX(MPH)
MISC ----> 30 220 37 230
================================================================================
NOTES:
# LAST OF SEVERAL OCCURRENCES
COLUMN 17 PEAK WIND IN M.P.H.
PRELIMINARY LOCAL CLIMATOLOGICAL DATA (WS FORM: F-6) , PAGE 2
STATION: SACRAMENTO EXEC. AIRPORT CA
MONTH: JUNE
YEAR: 2022
LATITUDE: 38 31 N
LONGITUDE: 121 30 W
[TEMPERATURE DATA] [PRECIPITATION DATA] SYMBOLS USED IN COLUMN 16
AVERAGE MONTHLY: 75.5 TOTAL FOR MONTH: 0.09 1 = FOG OR MIST
DPTR FM NORMAL: 3.3 DPTR FM NORMAL: -0.14 2 = FOG REDUCING VISIBILITY
HIGHEST: 105 ON 21 GRTST 24HR 0.09 ON 5- 5 TO 1/4 MILE OR LESS
LOWEST: 51 ON 18 3 = THUNDER
SNOW, ICE PELLETS, HAIL 4 = ICE PELLETS
TOTAL MONTH: 0.0 INCH 5 = HAIL
GRTST 24HR 0.0 6 = FREEZING RAIN OR DRIZZLE
GRTST DEPTH: M ON M 7 = DUSTSTORM OR SANDSTORM:
VSBY 1/2 MILE OR LESS
8 = SMOKE OR HAZE
[NO. OF DAYS WITH] [WEATHER - DAYS WITH] 9 = BLOWING SNOW
X = TORNADO
MAX 32 OR BELOW: 0 0.01 INCH OR MORE: 1
MAX 90 OR ABOVE: 19 0.10 INCH OR MORE: 0
MIN 32 OR BELOW: 0 0.50 INCH OR MORE: 0
MIN 0 OR BELOW: 0 1.00 INCH OR MORE: 0
[HDD (BASE 65) ]
TOTAL THIS MO. 1 CLEAR (SCALE 0-3) 28
DPTR FM NORMAL -7 PTCLDY (SCALE 4-7) 1
TOTAL FM JUL 1 2356 CLOUDY (SCALE 8-10) 1
DPTR FM NORMAL -75
[CDD (BASE 65) ]
TOTAL THIS MO. 324
DPTR FM NORMAL 100 [PRESSURE DATA]
TOTAL FM JAN 1 478 HIGHEST SLP 30.07 ON 19
DPTR FM NORMAL 140 LOWEST SLP 29.69 ON 16
[REMARKS]
#FINAL-06-22#