078
CXUS56 KSTO 131747
CF6SAC
PRELIMINARY LOCAL CLIMATOLOGICAL DATA (WS FORM: F-6)
STATION: SACRAMENTO EXEC. AIRPORT CA
MONTH: JANUARY
YEAR: 2021
LATITUDE: 38 31 N
LONGITUDE: 121 30 W
TEMPERATURE IN F: :PCPN: SNOW: WIND :SUNSHINE: SKY :PK WND
================================================================================
1 2 3 4 5 6A 6B 7 8 9 10 11 12 13 14 15 16 17 18
12Z AVG MX 2MIN
DY MAX MIN AVG DEP HDD CDD WTR SNW DPTH SPD SPD DIR MIN PSBL S-S WX SPD DR
================================================================================
1 55 35 45 0 20 0 0.01 0.0 0 4.1 13 130 M M 4 128 18 130
2 51 46 49 4 16 0 0.04 0.0 0 2.1 10 110 M M 9 18 14 120
3 57 47 52 7 13 0 T 0.0 0 1.5 7 230 M M 6 12 8 180
4 59 44 52 7 13 0 0.21 0.0 0 7.8 21 150 M M 5 18 29 140
5 58 35 47 2 18 0 0.00 0.0 0 3.4 12 340 M M 4 12 14 340
6 55 34 45 0 20 0 T 0.0 0 3.1 17 110 M M 5 12 23 120
7 53 37 45 0 20 0 0.00 0.0 0 4.7 13 340 M M 2 128 17 340
8 56 37 47 2 18 0 0.01 M 0 5.3 13 330 M M 5 128 15 310
9 57 33 45 -1 20 0 0.00 0.0 0 3.5 12 100 M M 0 128 15 100
10 54 34 44 -2 21 0 0.00 0.0 0 2.1 6 110 M M 4 12 M M
11 60 35 48 2 17 0 0.00 0.0 0 2.5 8 110 M M 1 128 M M
12 57 40 49 3 16 0 T 0.0 M 2.1 8 90 M M 6 18 10 80
13 66 43 55 9 10 0 0.00 0.0 0 6.3 15 350 M M 1 18 18 350
14 59 41 50 4 15 0 0.00 0.0 0 2.8 12 330 M M 4 128 14 340
15 63 38 51 5 14 0 0.00 0.0 0 2.3 10 330 M M 4 128 15 330
16 70 40 55 9 10 0 0.00 0.0 0 1.8 8 10 M M 0 128 9 60
17 70 40 55 9 10 0 0.00 0.0 0 0.5 6 50 M M 0 18 7 130
18 74 44 59 13 6 0 0.00 0.0 0 17.4 33 350 M M 0 18 43 360
19 68 48 58 12 7 0 0.00 0.0 0 16.5 28 350 M M 0 35 350
20 67 37 52 5 13 0 0.00 0.0 0 3.2 12 330 M M 0 23 20
21 63 32 48 1 17 0 0.00 0.0 0 3.8 15 220 M M 0 21 210
22 54 43 49 2 16 0 0.18 0.0 0 6.4 21 220 M M 8 1 30 230
23 59 37 48 1 17 0 0.00 0.0 0 3.6 13 320 M M 3 1 16 330
24 51 33 42 -5 23 0 0.17 0.0 0 6.4 15 220 M M 6 18 20 170
25 54 34 44 -3 21 0 0.02 0.0 0 5.8 20 330 M M 5 1 25 330
26 50 27 39 -8 26 0 0.21 0.0 0 12.5 37 140 M M 5 60 130
27 51 41 46 -2 19 0 1.12 M 0 17.1 39 150 M M 9 1 58 140
28 50 46 48 0 17 0 0.44 0.0 0 10.2 18 140 M M 10 1 27 140
29 53 41 47 -1 18 0 0.09 0.0 0 2.3 12 150 M M 7 1 16 130
30 59 40 50 2 15 0 0.00 0.0 0 2.6 9 160 M M 5 1 14 140
31 65 47 56 8 9 0 T 0.0 0 2.3 12 140 M M 5 15 140
================================================================================
SM 1818 1209 495 0 2.50 0.0 166.0 M 123
================================================================================
AV 58.7 39.0 5.4 FASTST M M 4 MAX(MPH)
MISC ----> # 39 150 # 60 130
================================================================================
NOTES:
# LAST OF SEVERAL OCCURRENCES
COLUMN 17 PEAK WIND IN M.P.H.
PRELIMINARY LOCAL CLIMATOLOGICAL DATA (WS FORM: F-6) , PAGE 2
STATION: SACRAMENTO EXEC. AIRPORT CA
MONTH: JANUARY
YEAR: 2021
LATITUDE: 38 31 N
LONGITUDE: 121 30 W
[TEMPERATURE DATA] [PRECIPITATION DATA] SYMBOLS USED IN COLUMN 16
AVERAGE MONTHLY: 48.8 TOTAL FOR MONTH: 2.50 1 = FOG OR MIST
DPTR FM NORMAL: 2.5 DPTR FM NORMAL: -1.14 2 = FOG REDUCING VISIBILITY
HIGHEST: 74 ON 18 GRTST 24HR 1.12 ON 27-27 TO 1/4 MILE OR LESS
LOWEST: 27 ON 26 3 = THUNDER
SNOW, ICE PELLETS, HAIL 4 = ICE PELLETS
TOTAL MONTH: 0.0 INCH 5 = HAIL
GRTST 24HR 0.0 6 = FREEZING RAIN OR DRIZZLE
GRTST DEPTH: 0 7 = DUSTSTORM OR SANDSTORM:
VSBY 1/2 MILE OR LESS
8 = SMOKE OR HAZE
[NO. OF DAYS WITH] [WEATHER - DAYS WITH] 9 = BLOWING SNOW
X = TORNADO
MAX 32 OR BELOW: 0 0.01 INCH OR MORE: 11
MAX 90 OR ABOVE: 0 0.10 INCH OR MORE: 6
MIN 32 OR BELOW: 2 0.50 INCH OR MORE: 1
MIN 0 OR BELOW: 0 1.00 INCH OR MORE: 1
[HDD (BASE 65) ]
TOTAL THIS MO. 495 CLEAR (SCALE 0-3) 11
DPTR FM NORMAL -85 PTCLDY (SCALE 4-7) 16
TOTAL FM JUL 1 1401 CLOUDY (SCALE 8-10) 4
DPTR FM NORMAL -213
[CDD (BASE 65) ]
TOTAL THIS MO. 0
DPTR FM NORMAL 0 [PRESSURE DATA]
TOTAL FM JAN 1 0 HIGHEST SLP 30.41 ON 13
DPTR FM NORMAL 0 LOWEST SLP 29.70 ON 28
[REMARKS]
#FINAL-01-21#