000
CXUS56 KSTO 050514
CLMSAC
CLIMATE REPORT
NATIONAL WEATHER SERVICE SACRAMENTO
1014 PM PDT THU MAY 04 2023
...................................
...THE SACRAMENTO EXEC. AIRPORT CA CLIMATE SUMMARY FOR THE MONTH OF APRIL 2023...
CLIMATE NORMAL PERIOD: 1991 TO 2020
CLIMATE RECORD PERIOD: 1941 TO 2023
WEATHER OBSERVED NORMAL DEPART LAST YEAR`S
VALUE DATE(S) VALUE FROM VALUE
NORMAL
..............................................................
TEMPERATURE (F)
RECORD
HIGH 95 04/26/2004
04/30/1996
LOW 31 04/09/1999
HIGHEST 90 04/27 MM MM
LOWEST 37 04/05 MM MM
AVG. MAXIMUM 72.7
AVG. MINIMUM 46.9
MEAN 59.8
DAYS MAX >= 90 1 0.9 0.1
DAYS MAX <= 32 0 0.0 0.0
DAYS MIN <= 32 0 0.0 0.0
DAYS MIN <= 0 0 0.0 0.0
PRECIPITATION (INCHES)
RECORD
MAXIMUM 4.76 1941
MINIMUM 0.00 1949
TOTALS 0.15 1.26 -1.11 0.64
DAYS >= .01 1
DAYS >= .10 1
DAYS >= .50 0
DAYS >= 1.00 0
SNOWFALL (INCHES)
RECORDS
TOTAL MM MM
24 HR TOTAL MM
TOTALS MM MM MM
LIQUID EQUIV MM MM MM
SINCE 7/1 MM MM MM
LIQUID 7/1 MM
DAYS >= TRACE MM MM MM
DAYS >= 1.0 MM MM MM
GREATEST
SNOW DEPTH MM
24 HR TOTAL MM
STORM TOTAL MM
(MM/DD(HH))
DEGREE DAYS
HEATING TOTAL 181 181 0
SINCE 7/1 2620 2368 252
COOLING TOTAL 37 18 19
SINCE 1/1 37 19 18
..............................................................
WIND (MPH)
AVERAGE WIND SPEED 6.8
HIGHEST WIND SPEED/DIRECTION 25/220 DATE 04/30
HIGHEST GUST SPEED/DIRECTION 37/330 DATE 04/03
SKY COVER
POSSIBLE SUNSHINE (PERCENT) MM
AVERAGE SKY COVER 0.09
NUMBER OF DAYS FAIR 28
NUMBER OF DAYS PC 1
NUMBER OF DAYS CLOUDY 1
AVERAGE RH (PERCENT) 59
WEATHER CONDITIONS. NUMBER OF DAYS WITH
THUNDERSTORM 0 MIXED PRECIP 0
HEAVY RAIN 0 RAIN 0
LIGHT RAIN 3 FREEZING RAIN 0
LT FREEZING RAIN 0 HAIL 0
HEAVY SNOW 0 SNOW 0
LIGHT SNOW 0 SLEET 0
FOG 1 FOG W/VIS <= 1/4 MILE 0
HAZE 0
- INDICATES NEGATIVE NUMBERS.
R INDICATES RECORD WAS SET OR TIED.
MM INDICATES DATA IS MISSING.
T INDICATES TRACE AMOUNT.
$$