000
CXUS55 KTWC 010855
CF6SAD
PRELIMINARY LOCAL CLIMATOLOGICAL DATA (WS FORM: F-6)
STATION: SAFFORD AZ AIRPORT
MONTH: APRIL
YEAR: 2020
LATITUDE: 32 50 N
LONGITUDE: 109 38 W
TEMPERATURE IN F: :PCPN: SNOW: WIND :SUNSHINE: SKY :PK WND
================================================================================
1 2 3 4 5 6A 6B 7 8 9 10 11 12 13 14 15 16 17 18
12Z AVG MX 2MIN
DY MAX MIN AVG DEP HDD CDD WTR SNW DPTH SPD SPD DIR MIN PSBL S-S WX SPD DR
================================================================================
1 83 49 66 6 0 1 0.00 M M 7.0 22 310 M M 0 32 280
2 84 45 65 5 0 0 0.00 M M 8.9 31 300 M M 0 39 310
3 81 43 62 2 3 0 0.00 M M 7.0 18 300 M M 0 23 310
4 80 43 62 1 3 0 0.00 M M 7.5 18 270 M M 0 23 260
5 82 50 66 5 0 1 0.00 M M 7.2 20 140 M M 0 25 130
6 81 44 63 2 2 0 0.00 M M 5.9 15 280 M M 0 21 310
7 81 42 62 0 3 0 0.00 M M 4.1 12 160 M M 2 15 180
8 83 50 67 5 0 2 0.00 M M 12.2 24 160 M M 3 30 320
9 76 51 64 2 1 0 0.00 M M 9.6 18 310 M M 0 24 300
10 79 40 60 -2 5 0 0.00 M M 7.8 21 320 M M 0 30 310
11 70 37 54 -9 11 0 T M M 9.8 28 300 M M 2 35 300
12 71 45 58 -5 7 0 0.00 M M 14.9 24 310 M M 3 33 290
13 76 45 61 -2 4 0 T 0.0 0 12.4 33 290 M M M 42 300
14 74 42 58 -6 7 0 T 0.0 0 8.2 23 350 M M M 31 300
15 78 36 57 -7 8 0 0.00 M M 5.7 16 320 M M 0 21 300
16 83 39 61 -3 4 0 0.00 0.0 0 6.2 17 300 M M M 23 320
17 83 46 65 1 0 0 0.00 0.0 0 6.0 18 160 M M M 23 160
18 80 43 62 -3 3 0 0.00 M M 9.5 25 300 M M 0 34 300
19 81 43 62 -3 3 0 0.00 0.0 0 8.5 22 300 M M M 32 290
20 85 47 66 1 0 1 0.00 M M 7.2 22 310 M M 0 29 320
21 85 48 67 1 0 2 0.00 M M 10.2 35 300 M M 0 44 300
22 85 49 67 1 0 2 0.00 M M 11.1 28 280 M M 0 41 300
23 90 50 70 4 0 5 0.00 M M 10.4 25 280 M M 0 34 280
24 93 51 72 5 0 7 0.00 M M 10.6 24 310 M M 0 31 340
25 94 52 73 6 0 8 0.00 M M 5.8 14 290 M M 0 19 300
26 97 51 74 7 0 9 0.00 M M 5.3 18 290 M M 0 23 300
27 96 56 76 8 0 11 0.00 M M 7.4 23 300 M M 0 30 290
28 97 57 77 9 0 12 0.00 M M 9.6 21 290 M M 0 26 270
29 99 58 79 11 0 14 0.00 M M 6.0 17 170 M M 0 21 150
30 99 70 85 16 0 20 0.00 M M 9.4 20 310 M M 0 24 310
================================================================================
SM 2526 1422 64 95 T 0.0 251.4 M 10
================================================================================
AV 84.2 47.4 8.4 FASTST M M 0 MAX(MPH)
MISC ----> 35 300 44 300
================================================================================
NOTES:
# LAST OF SEVERAL OCCURRENCES
COLUMN 17 PEAK WIND IN M.P.H.
PRELIMINARY LOCAL CLIMATOLOGICAL DATA (WS FORM: F-6) , PAGE 2
STATION: SAFFORD AZ AIRPORT
MONTH: APRIL
YEAR: 2020
LATITUDE: 32 50 N
LONGITUDE: 109 38 W
[TEMPERATURE DATA] [PRECIPITATION DATA] SYMBOLS USED IN COLUMN 16
AVERAGE MONTHLY: 65.8 TOTAL FOR MONTH: T 1 = FOG OR MIST
DPTR FM NORMAL: 1.6 DPTR FM NORMAL: -0.36 2 = FOG REDUCING VISIBILITY
HIGHEST: 99 ON 30,29 GRTST 24HR T ON 11-11 TO 1/4 MILE OR LESS
LOWEST: 36 ON 15 3 = THUNDER
SNOW, ICE PELLETS, HAIL 4 = ICE PELLETS
TOTAL MONTH: 0.0 INCH 5 = HAIL
GRTST 24HR 0.0 6 = FREEZING RAIN OR DRIZZLE
GRTST DEPTH: 0 7 = DUSTSTORM OR SANDSTORM:
VSBY 1/2 MILE OR LESS
8 = SMOKE OR HAZE
[NO. OF DAYS WITH] [WEATHER - DAYS WITH] 9 = BLOWING SNOW
X = TORNADO
MAX 32 OR BELOW: 0 0.01 INCH OR MORE: 0
MAX 90 OR ABOVE: 8 0.10 INCH OR MORE: 0
MIN 32 OR BELOW: 0 0.50 INCH OR MORE: 0
MIN 0 OR BELOW: 0 1.00 INCH OR MORE: 0
[HDD (BASE 65) ]
TOTAL THIS MO. 64 CLEAR (SCALE 0-3) 25
DPTR FM NORMAL -30 PTCLDY (SCALE 4-7) 0
TOTAL FM JUL 1 2140 CLOUDY (SCALE 8-10) 5
DPTR FM NORMAL -117
[CDD (BASE 65) ]
TOTAL THIS MO. 95
DPTR FM NORMAL 26 [PRESSURE DATA]
TOTAL FM JAN 1 95 HIGHEST SLP M ON M
DPTR FM NORMAL 19 LOWEST SLP 29.64 ON 1
[REMARKS]
#FINAL-04-20#