000
CXUS56 KSGX 170941
CF6SAN
PRELIMINARY LOCAL CLIMATOLOGICAL DATA (WS FORM: F-6)
STATION: SAN DIEGO INTL AIRPORT CA
MONTH: MARCH
YEAR: 2023
LATITUDE: 32 43 N
LONGITUDE: 117 10 W
TEMPERATURE IN F: :PCPN: SNOW: WIND :SUNSHINE: SKY :PK WND
================================================================================
1 2 3 4 5 6A 6B 7 8 9 10 11 12 13 14 15 16 17 18
12Z AVG MX 2MIN
DY MAX MIN AVG DEP HDD CDD WTR SNW DPTH SPD SPD DIR MIN PSBL S-S WX SPD DR
================================================================================
1 58 49 54 -6 11 0 0.20 M M 16.5 32 280 M M 8 1 49 260
2 60 40 50 -10 15 0 0.00 M M 4.3 14 330 M M 1 23 190
3 60 43 52 -8 13 0 T M M 3.1 12 280 M M 2 19 210
4 60 43 52 -8 13 0 0.00 M M 3.8 14 260 M M 6 22 220
5 61 50 56 -4 9 0 0.00 M M 4.4 17 280 M M 8 21 270
6 62 48 55 -5 10 0 0.00 M M 5.4 14 280 M M 7 19 280
7 61 48 55 -5 10 0 0.00 M M 5.3 16 280 M M 5 22 280
8 61 45 53 -7 12 0 0.00 M M 4.1 14 280 M M 6 18 270
9 63 48 56 -4 9 0 0.00 0.0 M 4.8 14 290 M M 5 19 300
10 63 51 57 -3 8 0 0.73 0.0 M 3.8 10 150 M M 9 1 17 200
11 64 58 61 1 4 0 0.15 0.0 M 5.9 13 170 M M 10 18 19 190
12 65 57 61 1 4 0 0.00 M M 5.5 13 290 M M 8 18 17 280
13 64 55 60 0 5 0 0.00 M M 4.8 12 280 M M 8 1 17 260
14 66 54 60 -1 5 0 0.25 M M 4.2 13 150 M M 8 18 19 190
15 61 54 58 -3 7 0 0.86 M M 9.9 21 180 M M 10 1 28 190
16 62 51 57 -4 8 0 0.00 M M 4.6 12 190 M M 6 23 200
17 63 51 57 -4 8 0 0.00 M M 4.9 14 290 M M 6 8 17 290
18 76 50 63 2 2 0 0.00 M M 3.1 14 280 M M 6 128 19 320
19 64 58 61 0 4 0 0.13 M M 6.1 13 160 M M 9 1 22 200
20 63 56 60 -1 5 0 0.04 M M 7.9 15 280 M M 9 18 22 200
21 64 54 59 -2 6 0 1.06 M M 14.1 28 160 M M 9 1 41 170
22 63 53 58 -3 7 0 0.03 M M 9.3 17 240 M M 7 31 200
23 62 53 58 -3 7 0 0.08 M M 8.0 18 290 M M 7 1 23 290
24 63 50 57 -4 8 0 T M M 5.4 15 270 M M 4 20 210
25 63 48 56 -5 9 0 0.00 M M 5.5 16 280 M M 3 26 210
26 63 48 56 -6 9 0 0.00 M M 5.1 17 290 M M 2 23 310
27 70 47 59 -3 6 0 0.00 M M 4.7 14 350 M M 2 18 300
28 69 50 60 -2 5 0 0.00 M M 4.7 13 280 M M 4 21 200
29 59 51 55 -7 10 0 0.21 M M 6.0 17 170 M M 7 18 28 180
30 62 51 57 -5 8 0 0.23 M M 6.7 21 270 M M 7 3 27 270
31 63 47 55 -7 10 0 0.00 M M 5.1 15 320 M M 5 8 21 320
================================================================================
SM 1958 1561 247 0 3.97 0.0 187.0 M 194
================================================================================
AV 63.2 50.4 6.0 FASTST M M 6 MAX(MPH)
MISC ----> 32 280 49 260
================================================================================
NOTES:
# LAST OF SEVERAL OCCURRENCES
COLUMN 17 PEAK WIND IN M.P.H.
PRELIMINARY LOCAL CLIMATOLOGICAL DATA (WS FORM: F-6) , PAGE 2
STATION: SAN DIEGO INTL AIRPORT CA
MONTH: MARCH
YEAR: 2023
LATITUDE: 32 43 N
LONGITUDE: 117 10 W
[TEMPERATURE DATA] [PRECIPITATION DATA] SYMBOLS USED IN COLUMN 16
AVERAGE MONTHLY: 56.8 TOTAL FOR MONTH: 3.97 1 = FOG OR MIST
DPTR FM NORMAL: -3.9 DPTR FM NORMAL: 2.51 2 = FOG REDUCING VISIBILITY
HIGHEST: 76 ON 18 GRTST 24HR 1.06 ON 21-21 TO 1/4 MILE OR LESS
LOWEST: 40 ON 2 3 = THUNDER
SNOW, ICE PELLETS, HAIL 4 = ICE PELLETS
TOTAL MONTH: 0.0 INCH 5 = HAIL
GRTST 24HR 0.0 6 = FREEZING RAIN OR DRIZZLE
GRTST DEPTH: M ON M 7 = DUSTSTORM OR SANDSTORM:
VSBY 1/2 MILE OR LESS
8 = SMOKE OR HAZE
[NO. OF DAYS WITH] [WEATHER - DAYS WITH] 9 = BLOWING SNOW
X = TORNADO
MAX 32 OR BELOW: 0 0.01 INCH OR MORE: 12
MAX 90 OR ABOVE: 0 0.10 INCH OR MORE: 9
MIN 32 OR BELOW: 0 0.50 INCH OR MORE: 3
MIN 0 OR BELOW: 0 1.00 INCH OR MORE: 1
[HDD (BASE 65) ]
TOTAL THIS MO. 247 CLEAR (SCALE 0-3) 5
DPTR FM NORMAL 105 PTCLDY (SCALE 4-7) 18
TOTAL FM JUL 1 1235 CLOUDY (SCALE 8-10) 8
DPTR FM NORMAL 385
[CDD (BASE 65) ]
TOTAL THIS MO. 0
DPTR FM NORMAL -10 [PRESSURE DATA]
TOTAL FM JAN 1 0 HIGHEST SLP 30.30 ON 24
DPTR FM NORMAL -18 LOWEST SLP 29.76 ON 21
[REMARKS]
#FINAL-03-23#