000
CXUS54 KEWX 151435
CF6SAT
PRELIMINARY LOCAL CLIMATOLOGICAL DATA (WS FORM: F-6)
STATION: SAN ANTONIO
MONTH: NOVEMBER
YEAR: 2022
LATITUDE: 29 31 N
LONGITUDE: 98 28 W
TEMPERATURE IN F: :PCPN: SNOW: WIND :SUNSHINE: SKY :PK WND
================================================================================
1 2 3 4 5 6A 6B 7 8 9 10 11 12 13 14 15 16 17 18
12Z AVG MX 2MIN
DY MAX MIN AVG DEP HDD CDD WTR SNW DPTH SPD SPD DIR MIN PSBL S-S WX SPD DR
================================================================================
1 73 60 67 1 0 2 T 0.0 0 6.2 15 120 M M 7 3 20 130
2 76 58 67 2 0 2 0.00 0.0 0 6.3 14 140 M M 9 12 16 140
3 84 69 77 12 0 12 T 0.0 0 12.5 24 130 M M 9 1 34 140
4 88 68 78 13 0 13 0.01 0.0 0 12.5 25 320 M M 8 39 330
5 78 53 66 2 0 1 0.00 0.0 0 5.8 15 160 M M 3 20 160
6 85 53 69 5 0 4 0.00 0.0 0 5.1 16 140 M M 5 26 150
7 87 73 80 16 0 15 0.05 0.0 0 9.7 18 180 M M 8 24 180
8 82 66 74 11 0 9 0.00 0.0 0 8.1 15 120 M M 8 20 140
9 83 70 77 14 0 12 0.01 0.0 0 10.9 18 120 M M 8 25 140
10 83 69 76 14 0 11 0.00 0.0 0 9.4 17 150 M M 7 23 190
11 82 46 64 2 1 0 0.02 0.0 0 13.6 28 330 M M 9 39 340
12 61 41 51 -11 14 0 0.00 0.0 0 11.2 22 10 M M 4 32 350
13 60 38 49 -12 16 0 0.00 0.0 0 6.9 15 130 M M 3 20 90
14 66 48 57 -4 8 0 0.17 0.0 0 6.6 18 360 M M 8 1 25 10
15 56 38 47 -14 18 0 0.00 0.0 0 8.5 23 340 M M 5 30 350
16 59 42 51 -9 14 0 0.00 0.0 0 7.9 17 50 M M 7 24 60
17 58 45 52 -8 13 0 0.00 0.0 0 5.1 13 160 M M 10 17 170
18 55 49 52 -8 13 0 T 0.0 0 7.0 15 90 M M 10 19 90
19 50 40 45 -15 20 0 0.51 0.0 0 11.5 20 350 M M 10 1 30 20
20 48 41 45 -14 20 0 0.01 0.0 0 7.0 14 360 M M 10 19 10
21 47 41 44 -15 21 0 0.32 0.0 0 4.8 10 360 M M 10 1 14 340
22 54 47 51 -8 14 0 0.13 0.0 0 3.1 9 110 M M 10 1 11 110
23 61 50 56 -2 9 0 0.03 0.0 0 2.8 8 130 M M 10 12 11 30
24 75 60 68 10 0 3 T 0.0 0 5.8 18 60 M M 10 12 28 70
25 62 52 57 -1 8 0 0.28 0.0 0 10.3 18 300 M M 10 13 25 300
26 62 48 55 -3 10 0 0.24 0.0 0 12.8 28 280 M M 4 13 42 270
27 77 40 59 2 6 0 0.00 0.0 0 3.9 13 250 M M 0 19 200
28 76 43 60 3 5 0 T 0.0 0 6.2 20 170 M M 2 1 27 170
29 81 58 70 13 0 5 0.01 0.0 0 6.9 14 220 M M 6 1 19 220
30 62 43 53 -3 12 0 0.00 0.0 0 12.3 26 10 M M 1 38 20
================================================================================
SM 2071 1549 222 89 1.79 0.0 240.7 M 211
================================================================================
AV 69.0 51.6 8.0 FASTST M M 7 MAX(MPH)
MISC ----> # 28 330 42 270
================================================================================
NOTES:
# LAST OF SEVERAL OCCURRENCES
COLUMN 17 PEAK WIND IN M.P.H.
PRELIMINARY LOCAL CLIMATOLOGICAL DATA (WS FORM: F-6) , PAGE 2
STATION: SAN ANTONIO
MONTH: NOVEMBER
YEAR: 2022
LATITUDE: 29 31 N
LONGITUDE: 98 28 W
[TEMPERATURE DATA] [PRECIPITATION DATA] SYMBOLS USED IN COLUMN 16
AVERAGE MONTHLY: 60.3 TOTAL FOR MONTH: 1.79 1 = FOG OR MIST
DPTR FM NORMAL: -0.4 DPTR FM NORMAL: -0.29 2 = FOG REDUCING VISIBILITY
HIGHEST: 88 ON 4 GRTST 24HR 0.52 ON 25-26 TO 1/4 MILE OR LESS
LOWEST: 38 ON 15,13 3 = THUNDER
SNOW, ICE PELLETS, HAIL 4 = ICE PELLETS
TOTAL MONTH: 0.0 INCH 5 = HAIL
GRTST 24HR 0.0 6 = FREEZING RAIN OR DRIZZLE
GRTST DEPTH: 0 7 = DUSTSTORM OR SANDSTORM:
VSBY 1/2 MILE OR LESS
8 = SMOKE OR HAZE
[NO. OF DAYS WITH] [WEATHER - DAYS WITH] 9 = BLOWING SNOW
X = TORNADO
MAX 32 OR BELOW: 0 0.01 INCH OR MORE: 13
MAX 90 OR ABOVE: 0 0.10 INCH OR MORE: 6
MIN 32 OR BELOW: 0 0.50 INCH OR MORE: 1
MIN 0 OR BELOW: 0 1.00 INCH OR MORE: 0
[HDD (BASE 65) ]
TOTAL THIS MO. 222 CLEAR (SCALE 0-3) 3
DPTR FM NORMAL 36 PTCLDY (SCALE 4-7) 15
TOTAL FM JUL 1 234 CLOUDY (SCALE 8-10) 12
DPTR FM NORMAL 14
[CDD (BASE 65) ]
TOTAL THIS MO. 89
DPTR FM NORMAL 31 [PRESSURE DATA]
TOTAL FM JAN 1 3949 HIGHEST SLP 30.47 ON 20
DPTR FM NORMAL 817 LOWEST SLP 29.68 ON 4
[REMARKS]
#FINAL-11-22#