000
CXUS52 KCHS 031415
CF6SAV
PRELIMINARY LOCAL CLIMATOLOGICAL DATA (WS FORM: F-6)
STATION: SAVANNAH GA
MONTH: MARCH
YEAR: 2023
LATITUDE: 32 7 N
LONGITUDE: 81 12 W
TEMPERATURE IN F: :PCPN: SNOW: WIND :SUNSHINE: SKY :PK WND
================================================================================
1 2 3 4 5 6A 6B 7 8 9 10 11 12 13 14 15 16 17 18
12Z AVG MX 2MIN
DY MAX MIN AVG DEP HDD CDD WTR SNW DPTH SPD SPD DIR MIN PSBL S-S WX SPD DR
================================================================================
1 83 66 75 18 0 10 0.00 0.0 0 7.3 14 270 M M 5 1 19 290
2 84 66 75 18 0 10 T 0.0 0 11.1 21 260 M M 6 27 260
3 85 60 73 16 0 8 T 0.0 0 12.5 25 210 M M 7 1 33 200
4 81 57 69 11 0 4 0.11 0.0 0 9.1 25 320 M M 6 1 35 320
5 76 53 65 7 0 0 0.00 0.0 0 8.1 17 120 M M 1 20 140
6 80 56 68 10 0 3 0.00 0.0 0 7.1 14 150 M M 4 18 120
7 86 59 73 15 0 8 0.00 0.0 0 9.5 23 310 M M 2 1 31 310
8 71 46 59 1 6 0 0.00 0.0 0 7.0 17 30 M M 2 24 30
9 71 45 58 -1 7 0 T 0.0 0 5.8 15 90 M M 7 20 130
10 65 58 62 3 3 0 0.59 0.0 0 7.3 15 260 M M 9 1 19 250
11 69 48 59 0 6 0 0.00 0.0 0 6.9 14 310 M M 2 17 300
12 76 50 63 4 2 0 0.97 0.0 0 7.9 22 180 M M 7 13 30 180
13 65 49 57 -2 8 0 T 0.0 0 9.0 16 290 M M 7 1 21 300
14 59 40 50 -10 15 0 0.00 0.0 0 9.8 21 290 M M 1 27 290
15 62 34 48 -12 17 0 0.00 0.0 0 5.1 15 350 M M 2 19 340
16 68 35 52 -8 13 0 0.00 0.0 0 5.4 16 170 M M 1 1 23 140
17 77 50 64 4 1 0 0.04 0.0 0 12.4 23 210 M M 5 8 29 210
18 64 47 56 -4 9 0 0.94 0.0 0 10.4 21 320 M M 9 18 30 320
19 61 43 52 -9 13 0 0.00 0.0 0 9.2 18 270 M M 5 24 260
20 61 36 49 -12 16 0 0.00 0.0 0 7.8 15 320 M M 2 8 19 330
21 66 35 51 -10 14 0 0.00 0.0 0 7.7 16 110 M M 4 21 70
22 77 51 64 3 1 0 T 0.0 0 6.4 15 130 M M 7 18 19 140
23 84 58 71 10 0 6 0.00 0.0 0 8.7 18 170 M M 4 12 25 150
24 87 62 75 13 0 10 0.00 0.0 0 10.2 17 160 M M 1 21 170
25 84 64 74 12 0 9 0.00 0.0 0 9.9 22 240 M M 4 3 31 220
26 85 68 77 15 0 12 0.00 0.0 0 8.8 15 170 M M 8 19 260
27 83 63 73 11 0 8 0.21 0.0 0 6.9 23 330 M M 6 13 27 330
28 73 62 68 6 0 3 0.10 0.0 0 4.1 23 240 M M 7 13 27 240
29 69 49 59 -4 6 0 0.00 0.0 0 7.8 18 40 M M 5 24 30
30 73 45 59 -4 6 0 0.00 0.0 0 5.5 20 100 M M 1 1 24 140
31 82 50 66 3 0 1 0.00 0.0 0 10.4 26 160 M M 6 33 160
================================================================================
SM 2307 1605 143 92 2.96 0.0 255.1 M 143
================================================================================
AV 74.4 51.8 8.2 FASTST M M 5 MAX(MPH)
MISC ----> 26 160 35 320
================================================================================
NOTES:
# LAST OF SEVERAL OCCURRENCES
COLUMN 17 PEAK WIND IN M.P.H.
PRELIMINARY LOCAL CLIMATOLOGICAL DATA (WS FORM: F-6) , PAGE 2
STATION: SAVANNAH GA
MONTH: MARCH
YEAR: 2023
LATITUDE: 32 7 N
LONGITUDE: 81 12 W
[TEMPERATURE DATA] [PRECIPITATION DATA] SYMBOLS USED IN COLUMN 16
AVERAGE MONTHLY: 63.1 TOTAL FOR MONTH: 2.96 1 = FOG OR MIST
DPTR FM NORMAL: 3.1 DPTR FM NORMAL: -0.54 2 = FOG REDUCING VISIBILITY
HIGHEST: 87 ON 24 GRTST 24HR 0.98 ON 17-18 TO 1/4 MILE OR LESS
LOWEST: 34 ON 15 3 = THUNDER
SNOW, ICE PELLETS, HAIL 4 = ICE PELLETS
TOTAL MONTH: 0.0 INCH 5 = HAIL
GRTST 24HR 0.0 6 = FREEZING RAIN OR DRIZZLE
GRTST DEPTH: 0 7 = DUSTSTORM OR SANDSTORM:
VSBY 1/2 MILE OR LESS
8 = SMOKE OR HAZE
[NO. OF DAYS WITH] [WEATHER - DAYS WITH] 9 = BLOWING SNOW
X = TORNADO
MAX 32 OR BELOW: 0 0.01 INCH OR MORE: 7
MAX 90 OR ABOVE: 0 0.10 INCH OR MORE: 6
MIN 32 OR BELOW: 0 0.50 INCH OR MORE: 3
MIN 0 OR BELOW: 0 1.00 INCH OR MORE: 0
[HDD (BASE 65) ]
TOTAL THIS MO. 143 CLEAR (SCALE 0-3) 10
DPTR FM NORMAL -53 PTCLDY (SCALE 4-7) 19
TOTAL FM JUL 1 1165 CLOUDY (SCALE 8-10) 2
DPTR FM NORMAL -441
[CDD (BASE 65) ]
TOTAL THIS MO. 92
DPTR FM NORMAL 51 [PRESSURE DATA]
TOTAL FM JAN 1 183 HIGHEST SLP 30.41 ON 21
DPTR FM NORMAL 123 LOWEST SLP 29.63 ON 3
[REMARKS]
#FINAL-03-23#