000
CXUS53 KMKX 010910
CF6SBM
PRELIMINARY LOCAL CLIMATOLOGICAL DATA (WS FORM: F-6)
STATION: SHEBOYGAN WI
MONTH: DECEMBER
YEAR: 2022
LATITUDE: 43 46 N
LONGITUDE: 87 51 W
TEMPERATURE IN F: :PCPN: SNOW: WIND :SUNSHINE: SKY :PK WND
================================================================================
1 2 3 4 5 6A 6B 7 8 9 10 11 12 13 14 15 16 17 18
12Z AVG MX 2MIN
DY MAX MIN AVG DEP HDD CDD WTR SNW DPTH SPD SPD DIR MIN PSBL S-S WX SPD DR
================================================================================
1 35 16 26 -4 39 0 0.00 M M 12.0 23 190 M M 2 30 190
2 47 28 38 8 27 0 0.00 M M 10.6 21 250 M M 6 28 260
3 47 15 31 1 34 0 0.01 M M 16.3 31 290 M M 3 1 49 300
4 37 16 27 -2 38 0 0.00 M M 11.9 17 220 M M 0 25 270
5 36 29 33 4 32 0 0.03 M M 6.1 15 210 M M 7 16 23 210
6 38 30 34 6 31 0 0.02 M M 5.8 14 30 M M 9 18 19 40
7 34 28 31 3 34 0 0.00 M M 5.1 16 40 M M 10 128 23 50
8 35 27 31 3 34 0 0.00 M M 6.2 14 80 M M 10 19 80
9 36 32 34 6 31 0 T M M 10.6 18 70 M M 10 1 28 110
10 37 34 36 9 29 0 0.04 M M 4.0 13 100 M M 10 18 19 110
11 37 33 35 8 30 0 0.00 M M 6.3 10 330 M M 10 1 14 320
12 37 33 35 9 30 0 T M M 5.6 14 100 M M 10 1 21 100
13 37 35 36 10 29 0 0.00 M M 11.7 22 120 M M 10 32 120
14 39 34 37 11 28 0 0.64 M M 14.2 24 130 M M 10 18 40 120
15 38 31 35 9 30 0 0.68 M M 10.6 18 200 M M 10 1 25 210
16 32 24 28 3 37 0 T M M 14.3 25 220 M M 10 18 33 220
17 27 24 26 1 39 0 T M M 13.2 22 250 M M 10 18 27 270
18 24 12 18 -7 47 0 T M M 15.5 24 270 M M 9 34 270
19 26 12 19 -5 46 0 T M M 4.5 13 320 M M 6 18 18 320
20 27 5 16 -8 49 0 T M M 12.0 21 270 M M 5 18 27 270
21 34 0 17 -7 48 0 T M M 6.3 16 100 M M 5 168 22 100
22 35 -4 16 -8 49 0 T M M 14.9 26 300 M M 10 18 39 300
23 3 -9 -3 -26 68 0 0.01 M M 24.7 37 280 M M 10 8 52 270
24 9 3 6 -17 59 0 T M M 24.1 37 280 M M 2 89 53 280
25 9 2 6 -17 59 0 0.00 M M 12.7 24 280 M M 0 32 300
26 19 6 13 -9 52 0 0.00 M M 7.3 15 300 M M 5 19 300
27 25 6 16 -6 49 0 0.00 M M 11.4 23 190 M M 2 31 180
28 41 24 33 11 32 0 0.00 M M 11.5 20 180 M M 0 27 170
29 55 38 47 25 18 0 0.00 M M 9.5 16 200 M M 6 1 22 200
30 55 25 40 18 25 0 0.00 M M 11.1 28 240 M M 9 18 40 230
31 34 24 29 8 36 0 0.05 M M 4.8 13 180 M M 9 1 17 190
================================================================================
SM 1025 613 1189 0 1.48 M 334.8 M 215
================================================================================
AV 33.1 19.8 10.8 FASTST M M 7 MAX(MPH)
MISC ----> # 37 280 53 280
================================================================================
NOTES:
# LAST OF SEVERAL OCCURRENCES
COLUMN 17 PEAK WIND IN M.P.H.
PRELIMINARY LOCAL CLIMATOLOGICAL DATA (WS FORM: F-6) , PAGE 2
STATION: SHEBOYGAN WI
MONTH: DECEMBER
YEAR: 2022
LATITUDE: 43 46 N
LONGITUDE: 87 51 W
[TEMPERATURE DATA] [PRECIPITATION DATA] SYMBOLS USED IN COLUMN 16
AVERAGE MONTHLY: 26.4 TOTAL FOR MONTH: 1.48 1 = FOG OR MIST
DPTR FM NORMAL: 0.9 DPTR FM NORMAL: 0.10 2 = FOG REDUCING VISIBILITY
HIGHEST: 55 ON 30,29 GRTST 24HR 1.32 ON 14-15 TO 1/4 MILE OR LESS
LOWEST: -9 ON 23 3 = THUNDER
SNOW, ICE PELLETS, HAIL 4 = ICE PELLETS
TOTAL MONTH: M 5 = HAIL
GRTST 24HR M ON M 6 = FREEZING RAIN OR DRIZZLE
GRTST DEPTH: M ON M 7 = DUSTSTORM OR SANDSTORM:
VSBY 1/2 MILE OR LESS
8 = SMOKE OR HAZE
[NO. OF DAYS WITH] [WEATHER - DAYS WITH] 9 = BLOWING SNOW
X = TORNADO
MAX 32 OR BELOW: 10 0.01 INCH OR MORE: 8
MAX 90 OR ABOVE: 0 0.10 INCH OR MORE: 2
MIN 32 OR BELOW: 25 0.50 INCH OR MORE: 2
MIN 0 OR BELOW: 3 1.00 INCH OR MORE: 0
[HDD (BASE 65) ]
TOTAL THIS MO. 1189 CLEAR (SCALE 0-3) 6
DPTR FM NORMAL -37 PTCLDY (SCALE 4-7) 8
TOTAL FM JUL 1 2600 CLOUDY (SCALE 8-10) 17
DPTR FM NORMAL -237
[CDD (BASE 65) ]
TOTAL THIS MO. 0
DPTR FM NORMAL 0 [PRESSURE DATA]
TOTAL FM JAN 1 563 HIGHEST SLP 30.54 ON 21
DPTR FM NORMAL 157 LOWEST SLP 29.37 ON 15
[REMARKS]
#FINAL-12-22#